{"id":57889,"date":"2026-03-05T02:30:43","date_gmt":"2026-03-05T00:30:43","guid":{"rendered":"https:\/\/www.llachserra.com\/property\/vivienda-de-obra-nueva-con-balcon-parking-y-piscina-comunitaria\/"},"modified":"2026-04-02T01:06:55","modified_gmt":"2026-04-01T23:06:55","slug":"vivienda-de-obra-nueva-con-balcon-parking-y-piscina-comunitaria","status":"publish","type":"property","link":"https:\/\/www.llachserra.com\/es\/property\/vivienda-de-obra-nueva-con-balcon-parking-y-piscina-comunitaria\/","title":{"rendered":"Vivienda de obra nueva con balc\u00f3n, parking y piscina comunitaria"},"excerpt":{"rendered":"<p>Disponible en alquiler de vivienda habitual, esta vivienda de obra nueva se sit\u00faa en el barrio de La Girada, en Vilafranca del Pened\u00e8s, una zona residencial tranquila y bien conectada, con comercios, servicios y espacios verdes en su entorno.<\/p>\n<p>El piso cuenta con aproximadamente 90 m\u00b2 y ofrece una distribuci\u00f3n c\u00f3moda y funcional. La zona de d\u00eda est\u00e1 formada por un sal\u00f3n-comedor amplio y luminoso, presidido por un gran ventanal que permite la entrada de abundante luz natural y da acceso directo al balc\u00f3n de la vivienda, un espacio exterior de buenas dimensiones.<\/p>\n<p>Desde el sal\u00f3n tambi\u00e9n se accede a la cocina independiente, amueblada y con salida al mismo balc\u00f3n. La cocina dispone de horno y placa de cocci\u00f3n, quedando el resto de electrodom\u00e9sticos a elecci\u00f3n del arrendatario.<\/p>\n<p>La zona de noche se compone de tres habitaciones. Dos de ellas son individuales, ambas con ventana y con acceso cercano a un ba\u00f1o completo con plato de ducha que les da servicio. La vivienda dispone adem\u00e1s de una habitaci\u00f3n doble tipo suite, muy luminosa gracias a sus dos ventanas, que cuenta con ba\u00f1o completo con plato de ducha integrado.<\/p>\n<p>El alquiler incluye una plaza de aparcamiento en la misma finca, de acceso muy c\u00f3modo al encontrarse junto a la puerta de entrada y salida del parking.<\/p>\n<p>La finca dispone tambi\u00e9n de zona comunitaria con piscina, aportando un valor a\u00f1adido para disfrutar del exterior durante los meses m\u00e1s c\u00e1lidos.<\/p>\n<p>Una vivienda moderna, luminosa y funcional, situada en un entorno residencial consolidado de Vilafranca del Pened\u00e8s.<\/p>\n<p>No se aceptan mascotas de ning\u00fan tipo. <\/p>\n<p>Contacta con nosotros para m\u00e1s informaci\u00f3n o para concertar una visita.<\/p>\n<p>\u00b7 El \u00edndice estatal de referencia de alquiler no ofrece rango de precios por ser un inmueble con fecha posterior al 2020.~\u00b7 Este inmueble se encuentra en una zona de mercado de alquiler tensionado.~\u00b7 Este inmueble ha estado arrendado como vivienda habitual en los \u00faltimos cinco a\u00f1os, siendo la \u00faltima renta de 1.100,00 \u20ac mensuales.~\u00b7 La propiedad no tiene la consideraci\u00f3n de gran tenedor<\/p>\n<p>AGENTE INMOBILIARIO: 6689 (AICAT).~Los gastos y honorarios de gesti\u00f3n van a cargo del arrendador.~<\/p>\n","protected":false},"template":"","availability":"Lloguer","property_type":"Flat, Pis, Piso","location":"Espanya","parking":"","outside_space":"","price_qualifier":"","furnished":"","marketing_flag":"","property_feature":[],"class_list":["post-57889","type-property","status-publish","availability-let","property_type-flat-en","property_type-flat","property_type-flat-es","location-espanya","ph-cols-3","property","department-residential-lettings","office-2757"],"acf":[],"department":"residential-lettings","reference_number":"V-320","address_street":"","address_two":"","address_three":"La Girada","address_four":"Vilafranca del Penedes","address_postcode":"08720","address_country":"ES","latitude":"41.336559726002","longitude":"1.6983484386847","price_actual":"1013.5632323087","price":"1160","price_formatted":"1.160&euro; pcm","rent_frequency":"pcm","currency":"EUR","council_tax_band":"","deposit":"","available_date":"","bedrooms":"2","bathrooms":"2","reception_rooms":"","on_market":"","featured":"","features":[],"description":"","office":{"name":"My Office","address":"","telephone_number":"","email_address":""},"negotiator":{"name":"","telephone_number":"","email_address":""},"images":[],"floorplans":[],"brochures":[],"epcs":[],"virtual_tours":[],"views_total":11302,"views_last_7_days":1466,"views_last_14_days":2566,"views_last_30_days":5782,"_links":{"self":[{"href":"https:\/\/www.llachserra.com\/es\/wp-json\/wp\/v2\/property\/57889","targetHints":{"allow":["GET"]}}],"collection":[{"href":"https:\/\/www.llachserra.com\/es\/wp-json\/wp\/v2\/property"}],"about":[{"href":"https:\/\/www.llachserra.com\/es\/wp-json\/wp\/v2\/types\/property"}],"wp:attachment":[{"href":"https:\/\/www.llachserra.com\/es\/wp-json\/wp\/v2\/media?parent=57889"}],"wp:term":[{"taxonomy":"availability","embeddable":true,"href":"https:\/\/www.llachserra.com\/es\/wp-json\/wp\/v2\/availability?post=57889"},{"taxonomy":"property_type","embeddable":true,"href":"https:\/\/www.llachserra.com\/es\/wp-json\/wp\/v2\/property_type?post=57889"},{"taxonomy":"commercial_property_type","embeddable":true,"href":"https:\/\/www.llachserra.com\/es\/wp-json\/wp\/v2\/commercial_property_type?post=57889"},{"taxonomy":"location","embeddable":true,"href":"https:\/\/www.llachserra.com\/es\/wp-json\/wp\/v2\/location?post=57889"},{"taxonomy":"parking","embeddable":true,"href":"https:\/\/www.llachserra.com\/es\/wp-json\/wp\/v2\/parking?post=57889"},{"taxonomy":"outside_space","embeddable":true,"href":"https:\/\/www.llachserra.com\/es\/wp-json\/wp\/v2\/outside_space?post=57889"},{"taxonomy":"price_qualifier","embeddable":true,"href":"https:\/\/www.llachserra.com\/es\/wp-json\/wp\/v2\/price_qualifier?post=57889"},{"taxonomy":"tenure","embeddable":true,"href":"https:\/\/www.llachserra.com\/es\/wp-json\/wp\/v2\/tenure?post=57889"},{"taxonomy":"commercial_tenure","embeddable":true,"href":"https:\/\/www.llachserra.com\/es\/wp-json\/wp\/v2\/commercial_tenure?post=57889"},{"taxonomy":"sale_by","embeddable":true,"href":"https:\/\/www.llachserra.com\/es\/wp-json\/wp\/v2\/sale_by?post=57889"},{"taxonomy":"furnished","embeddable":true,"href":"https:\/\/www.llachserra.com\/es\/wp-json\/wp\/v2\/furnished?post=57889"},{"taxonomy":"marketing_flag","embeddable":true,"href":"https:\/\/www.llachserra.com\/es\/wp-json\/wp\/v2\/marketing_flag?post=57889"},{"taxonomy":"property_feature","embeddable":true,"href":"https:\/\/www.llachserra.com\/es\/wp-json\/wp\/v2\/property_feature?post=57889"}],"curies":[{"name":"wp","href":"https:\/\/api.w.org\/{rel}","templated":true}]}}

Vivienda de obra nueva con balcón, parking y piscina comunitaria

<p>Disponible en alquiler de vivienda habitual, esta vivienda de obra nueva se sitúa en el barrio de La Girada, en Vilafranca del Penedès, una zona residencial tranquila y bien conectada, con comercios, servicios y espacios verdes en su entorno.</p>
<p>El piso cuenta con aproximadamente 90 m² y ofrece una distribución cómoda y funcional. La zona de día está formada por un salón-comedor amplio y luminoso, presidido por un gran ventanal que permite la entrada de abundante luz natural y da acceso directo al balcón de la vivienda, un espacio exterior de buenas dimensiones.</p>
<p>Desde el salón también se accede a la cocina independiente, amueblada y con salida al mismo balcón. La cocina dispone de horno y placa de cocción, quedando el resto de electrodomésticos a elección del arrendatario.</p>
<p>La zona de noche se compone de tres habitaciones. Dos de ellas son individuales, ambas con ventana y con acceso cercano a un baño completo con plato de ducha que les da servicio. La vivienda dispone además de una habitación doble tipo suite, muy luminosa gracias a sus dos ventanas, que cuenta con baño completo con plato de ducha integrado.</p>
<p>El alquiler incluye una plaza de aparcamiento en la misma finca, de acceso muy cómodo al encontrarse junto a la puerta de entrada y salida del parking.</p>
<p>La finca dispone también de zona comunitaria con piscina, aportando un valor añadido para disfrutar del exterior durante los meses más cálidos.</p>
<p>Una vivienda moderna, luminosa y funcional, situada en un entorno residencial consolidado de Vilafranca del Penedès.</p>
<p>No se aceptan mascotas de ningún tipo. </p>
<p>Contacta con nosotros para más información o para concertar una visita.</p>
<p>· El índice estatal de referencia de alquiler no ofrece rango de precios por ser un inmueble con fecha posterior al 2020.~· Este inmueble se encuentra en una zona de mercado de alquiler tensionado.~· Este inmueble ha estado arrendado como vivienda habitual en los últimos cinco años, siendo la última renta de 1.100,00 € mensuales.~· La propiedad no tiene la consideración de gran tenedor</p>
<p>AGENTE INMOBILIARIO: 6689 (AICAT).~Los gastos y honorarios de gestión van a cargo del arrendador.~</p>
