{"id":56696,"date":"2026-02-18T02:30:35","date_gmt":"2026-02-18T00:30:35","guid":{"rendered":"https:\/\/www.llachserra.com\/property\/piso-amplio-y-funcional-en-el-centro-de-vilafranca-2\/"},"modified":"2026-04-17T01:03:02","modified_gmt":"2026-04-16T23:03:02","slug":"piso-amplio-y-funcional-en-el-centro-de-vilafranca-2","status":"publish","type":"property","link":"https:\/\/www.llachserra.com\/es\/property\/piso-amplio-y-funcional-en-el-centro-de-vilafranca-2\/","title":{"rendered":"Piso amplio y funcional en el centro de Vilafranca"},"excerpt":{"rendered":"<p>En una zona tranquila y muy bien comunicada de Vilafranca del Pened\u00e8s, se encuentra este piso de aproximadamente 80 m\u00b2, situado en una tercera planta, ideal para quienes buscan espacio y comodidad.<\/p>\n<p>La vivienda destaca por su amplitud, ya que dispone de cinco habitaciones:~- Tres habitaciones dobles, exteriores, luminosas y con grandes ventanas que aportan claridad y confort.~- Dos habitaciones individuales, orientadas al patio interior, perfectas como dormitorios adicionales, espacio de estudio o zona de trabajo.<\/p>\n<p>La cocina independiente, completamente equipada, ofrece un espacio pr\u00e1ctico para el d\u00eda a d\u00eda y cuenta con acceso a un peque\u00f1o lavadero orientado al patio interior.<\/p>\n<p>El piso dispone de dos ba\u00f1os recientemente reformados, ambos con plato de ducha, modernos y funcionales, que aportan comodidad a la vivienda.<\/p>\n<p>El estado general del inmueble es bueno, lo que lo convierte en una opci\u00f3n muy c\u00f3moda para entrar a vivir sin preocupaciones.<\/p>\n<p>Una vivienda amplia, bien distribuida y con m\u00faltiples opciones de uso, situada en un entorno con servicios, comercios y una excelente conexi\u00f3n con el centro de Vilafranca del Pened\u00e8s.<\/p>\n<p>\ud83d\udcde Cont\u00e1ctanos para m\u00e1s informaci\u00f3n o para concertar una visita.<\/p>\n<p>AGENTE INMOBILIARIO: 6689 (AICAT).~Los gastos e impuestos derivados de la compraventa no est\u00e1n incluidos en el precio.~<\/p>\n","protected":false},"template":"","availability":"En venda","property_type":"Flat, Pis, Piso","location":"Espanya","parking":"","outside_space":"","price_qualifier":"","tenure":"","sale_by":"","marketing_flag":"","property_feature":[],"class_list":["post-56696","type-property","status-publish","availability-for-sale","property_type-flat-en","property_type-flat","property_type-flat-es","location-espanya","ph-cols-3","property","department-residential-sales","office-2757"],"acf":[],"department":"residential-sales","reference_number":"T-445V","address_street":"","address_two":"","address_three":"Poble nou","address_four":"Vilafranca del Penedes","address_postcode":"08720","address_country":"ES","latitude":"41.34347582739","longitude":"1.6947175362581","price_actual":"134837.90982623","price":"155000","price_formatted":"155.000&euro;","currency":"EUR","council_tax_band":"","bedrooms":"2","bathrooms":"2","reception_rooms":"","on_market":"","featured":"","features":[],"description":"","office":{"name":"My Office","address":"","telephone_number":"","email_address":""},"negotiator":{"name":"","telephone_number":"","email_address":""},"images":[],"floorplans":[],"brochures":[],"epcs":[],"virtual_tours":[],"views_total":10821,"views_last_7_days":1089,"views_last_14_days":2119,"views_last_30_days":4605,"_links":{"self":[{"href":"https:\/\/www.llachserra.com\/es\/wp-json\/wp\/v2\/property\/56696","targetHints":{"allow":["GET"]}}],"collection":[{"href":"https:\/\/www.llachserra.com\/es\/wp-json\/wp\/v2\/property"}],"about":[{"href":"https:\/\/www.llachserra.com\/es\/wp-json\/wp\/v2\/types\/property"}],"wp:attachment":[{"href":"https:\/\/www.llachserra.com\/es\/wp-json\/wp\/v2\/media?parent=56696"}],"wp:term":[{"taxonomy":"availability","embeddable":true,"href":"https:\/\/www.llachserra.com\/es\/wp-json\/wp\/v2\/availability?post=56696"},{"taxonomy":"property_type","embeddable":true,"href":"https:\/\/www.llachserra.com\/es\/wp-json\/wp\/v2\/property_type?post=56696"},{"taxonomy":"commercial_property_type","embeddable":true,"href":"https:\/\/www.llachserra.com\/es\/wp-json\/wp\/v2\/commercial_property_type?post=56696"},{"taxonomy":"location","embeddable":true,"href":"https:\/\/www.llachserra.com\/es\/wp-json\/wp\/v2\/location?post=56696"},{"taxonomy":"parking","embeddable":true,"href":"https:\/\/www.llachserra.com\/es\/wp-json\/wp\/v2\/parking?post=56696"},{"taxonomy":"outside_space","embeddable":true,"href":"https:\/\/www.llachserra.com\/es\/wp-json\/wp\/v2\/outside_space?post=56696"},{"taxonomy":"price_qualifier","embeddable":true,"href":"https:\/\/www.llachserra.com\/es\/wp-json\/wp\/v2\/price_qualifier?post=56696"},{"taxonomy":"tenure","embeddable":true,"href":"https:\/\/www.llachserra.com\/es\/wp-json\/wp\/v2\/tenure?post=56696"},{"taxonomy":"commercial_tenure","embeddable":true,"href":"https:\/\/www.llachserra.com\/es\/wp-json\/wp\/v2\/commercial_tenure?post=56696"},{"taxonomy":"sale_by","embeddable":true,"href":"https:\/\/www.llachserra.com\/es\/wp-json\/wp\/v2\/sale_by?post=56696"},{"taxonomy":"furnished","embeddable":true,"href":"https:\/\/www.llachserra.com\/es\/wp-json\/wp\/v2\/furnished?post=56696"},{"taxonomy":"marketing_flag","embeddable":true,"href":"https:\/\/www.llachserra.com\/es\/wp-json\/wp\/v2\/marketing_flag?post=56696"},{"taxonomy":"property_feature","embeddable":true,"href":"https:\/\/www.llachserra.com\/es\/wp-json\/wp\/v2\/property_feature?post=56696"}],"curies":[{"name":"wp","href":"https:\/\/api.w.org\/{rel}","templated":true}]}}

<p>En una zona tranquila y muy bien comunicada de Vilafranca del Penedès, se encuentra este piso de aproximadamente 80 m², situado en una tercera planta, ideal para quienes buscan espacio y comodidad.</p>
<p>La vivienda destaca por su amplitud, ya que dispone de cinco habitaciones:~- Tres habitaciones dobles, exteriores, luminosas y con grandes ventanas que aportan claridad y confort.~- Dos habitaciones individuales, orientadas al patio interior, perfectas como dormitorios adicionales, espacio de estudio o zona de trabajo.</p>
<p>La cocina independiente, completamente equipada, ofrece un espacio práctico para el día a día y cuenta con acceso a un pequeño lavadero orientado al patio interior.</p>
<p>El piso dispone de dos baños recientemente reformados, ambos con plato de ducha, modernos y funcionales, que aportan comodidad a la vivienda.</p>
<p>El estado general del inmueble es bueno, lo que lo convierte en una opción muy cómoda para entrar a vivir sin preocupaciones.</p>
<p>Una vivienda amplia, bien distribuida y con múltiples opciones de uso, situada en un entorno con servicios, comercios y una excelente conexión con el centro de Vilafranca del Penedès.</p>
<p>📞 Contáctanos para más información o para concertar una visita.</p>
<p>AGENTE INMOBILIARIO: 6689 (AICAT).~Los gastos e impuestos derivados de la compraventa no están incluidos en el precio.~</p>
