{"id":50596,"date":"2025-12-16T02:38:48","date_gmt":"2025-12-16T00:38:48","guid":{"rendered":"https:\/\/www.llachserra.com\/property\/habitacion-comoda-con-cama-individual-en-piso-femenino-calle-casp\/"},"modified":"2026-01-09T02:19:00","modified_gmt":"2026-01-09T00:19:00","slug":"habitacion-comoda-con-cama-individual-en-piso-femenino-calle-casp","status":"publish","type":"property","link":"https:\/\/www.llachserra.com\/es\/property\/habitacion-comoda-con-cama-individual-en-piso-femenino-calle-casp\/","title":{"rendered":"Habitaci\u00f3n c\u00f3moda con cama individual en piso femenino &#8211; Calle Casp"},"excerpt":{"rendered":"<p>DISPONIBLE A PARTIR DE ENERO DE 2026<\/p>\n<p>\u00a1Habitaci\u00f3n c\u00f3moda con cama individual en Calle Casp!<\/p>\n<p>SOBRE LA HABITACI\u00d3N (N\u00fam.4):<\/p>\n<p>Esta habitaci\u00f3n est\u00e1 dise\u00f1ada para quienes buscan un espacio pr\u00e1ctico y funcional. Equipada con una cama individual s\u00faper c\u00f3moda, un armario amplio y un escritorio pr\u00e1ctico, es perfecta para descansar o estudiar en un ambiente tranquilo.<\/p>\n<p>Comparte un ba\u00f1o amplio con la habitaci\u00f3n 3, lo que garantiza un buen equilibrio entre privacidad y convivencia. Su dise\u00f1o sencillo y moderno, aporta calidez y confort a la estancia.<\/p>\n<p>SOBRE EL PISO:~Este piso reci\u00e9n reformado se encuentra en la calle Casp, en una de las zonas m\u00e1s c\u00e9ntricas y conectadas de Barcelona. La convivencia es femenina, por lo que el alquiler est\u00e1 reservado exclusivamente para chicas. Ha sido dise\u00f1ado para ofrecer un ambiente moderno, funcional y acogedor, ideal para la convivencia entre compa\u00f1eros.<\/p>\n<p>Las zonas comunes del piso destacan por su amplitud y estilo:<\/p>\n<p>\u2022Sal\u00f3n luminoso con balc\u00f3n compartido: Un espacio perfecto para relajarte o compartir momentos, con acceso al balc\u00f3n.<\/p>\n<p>\u2022Comedor espacioso: Ideal para disfrutar de comidas en un ambiente agradable y moderno.<\/p>\n<p>\u2022Cocina totalmente equipada: Incluye horno, microondas, lavavajillas, nevera, cafetera y todos los utensilios necesarios para cocinar.<\/p>\n<p>\u2022Zonas comunes bien iluminadas y con techos altos, lo que aporta una sensaci\u00f3n de amplitud y calidez en todo el piso.<\/p>\n<p>El piso ha sido renovado con materiales de alta calidad, combinando acabados modernos y un dise\u00f1o cuidado que lo hace \u00fanico.<\/p>\n<p>~SERVICIOS INCLUIDOS:<\/p>\n<p>\u2022Suministros cubiertos hasta 300 \u20ac\/mes (electricidad, agua e internet). En caso de exceder este l\u00edmite, el coste adicional se dividir\u00e1 entre los inquilinos.<\/p>\n<p>\u2022Limpieza de las zonas comunes incluida una vez por semana.<\/p>\n<p>\u2022Servicio de limpieza adicional para la habitaci\u00f3n disponible por un suplemento de 20 \u20ac por habitaci\u00f3n, si lo solicitas.<\/p>\n<p>\u2022Servicio y mantenimiento al inquilino incluido, para garantizar tu comodidad durante toda tu estancia.<\/p>\n<p>UBICACI\u00d3N:<\/p>\n<p>Ubicado en la calle Casp, en el coraz\u00f3n de Barcelona, el piso est\u00e1 rodeado de tiendas, restaurantes, servicios y con excelente conexi\u00f3n a transporte p\u00fablico. A pocos minutos de las principales atracciones de la ciudad, este apartamento ofrece la ubicaci\u00f3n perfecta para disfrutar de todo lo que Barcelona tiene para ofrecer.<\/p>\n<p>CONDICIONES:<\/p>\n<p>\u2022Precio: 650 \u20ac\/mes~\u2022Fianza: A consultar.~\u2022       Limpieza final: 125 \u20ac al finalizar el contrato.~\u2022Honorarios: Seg\u00fan la estancia.~\u2022Mascotas: No se aceptan.~\u2022Fumar: Prohibido en el apartamento.<\/p>\n<p>\u00bfTe interesa? \u00a1No dejes pasar la oportunidad de vivir en este espectacular piso! Contacta con nosotros para m\u00e1s informaci\u00f3n o para agendar una visita.~\u2003~AGENTE INMOBILIARIO N.\u00a0\u00ba\u00a06689\u00a0(AICAT)~<\/p>\n","protected":false},"template":"","availability":"Lloguer","property_type":"Altres","location":"Espanya","parking":"","outside_space":"","price_qualifier":"","furnished":"","marketing_flag":"","property_feature":[],"class_list":["post-50596","type-property","status-publish","availability-let","property_type-other","location-espanya","ph-cols-3","property","department-residential-lettings","office-2757"],"acf":[],"department":"residential-lettings","reference_number":"V-135.09.4","address_street":"","address_two":"","address_three":"Camp d en Grassot i Gr\u00e0cia Nova","address_four":"Barcelona","address_postcode":"08010","address_country":"ES","latitude":"41.3931015857947","longitude":"2.1761091990395998","price_actual":"564.02348600738","price":"650","price_formatted":"650&euro; pcm","rent_frequency":"pcm","currency":"EUR","council_tax_band":"","deposit":"","available_date":"","bedrooms":"2","bathrooms":"5","reception_rooms":"","on_market":"","featured":"","features":[],"description":"","office":{"name":"My Office","address":"","telephone_number":"","email_address":""},"negotiator":{"name":"","telephone_number":"","email_address":""},"images":[],"floorplans":[],"brochures":[],"epcs":[],"virtual_tours":[],"views_total":3445,"views_last_7_days":265,"views_last_14_days":538,"views_last_30_days":1096,"_links":{"self":[{"href":"https:\/\/www.llachserra.com\/es\/wp-json\/wp\/v2\/property\/50596","targetHints":{"allow":["GET"]}}],"collection":[{"href":"https:\/\/www.llachserra.com\/es\/wp-json\/wp\/v2\/property"}],"about":[{"href":"https:\/\/www.llachserra.com\/es\/wp-json\/wp\/v2\/types\/property"}],"wp:attachment":[{"href":"https:\/\/www.llachserra.com\/es\/wp-json\/wp\/v2\/media?parent=50596"}],"wp:term":[{"taxonomy":"availability","embeddable":true,"href":"https:\/\/www.llachserra.com\/es\/wp-json\/wp\/v2\/availability?post=50596"},{"taxonomy":"property_type","embeddable":true,"href":"https:\/\/www.llachserra.com\/es\/wp-json\/wp\/v2\/property_type?post=50596"},{"taxonomy":"commercial_property_type","embeddable":true,"href":"https:\/\/www.llachserra.com\/es\/wp-json\/wp\/v2\/commercial_property_type?post=50596"},{"taxonomy":"location","embeddable":true,"href":"https:\/\/www.llachserra.com\/es\/wp-json\/wp\/v2\/location?post=50596"},{"taxonomy":"parking","embeddable":true,"href":"https:\/\/www.llachserra.com\/es\/wp-json\/wp\/v2\/parking?post=50596"},{"taxonomy":"outside_space","embeddable":true,"href":"https:\/\/www.llachserra.com\/es\/wp-json\/wp\/v2\/outside_space?post=50596"},{"taxonomy":"price_qualifier","embeddable":true,"href":"https:\/\/www.llachserra.com\/es\/wp-json\/wp\/v2\/price_qualifier?post=50596"},{"taxonomy":"tenure","embeddable":true,"href":"https:\/\/www.llachserra.com\/es\/wp-json\/wp\/v2\/tenure?post=50596"},{"taxonomy":"commercial_tenure","embeddable":true,"href":"https:\/\/www.llachserra.com\/es\/wp-json\/wp\/v2\/commercial_tenure?post=50596"},{"taxonomy":"sale_by","embeddable":true,"href":"https:\/\/www.llachserra.com\/es\/wp-json\/wp\/v2\/sale_by?post=50596"},{"taxonomy":"furnished","embeddable":true,"href":"https:\/\/www.llachserra.com\/es\/wp-json\/wp\/v2\/furnished?post=50596"},{"taxonomy":"marketing_flag","embeddable":true,"href":"https:\/\/www.llachserra.com\/es\/wp-json\/wp\/v2\/marketing_flag?post=50596"},{"taxonomy":"property_feature","embeddable":true,"href":"https:\/\/www.llachserra.com\/es\/wp-json\/wp\/v2\/property_feature?post=50596"}],"curies":[{"name":"wp","href":"https:\/\/api.w.org\/{rel}","templated":true}]}}

Habitación cómoda con cama individual en piso femenino &#8211; Calle Casp

<p>DISPONIBLE A PARTIR DE ENERO DE 2026</p>
<p>¡Habitación cómoda con cama individual en Calle Casp!</p>
<p>SOBRE LA HABITACIÓN (Núm.4):</p>
<p>Esta habitación está diseñada para quienes buscan un espacio práctico y funcional. Equipada con una cama individual súper cómoda, un armario amplio y un escritorio práctico, es perfecta para descansar o estudiar en un ambiente tranquilo.</p>
<p>Comparte un baño amplio con la habitación 3, lo que garantiza un buen equilibrio entre privacidad y convivencia. Su diseño sencillo y moderno, aporta calidez y confort a la estancia.</p>
<p>SOBRE EL PISO:~Este piso recién reformado se encuentra en la calle Casp, en una de las zonas más céntricas y conectadas de Barcelona. La convivencia es femenina, por lo que el alquiler está reservado exclusivamente para chicas. Ha sido diseñado para ofrecer un ambiente moderno, funcional y acogedor, ideal para la convivencia entre compañeros.</p>
<p>Las zonas comunes del piso destacan por su amplitud y estilo:</p>
<p>•Salón luminoso con balcón compartido: Un espacio perfecto para relajarte o compartir momentos, con acceso al balcón.</p>
<p>•Comedor espacioso: Ideal para disfrutar de comidas en un ambiente agradable y moderno.</p>
<p>•Cocina totalmente equipada: Incluye horno, microondas, lavavajillas, nevera, cafetera y todos los utensilios necesarios para cocinar.</p>
<p>•Zonas comunes bien iluminadas y con techos altos, lo que aporta una sensación de amplitud y calidez en todo el piso.</p>
<p>El piso ha sido renovado con materiales de alta calidad, combinando acabados modernos y un diseño cuidado que lo hace único.</p>
<p>~SERVICIOS INCLUIDOS:</p>
<p>•Suministros cubiertos hasta 300 €/mes (electricidad, agua e internet). En caso de exceder este límite, el coste adicional se dividirá entre los inquilinos.</p>
<p>•Limpieza de las zonas comunes incluida una vez por semana.</p>
<p>•Servicio de limpieza adicional para la habitación disponible por un suplemento de 20 € por habitación, si lo solicitas.</p>
<p>•Servicio y mantenimiento al inquilino incluido, para garantizar tu comodidad durante toda tu estancia.</p>
<p>UBICACIÓN:</p>
<p>Ubicado en la calle Casp, en el corazón de Barcelona, el piso está rodeado de tiendas, restaurantes, servicios y con excelente conexión a transporte público. A pocos minutos de las principales atracciones de la ciudad, este apartamento ofrece la ubicación perfecta para disfrutar de todo lo que Barcelona tiene para ofrecer.</p>
<p>CONDICIONES:</p>
<p>•Precio: 650 €/mes~•Fianza: A consultar.~•       Limpieza final: 125 € al finalizar el contrato.~•Honorarios: Según la estancia.~•Mascotas: No se aceptan.~•Fumar: Prohibido en el apartamento.</p>
<p>¿Te interesa? ¡No dejes pasar la oportunidad de vivir en este espectacular piso! Contacta con nosotros para más información o para agendar una visita.~ ~AGENTE INMOBILIARIO N. º 6689 (AICAT)~</p>

Camp d en Grassot i Gràcia Nova
