{"id":50304,"date":"2025-12-12T02:26:49","date_gmt":"2025-12-12T00:26:49","guid":{"rendered":"https:\/\/www.llachserra.com\/property\/local-en-vilafranca-de-penedes\/"},"modified":"2026-03-11T02:14:27","modified_gmt":"2026-03-11T00:14:27","slug":"local-en-vilafranca-de-penedes","status":"publish","type":"property","link":"https:\/\/www.llachserra.com\/es\/property\/local-en-vilafranca-de-penedes\/","title":{"rendered":"LOCAL EN VILAFRANCA DE PENED\u00c8S"},"excerpt":{"rendered":"<p>Se alquila local comercial de 80 metros cuadrados, en planta baja y a pie de la calle Ponent. Local ideal para abrir una tienda o un comercio cara al p\u00fablico con gran visibilidad. <\/p>\n<p>Esta calle est\u00e1 muy cerca de la calle Sant Pau, a escasos metros del centro de Vilafranca del Pened\u00e8s. Es apto para desarrollar diversas actividades. En el precio de alquiler est\u00e1n incluidos los gastos del edificio y del IBI.<\/p>\n<p>La tasa de basuras debe ir a cargo del arrendatario.<\/p>\n<p>\u00bfQuieres verlo? Ll\u00e1manos y concertaremos una visita.<\/p>\n<p>AGENTE INMOBILIARIO N\u00daM. 6689 (AICAT).~Los gastos y honorarios de gesti\u00f3n van a cargo del arrendador.~<\/p>\n","protected":false},"template":"","availability":"Lloguer","property_type":"Commercial, Local comercial, Local comercial","location":"Espanya","parking":"","outside_space":"","price_qualifier":"","furnished":"","marketing_flag":"","property_feature":[],"class_list":["post-50304","type-property","status-publish","availability-let","property_type-commercial-en","property_type-commercial-es","property_type-commercial","location-espanya","ph-cols-3","property","department-residential-lettings","office-2757"],"acf":[],"department":"residential-lettings","reference_number":"V-97.5","address_street":"","address_two":"","address_three":"Centro","address_four":"Vilafranca del Penedes","address_postcode":"08720","address_country":"ES","latitude":"41.34820859643783","longitude":"1.6956402112157358","price_actual":"302.85566150975","price":"350","price_formatted":"350&euro; pcm","rent_frequency":"pcm","currency":"EUR","council_tax_band":"","deposit":"","available_date":"","bedrooms":"2","bathrooms":"1","reception_rooms":"","on_market":"","featured":"","features":[],"description":"","office":{"name":"My Office","address":"","telephone_number":"","email_address":""},"negotiator":{"name":"","telephone_number":"","email_address":""},"images":[],"floorplans":[],"brochures":[],"epcs":[],"virtual_tours":[],"views_total":14568,"views_last_7_days":1259,"views_last_14_days":2197,"views_last_30_days":4844,"_links":{"self":[{"href":"https:\/\/www.llachserra.com\/es\/wp-json\/wp\/v2\/property\/50304","targetHints":{"allow":["GET"]}}],"collection":[{"href":"https:\/\/www.llachserra.com\/es\/wp-json\/wp\/v2\/property"}],"about":[{"href":"https:\/\/www.llachserra.com\/es\/wp-json\/wp\/v2\/types\/property"}],"wp:attachment":[{"href":"https:\/\/www.llachserra.com\/es\/wp-json\/wp\/v2\/media?parent=50304"}],"wp:term":[{"taxonomy":"availability","embeddable":true,"href":"https:\/\/www.llachserra.com\/es\/wp-json\/wp\/v2\/availability?post=50304"},{"taxonomy":"property_type","embeddable":true,"href":"https:\/\/www.llachserra.com\/es\/wp-json\/wp\/v2\/property_type?post=50304"},{"taxonomy":"commercial_property_type","embeddable":true,"href":"https:\/\/www.llachserra.com\/es\/wp-json\/wp\/v2\/commercial_property_type?post=50304"},{"taxonomy":"location","embeddable":true,"href":"https:\/\/www.llachserra.com\/es\/wp-json\/wp\/v2\/location?post=50304"},{"taxonomy":"parking","embeddable":true,"href":"https:\/\/www.llachserra.com\/es\/wp-json\/wp\/v2\/parking?post=50304"},{"taxonomy":"outside_space","embeddable":true,"href":"https:\/\/www.llachserra.com\/es\/wp-json\/wp\/v2\/outside_space?post=50304"},{"taxonomy":"price_qualifier","embeddable":true,"href":"https:\/\/www.llachserra.com\/es\/wp-json\/wp\/v2\/price_qualifier?post=50304"},{"taxonomy":"tenure","embeddable":true,"href":"https:\/\/www.llachserra.com\/es\/wp-json\/wp\/v2\/tenure?post=50304"},{"taxonomy":"commercial_tenure","embeddable":true,"href":"https:\/\/www.llachserra.com\/es\/wp-json\/wp\/v2\/commercial_tenure?post=50304"},{"taxonomy":"sale_by","embeddable":true,"href":"https:\/\/www.llachserra.com\/es\/wp-json\/wp\/v2\/sale_by?post=50304"},{"taxonomy":"furnished","embeddable":true,"href":"https:\/\/www.llachserra.com\/es\/wp-json\/wp\/v2\/furnished?post=50304"},{"taxonomy":"marketing_flag","embeddable":true,"href":"https:\/\/www.llachserra.com\/es\/wp-json\/wp\/v2\/marketing_flag?post=50304"},{"taxonomy":"property_feature","embeddable":true,"href":"https:\/\/www.llachserra.com\/es\/wp-json\/wp\/v2\/property_feature?post=50304"}],"curies":[{"name":"wp","href":"https:\/\/api.w.org\/{rel}","templated":true}]}}

LOCAL EN VILAFRANCA DE PENEDÈS

<p>Se alquila local comercial de 80 metros cuadrados, en planta baja y a pie de la calle Ponent. Local ideal para abrir una tienda o un comercio cara al público con gran visibilidad. </p>
<p>Esta calle está muy cerca de la calle Sant Pau, a escasos metros del centro de Vilafranca del Penedès. Es apto para desarrollar diversas actividades. En el precio de alquiler están incluidos los gastos del edificio y del IBI.</p>
<p>La tasa de basuras debe ir a cargo del arrendatario.</p>
<p>¿Quieres verlo? Llámanos y concertaremos una visita.</p>
<p>AGENTE INMOBILIARIO NÚM. 6689 (AICAT).~Los gastos y honorarios de gestión van a cargo del arrendador.~</p>
