{"id":44865,"date":"2025-11-13T02:35:39","date_gmt":"2025-11-13T00:35:39","guid":{"rendered":"https:\/\/www.llachserra.com\/property\/encantadora-planta-baja-con-entrada-independiente-en-vilafranca-del-penedes\/"},"modified":"2026-01-03T02:02:23","modified_gmt":"2026-01-03T00:02:23","slug":"encantadora-planta-baja-con-entrada-independiente-en-vilafranca-del-penedes","status":"publish","type":"property","link":"https:\/\/www.llachserra.com\/es\/property\/encantadora-planta-baja-con-entrada-independiente-en-vilafranca-del-penedes\/","title":{"rendered":"Encantadora planta baja con entrada independiente en Vilafranca del Pened\u00e8s"},"excerpt":{"rendered":"<p>ALQUILER DE TEMPORADA~Esta vivienda no puede constituir el domicilio habitual y permanente del inquilino. Se requiere declaraci\u00f3n responsable y la justificaci\u00f3n correspondiente en la que el inquilino exponga el motivo o necesidad de la temporalidad, el per\u00edodo de tiempo durante el que lo necesita y cu\u00e1l es su domicilio habitual y permanente. El inquilino utilizar\u00e1 la vivienda exclusivamente con fines temporales de alojamiento y en ning\u00fan caso ser\u00e1 considerada como vivienda habitual ni permanente del arrendatario ni de ninguno del resto de ocupantes.<\/p>\n<p>\u2022 Duraci\u00f3n: temporalidad seg\u00fan las necesidades del inquilino~\u2022 Los honorarios de comercializaci\u00f3n van a cargo del inquilino~\u2022 Se requieren dos meses de fianza.~\u2022 El Impuesto sobre Transmisiones Patrimoniales (ITP) va a cargo del inquilino<\/p>\n<p>En un entorno tranquilo y rodeado de naturaleza en Vilafranca del Pened\u00e8s, se ofrece en alquiler temporal esta acogedora planta baja independiente, ideal para quienes buscan disfrutar de la calma y el encanto del Pened\u00e8s sin renunciar a la comodidad.<\/p>\n<p>La vivienda cuenta con entrada privada y acceso exclusivo al interior de la planta baja. Los espacios exteriores son de paso, lo que permite disfrutar de un ambiente tranquilo y respetuoso en una finca con historia.<\/p>\n<p>Con una superficie amplia y bien distribuida, la vivienda dispone de una habitaci\u00f3n doble principal muy luminosa, con armario empotrado y salida directa al porche, una habitaci\u00f3n individual tambi\u00e9n con armario empotrado, una habitaci\u00f3n destinada a oficina o despacho equipada con escritorio y armarios, y una peque\u00f1a estancia adicional perfecta como trastero o zona de almacenamiento.<\/p>\n<p>El ba\u00f1o principal, recientemente renovado, cuenta con plato de ducha, y la vivienda dispone adem\u00e1s de un aseo de cortes\u00eda.<\/p>\n<p>La cocina independiente est\u00e1 completamente equipada y ofrece un espacio c\u00e1lido y funcional, con zona de comedor y hogar de fuego, perfecta para disfrutar de un ambiente acogedor durante todo el a\u00f1o. Desde la cocina se accede a una zona de lavadero amplia y pr\u00e1ctica.<\/p>\n<p>El sal\u00f3n-comedor es espacioso y muy luminoso, con grandes puertas de vidrio que comunican directamente con una terraza, aportando una agradable sensaci\u00f3n de continuidad entre interior y exterior.<\/p>\n<p>Los exteriores de la finca \u2014con zonas ajardinadas y espacios abiertos\u2014 completan este entorno \u00fanico, ideal para quienes buscan una estancia temporal en contacto con la naturaleza y con todas las comodidades de un hogar cuidado y funcional.<\/p>\n<p>Los suministros y el internet a cargo del arrendatario.~No se aceptan mascotas.<\/p>\n<p>\ud83d\udcde Cont\u00e1ctanos para m\u00e1s informaci\u00f3n o para agendar una visita.<\/p>\n<p>AGENTE INMOBILIARIO: 6689 (AICAT).~Gastos de gesti\u00f3n no incluidos en el precio del alquiler.~<\/p>\n","protected":false},"template":"","availability":"","property_type":"Pis","location":"Espanya","parking":"","outside_space":"","price_qualifier":"","furnished":"","marketing_flag":"","property_feature":[],"class_list":["post-44865","type-property","status-publish","property_type-flat","location-espanya","ph-cols-3","property","department-residential-lettings","office-2757"],"acf":[],"department":"residential-lettings","reference_number":"L-356V","address_street":"","address_two":"","address_three":"LEspirall","address_four":"Vilafranca del Penedes","address_postcode":"08720","address_country":"ES","latitude":"41.356432321519","longitude":"1.6979553335183","price_actual":"0","price":"1000","price_formatted":"1.000&euro; pcm","rent_frequency":"pcm","currency":"EUR","council_tax_band":"","deposit":"","available_date":"","bedrooms":"2","bathrooms":"2","reception_rooms":"","on_market":"","featured":"","features":[],"description":"","office":{"name":"My Office","address":"","telephone_number":"","email_address":""},"negotiator":{"name":"","telephone_number":"","email_address":""},"images":[],"floorplans":[],"brochures":[],"epcs":[],"virtual_tours":[],"views_total":20593,"views_last_7_days":1500,"views_last_14_days":2650,"views_last_30_days":5748,"_links":{"self":[{"href":"https:\/\/www.llachserra.com\/es\/wp-json\/wp\/v2\/property\/44865","targetHints":{"allow":["GET"]}}],"collection":[{"href":"https:\/\/www.llachserra.com\/es\/wp-json\/wp\/v2\/property"}],"about":[{"href":"https:\/\/www.llachserra.com\/es\/wp-json\/wp\/v2\/types\/property"}],"wp:attachment":[{"href":"https:\/\/www.llachserra.com\/es\/wp-json\/wp\/v2\/media?parent=44865"}],"wp:term":[{"taxonomy":"availability","embeddable":true,"href":"https:\/\/www.llachserra.com\/es\/wp-json\/wp\/v2\/availability?post=44865"},{"taxonomy":"property_type","embeddable":true,"href":"https:\/\/www.llachserra.com\/es\/wp-json\/wp\/v2\/property_type?post=44865"},{"taxonomy":"commercial_property_type","embeddable":true,"href":"https:\/\/www.llachserra.com\/es\/wp-json\/wp\/v2\/commercial_property_type?post=44865"},{"taxonomy":"location","embeddable":true,"href":"https:\/\/www.llachserra.com\/es\/wp-json\/wp\/v2\/location?post=44865"},{"taxonomy":"parking","embeddable":true,"href":"https:\/\/www.llachserra.com\/es\/wp-json\/wp\/v2\/parking?post=44865"},{"taxonomy":"outside_space","embeddable":true,"href":"https:\/\/www.llachserra.com\/es\/wp-json\/wp\/v2\/outside_space?post=44865"},{"taxonomy":"price_qualifier","embeddable":true,"href":"https:\/\/www.llachserra.com\/es\/wp-json\/wp\/v2\/price_qualifier?post=44865"},{"taxonomy":"tenure","embeddable":true,"href":"https:\/\/www.llachserra.com\/es\/wp-json\/wp\/v2\/tenure?post=44865"},{"taxonomy":"commercial_tenure","embeddable":true,"href":"https:\/\/www.llachserra.com\/es\/wp-json\/wp\/v2\/commercial_tenure?post=44865"},{"taxonomy":"sale_by","embeddable":true,"href":"https:\/\/www.llachserra.com\/es\/wp-json\/wp\/v2\/sale_by?post=44865"},{"taxonomy":"furnished","embeddable":true,"href":"https:\/\/www.llachserra.com\/es\/wp-json\/wp\/v2\/furnished?post=44865"},{"taxonomy":"marketing_flag","embeddable":true,"href":"https:\/\/www.llachserra.com\/es\/wp-json\/wp\/v2\/marketing_flag?post=44865"},{"taxonomy":"property_feature","embeddable":true,"href":"https:\/\/www.llachserra.com\/es\/wp-json\/wp\/v2\/property_feature?post=44865"}],"curies":[{"name":"wp","href":"https:\/\/api.w.org\/{rel}","templated":true}]}}

Encantadora planta baja con entrada independiente en Vilafranca del Penedès

<p>ALQUILER DE TEMPORADA~Esta vivienda no puede constituir el domicilio habitual y permanente del inquilino. Se requiere declaración responsable y la justificación correspondiente en la que el inquilino exponga el motivo o necesidad de la temporalidad, el período de tiempo durante el que lo necesita y cuál es su domicilio habitual y permanente. El inquilino utilizará la vivienda exclusivamente con fines temporales de alojamiento y en ningún caso será considerada como vivienda habitual ni permanente del arrendatario ni de ninguno del resto de ocupantes.</p>
<p>• Duración: temporalidad según las necesidades del inquilino~• Los honorarios de comercialización van a cargo del inquilino~• Se requieren dos meses de fianza.~• El Impuesto sobre Transmisiones Patrimoniales (ITP) va a cargo del inquilino</p>
<p>En un entorno tranquilo y rodeado de naturaleza en Vilafranca del Penedès, se ofrece en alquiler temporal esta acogedora planta baja independiente, ideal para quienes buscan disfrutar de la calma y el encanto del Penedès sin renunciar a la comodidad.</p>
<p>La vivienda cuenta con entrada privada y acceso exclusivo al interior de la planta baja. Los espacios exteriores son de paso, lo que permite disfrutar de un ambiente tranquilo y respetuoso en una finca con historia.</p>
<p>Con una superficie amplia y bien distribuida, la vivienda dispone de una habitación doble principal muy luminosa, con armario empotrado y salida directa al porche, una habitación individual también con armario empotrado, una habitación destinada a oficina o despacho equipada con escritorio y armarios, y una pequeña estancia adicional perfecta como trastero o zona de almacenamiento.</p>
<p>El baño principal, recientemente renovado, cuenta con plato de ducha, y la vivienda dispone además de un aseo de cortesía.</p>
<p>La cocina independiente está completamente equipada y ofrece un espacio cálido y funcional, con zona de comedor y hogar de fuego, perfecta para disfrutar de un ambiente acogedor durante todo el año. Desde la cocina se accede a una zona de lavadero amplia y práctica.</p>
<p>El salón-comedor es espacioso y muy luminoso, con grandes puertas de vidrio que comunican directamente con una terraza, aportando una agradable sensación de continuidad entre interior y exterior.</p>
<p>Los exteriores de la finca —con zonas ajardinadas y espacios abiertos— completan este entorno único, ideal para quienes buscan una estancia temporal en contacto con la naturaleza y con todas las comodidades de un hogar cuidado y funcional.</p>
<p>Los suministros y el internet a cargo del arrendatario.~No se aceptan mascotas.</p>
<p>📞 Contáctanos para más información o para agendar una visita.</p>
<p>AGENTE INMOBILIARIO: 6689 (AICAT).~Gastos de gestión no incluidos en el precio del alquiler.~</p>
