{"id":42934,"date":"2025-10-10T15:23:36","date_gmt":"2025-10-10T13:23:36","guid":{"rendered":"https:\/\/www.llachserra.com\/property\/plaza-de-parking-para-moto-grande-vilafranca-del-penedes\/"},"modified":"2026-03-07T02:14:24","modified_gmt":"2026-03-07T00:14:24","slug":"plaza-de-parking-para-moto-grande-vilafranca-del-penedes","status":"publish","type":"property","link":"https:\/\/www.llachserra.com\/es\/property\/plaza-de-parking-para-moto-grande-vilafranca-del-penedes\/","title":{"rendered":"Plaza de parking para moto grande &#8211; Vilafranca del Pened\u00e8s"},"excerpt":{"rendered":"<p>Se alquila plaza de aparcamiento en planta -1, ideal para una moto grande o dos motos, ubicada en un edificio de acceso c\u00f3modo y funcional en Avinguda Tarragona, en pleno centro de Vilafranca del Pened\u00e8s.<\/p>\n<p>El acceso peatonal se realiza directamente desde la avenida mediante unas escaleras anchas y bien cuidadas, mientras que la entrada y salida de veh\u00edculos se efect\u00faa por la calle Sant Pere, lo que garantiza una circulaci\u00f3n pr\u00e1ctica y fluida.<\/p>\n<p>Su ubicaci\u00f3n privilegiada en una de las avenidas m\u00e1s transitadas y valoradas de la ciudad la convierte en una excelente opci\u00f3n tanto para residentes como para trabajadores de la zona centro que buscan comodidad y seguridad para su moto.<\/p>\n<p>\ud83d\udcde Contacta con nosotros para m\u00e1s informaci\u00f3n o para concertar una visita.<\/p>\n<p>AGENTE INMOBILIARIO: 6689 (AICAT)~Los gastos y honorarios de gesti\u00f3n van a cargo del arrendador.~<\/p>\n","protected":false},"template":"","availability":"Lloguer","property_type":"Garage, Garaje, Garatge","location":"Espanya","parking":"","outside_space":"","price_qualifier":"","furnished":"","marketing_flag":"","property_feature":[],"class_list":["post-42934","type-property","status-publish","availability-let","property_type-garage-en","property_type-garage-es","property_type-garage","location-espanya","ph-cols-3","property","department-residential-lettings","office-2757"],"acf":[],"department":"residential-lettings","reference_number":"L-351","address_street":"","address_two":"","address_three":"Poble nou","address_four":"Vilafranca del Penedes","address_postcode":"08720","address_country":"ES","latitude":"41.342090275","longitude":"1.695210773","price_actual":"34.765740660594","price":"40","price_formatted":"40&euro; pcm","rent_frequency":"pcm","currency":"EUR","council_tax_band":"","deposit":"","available_date":"","bedrooms":"0","bathrooms":"","reception_rooms":"","on_market":"","featured":"","features":[],"description":"","office":{"name":"My Office","address":"","telephone_number":"","email_address":""},"negotiator":{"name":"admin","telephone_number":"","email_address":"roger@demomentsomtres.com"},"images":[],"floorplans":[],"brochures":[],"epcs":[],"virtual_tours":[],"views_total":15553,"views_last_7_days":75,"views_last_14_days":108,"views_last_30_days":333,"_links":{"self":[{"href":"https:\/\/www.llachserra.com\/es\/wp-json\/wp\/v2\/property\/42934","targetHints":{"allow":["GET"]}}],"collection":[{"href":"https:\/\/www.llachserra.com\/es\/wp-json\/wp\/v2\/property"}],"about":[{"href":"https:\/\/www.llachserra.com\/es\/wp-json\/wp\/v2\/types\/property"}],"wp:attachment":[{"href":"https:\/\/www.llachserra.com\/es\/wp-json\/wp\/v2\/media?parent=42934"}],"wp:term":[{"taxonomy":"availability","embeddable":true,"href":"https:\/\/www.llachserra.com\/es\/wp-json\/wp\/v2\/availability?post=42934"},{"taxonomy":"property_type","embeddable":true,"href":"https:\/\/www.llachserra.com\/es\/wp-json\/wp\/v2\/property_type?post=42934"},{"taxonomy":"commercial_property_type","embeddable":true,"href":"https:\/\/www.llachserra.com\/es\/wp-json\/wp\/v2\/commercial_property_type?post=42934"},{"taxonomy":"location","embeddable":true,"href":"https:\/\/www.llachserra.com\/es\/wp-json\/wp\/v2\/location?post=42934"},{"taxonomy":"parking","embeddable":true,"href":"https:\/\/www.llachserra.com\/es\/wp-json\/wp\/v2\/parking?post=42934"},{"taxonomy":"outside_space","embeddable":true,"href":"https:\/\/www.llachserra.com\/es\/wp-json\/wp\/v2\/outside_space?post=42934"},{"taxonomy":"price_qualifier","embeddable":true,"href":"https:\/\/www.llachserra.com\/es\/wp-json\/wp\/v2\/price_qualifier?post=42934"},{"taxonomy":"tenure","embeddable":true,"href":"https:\/\/www.llachserra.com\/es\/wp-json\/wp\/v2\/tenure?post=42934"},{"taxonomy":"commercial_tenure","embeddable":true,"href":"https:\/\/www.llachserra.com\/es\/wp-json\/wp\/v2\/commercial_tenure?post=42934"},{"taxonomy":"sale_by","embeddable":true,"href":"https:\/\/www.llachserra.com\/es\/wp-json\/wp\/v2\/sale_by?post=42934"},{"taxonomy":"furnished","embeddable":true,"href":"https:\/\/www.llachserra.com\/es\/wp-json\/wp\/v2\/furnished?post=42934"},{"taxonomy":"marketing_flag","embeddable":true,"href":"https:\/\/www.llachserra.com\/es\/wp-json\/wp\/v2\/marketing_flag?post=42934"},{"taxonomy":"property_feature","embeddable":true,"href":"https:\/\/www.llachserra.com\/es\/wp-json\/wp\/v2\/property_feature?post=42934"}],"curies":[{"name":"wp","href":"https:\/\/api.w.org\/{rel}","templated":true}]}}

Plaza de parking para moto grande &#8211; Vilafranca del Penedès

<p>Se alquila plaza de aparcamiento en planta -1, ideal para una moto grande o dos motos, ubicada en un edificio de acceso cómodo y funcional en Avinguda Tarragona, en pleno centro de Vilafranca del Penedès.</p>
<p>El acceso peatonal se realiza directamente desde la avenida mediante unas escaleras anchas y bien cuidadas, mientras que la entrada y salida de vehículos se efectúa por la calle Sant Pere, lo que garantiza una circulación práctica y fluida.</p>
<p>Su ubicación privilegiada en una de las avenidas más transitadas y valoradas de la ciudad la convierte en una excelente opción tanto para residentes como para trabajadores de la zona centro que buscan comodidad y seguridad para su moto.</p>
<p>📞 Contacta con nosotros para más información o para concertar una visita.</p>
<p>AGENTE INMOBILIARIO: 6689 (AICAT)~Los gastos y honorarios de gestión van a cargo del arrendador.~</p>
