{"id":42739,"date":"2025-10-10T15:22:39","date_gmt":"2025-10-10T13:22:39","guid":{"rendered":"https:\/\/www.llachserra.com\/property\/amplia-plaza-de-parking-junto-a-rambla-catalunya-y-passeig-de-gracia\/"},"modified":"2026-01-23T02:13:34","modified_gmt":"2026-01-23T00:13:34","slug":"amplia-plaza-de-parking-junto-a-rambla-catalunya-y-passeig-de-gracia","status":"publish","type":"property","link":"https:\/\/www.llachserra.com\/es\/property\/amplia-plaza-de-parking-junto-a-rambla-catalunya-y-passeig-de-gracia\/","title":{"rendered":"Amplia plaza de parking junto a Rambla Catalunya y Passeig de Gr\u00e0cia"},"excerpt":{"rendered":"<p>\u00bfHarto de perder tiempo buscando aparcamiento en el centro?~Tenemos la soluci\u00f3n perfecta: una plaza de parking en alquiler, amplia y c\u00f3moda, situada en la planta -2 de un edificio de obra nueva en la calle Mallorca, a pocos pasos de Rambla Catalunya y Passeig de Gr\u00e0cia.<\/p>\n<p>Con acceso moderno, seguro y pensado para coches grandes, disfrutar\u00e1s de una maniobrabilidad excelente y la tranquilidad de aparcar sin complicaciones. Adem\u00e1s, existe la posibilidad de instalar un armario ign\u00edfugo, ideal para ganar espacio de almacenamiento extra con total seguridad.<\/p>\n<p>En pleno coraz\u00f3n del Eixample, donde la demanda de aparcamiento es alt\u00edsima, esta plaza se convierte en una oportunidad pr\u00e1ctica\u00a0y\u00a0exclusiva.<\/p>\n<p>CONDICIONES:~\u2013 Un mes de fianza~\u2013 Honorarios de agencia a consultar.<\/p>\n<p>Una oportunidad \u00fanica para disfrutar de la comodidad de tener tu propio espacio en una de las zonas m\u00e1s cotizadas de Barcelona.<\/p>\n<p>\ud83d\udcde Cont\u00e1ctanos para m\u00e1s informaci\u00f3n o para concertar una visita.<\/p>\n<p>AGENTE INMOBILIARIO: 6689 (AICAT)~Gastos de gesti\u00f3n no incluidos en el precio.~<\/p>\n","protected":false},"template":"","availability":"Lloguer","property_type":"Garage, Garaje, Garatge","location":"Espanya","parking":"","outside_space":"","price_qualifier":"","furnished":"","marketing_flag":"","property_feature":[],"class_list":["post-42739","type-property","status-publish","availability-let","property_type-garage-en","property_type-garage-es","property_type-garage","location-espanya","ph-cols-3","property","department-residential-lettings","office-2757"],"acf":[],"department":"residential-lettings","reference_number":"L-148","address_street":"","address_two":"","address_three":"Eixample","address_four":"Barcelona","address_postcode":"08036","address_country":"ES","latitude":"41.386418458","longitude":"2.15273173","price_actual":"256.76711471629","price":"295","price_formatted":"295&euro; pcm","rent_frequency":"pcm","currency":"EUR","council_tax_band":"","deposit":"","available_date":"","bedrooms":"0","bathrooms":"","reception_rooms":"","on_market":"","featured":"","features":[],"description":"","office":{"name":"My Office","address":"","telephone_number":"","email_address":""},"negotiator":{"name":"admin","telephone_number":"","email_address":"roger@demomentsomtres.com"},"images":[],"floorplans":[],"brochures":[],"epcs":[],"virtual_tours":[],"views_total":12230,"views_last_7_days":420,"views_last_14_days":689,"views_last_30_days":1436,"_links":{"self":[{"href":"https:\/\/www.llachserra.com\/es\/wp-json\/wp\/v2\/property\/42739","targetHints":{"allow":["GET"]}}],"collection":[{"href":"https:\/\/www.llachserra.com\/es\/wp-json\/wp\/v2\/property"}],"about":[{"href":"https:\/\/www.llachserra.com\/es\/wp-json\/wp\/v2\/types\/property"}],"wp:attachment":[{"href":"https:\/\/www.llachserra.com\/es\/wp-json\/wp\/v2\/media?parent=42739"}],"wp:term":[{"taxonomy":"availability","embeddable":true,"href":"https:\/\/www.llachserra.com\/es\/wp-json\/wp\/v2\/availability?post=42739"},{"taxonomy":"property_type","embeddable":true,"href":"https:\/\/www.llachserra.com\/es\/wp-json\/wp\/v2\/property_type?post=42739"},{"taxonomy":"commercial_property_type","embeddable":true,"href":"https:\/\/www.llachserra.com\/es\/wp-json\/wp\/v2\/commercial_property_type?post=42739"},{"taxonomy":"location","embeddable":true,"href":"https:\/\/www.llachserra.com\/es\/wp-json\/wp\/v2\/location?post=42739"},{"taxonomy":"parking","embeddable":true,"href":"https:\/\/www.llachserra.com\/es\/wp-json\/wp\/v2\/parking?post=42739"},{"taxonomy":"outside_space","embeddable":true,"href":"https:\/\/www.llachserra.com\/es\/wp-json\/wp\/v2\/outside_space?post=42739"},{"taxonomy":"price_qualifier","embeddable":true,"href":"https:\/\/www.llachserra.com\/es\/wp-json\/wp\/v2\/price_qualifier?post=42739"},{"taxonomy":"tenure","embeddable":true,"href":"https:\/\/www.llachserra.com\/es\/wp-json\/wp\/v2\/tenure?post=42739"},{"taxonomy":"commercial_tenure","embeddable":true,"href":"https:\/\/www.llachserra.com\/es\/wp-json\/wp\/v2\/commercial_tenure?post=42739"},{"taxonomy":"sale_by","embeddable":true,"href":"https:\/\/www.llachserra.com\/es\/wp-json\/wp\/v2\/sale_by?post=42739"},{"taxonomy":"furnished","embeddable":true,"href":"https:\/\/www.llachserra.com\/es\/wp-json\/wp\/v2\/furnished?post=42739"},{"taxonomy":"marketing_flag","embeddable":true,"href":"https:\/\/www.llachserra.com\/es\/wp-json\/wp\/v2\/marketing_flag?post=42739"},{"taxonomy":"property_feature","embeddable":true,"href":"https:\/\/www.llachserra.com\/es\/wp-json\/wp\/v2\/property_feature?post=42739"}],"curies":[{"name":"wp","href":"https:\/\/api.w.org\/{rel}","templated":true}]}}

Amplia plaza de parking junto a Rambla Catalunya y Passeig de Gràcia

<p>¿Harto de perder tiempo buscando aparcamiento en el centro?~Tenemos la solución perfecta: una plaza de parking en alquiler, amplia y cómoda, situada en la planta -2 de un edificio de obra nueva en la calle Mallorca, a pocos pasos de Rambla Catalunya y Passeig de Gràcia.</p>
<p>Con acceso moderno, seguro y pensado para coches grandes, disfrutarás de una maniobrabilidad excelente y la tranquilidad de aparcar sin complicaciones. Además, existe la posibilidad de instalar un armario ignífugo, ideal para ganar espacio de almacenamiento extra con total seguridad.</p>
<p>En pleno corazón del Eixample, donde la demanda de aparcamiento es altísima, esta plaza se convierte en una oportunidad práctica y exclusiva.</p>
<p>CONDICIONES:~– Un mes de fianza~– Honorarios de agencia a consultar.</p>
<p>Una oportunidad única para disfrutar de la comodidad de tener tu propio espacio en una de las zonas más cotizadas de Barcelona.</p>
<p>📞 Contáctanos para más información o para concertar una visita.</p>
<p>AGENTE INMOBILIARIO: 6689 (AICAT)~Gastos de gestión no incluidos en el precio.~</p>
