{"id":40539,"date":"2025-10-10T15:11:46","date_gmt":"2025-10-10T13:11:46","guid":{"rendered":"https:\/\/www.llachserra.com\/property\/estupenda-habitacion-con-balcon\/"},"modified":"2026-01-08T02:20:09","modified_gmt":"2026-01-08T00:20:09","slug":"estupenda-habitacion-con-balcon","status":"publish","type":"property","link":"https:\/\/www.llachserra.com\/es\/property\/estupenda-habitacion-con-balcon\/","title":{"rendered":"ESTUPENDA HABITACI\u00d3N CON BALC\u00d3N"},"excerpt":{"rendered":"<p>DISPONIBLE A PARTIR DEL 21 DE DICIEMBRE DE 2025 HASTA EL 31 DE ENERO DE 2026 <\/p>\n<p>\u00a1Estupenda habitaci\u00f3n con balc\u00f3n privado en un piso reci\u00e9n reformado! <\/p>\n<p>Esta habitaci\u00f3n es perfecta para quienes buscan un espacio c\u00f3modo, moderno y con un extra especial: un balc\u00f3n privado donde podr\u00e1s disfrutar del aire fresco y la luz natural cada d\u00eda. Es la n\u00fam. 2 en el plano y est\u00e1 equipada con una cama individual super c\u00f3moda, un armario amplio para todas tus pertenencias, un escritorio funcional, ideal para estudiar o trabajar desde casa y aire acondicionado. El dise\u00f1o de la habitaci\u00f3n, con tonos claros y acabados modernos, ofrece un ambiente c\u00e1lido y acogedor que te har\u00e1 sentir como en casa desde el primer momento.<\/p>\n<p>SOBRE EL APARTAMENTO: Este espectacular apartamento reci\u00e9n reformado con mucho gusto est\u00e1 ubicado en la cuarta planta de un edificio con ascensor. El piso ha sido dise\u00f1ado para ofrecer un ambiente c\u00e1lido, elegante y funcional, ideal para compartir entre compa\u00f1eros.<\/p>\n<p>Las zonas comunes destacan por su amplitud y dise\u00f1o moderno:<\/p>\n<p>\u2022 Cocina conectada con el sal\u00f3n: Espaciosa y totalmente equipada con microondas, lavavajillas, nevera, horno y una mesa para 4 personas, perfecta para las comidas del d\u00eda a d\u00eda.<\/p>\n<p>\u2022 Sal\u00f3n acogedor con balc\u00f3n: Desde el sal\u00f3n se accede a un balc\u00f3n privado con vistas impresionantes a las Torres Mapfre, ideal para disfrutar de la luz natural y el aire fresco.~  ~\u2022 Ba\u00f1o principal: Equipado con ducha, lavabo con cajones y un armario donde se encuentra la lavadora-secadora.<\/p>\n<p>\u2022 Aseo adicional: Ideal para mayor comodidad en la convivencia.<\/p>\n<p>El apartamento ha sido reformado con materiales de alta calidad, utilizando tonos c\u00e1lidos, texturas modernas y un dise\u00f1o n\u00f3rdico que aporta estilo y funcionalidad a cada rinc\u00f3n.<\/p>\n<p>SERVICIOS INCLUIDOS:<\/p>\n<p>\u2022 Limpieza de las zonas comunes una vez por semana para mantener siempre un espacio impecable.<\/p>\n<p>\u2022 Suministros incluidos en la renta (agua, electricidad con un tope de 80 \u20ac mensuales e internet). Si se supera este tope, el coste adicional se dividir\u00e1 entre los inquilinos.<\/p>\n<p>UBICACI\u00d3N: Ubicado en el Poblenou, el barrio m\u00e1s de moda de Barcelona, este apartamento est\u00e1 rodeado de empresas j\u00f3venes y opciones culturales y de ocio. A 10 minutos a pie de la playa, a 15 minutos del centro comercial Diagonal Mar y a solo 7 paradas de metro de Plaza Catalu\u00f1a, esta ubicaci\u00f3n es perfecta para disfrutar de la ciudad.<\/p>\n<p>CONDICIONES:<\/p>\n<p>\u2022Fianza: A consultar.~\u2022Limpieza final: 125 \u20ac al finalizar el contrato.~\u2022Mascotas: No se aceptan.~\u2022Fumar: Prohibido en el apartamento.<\/p>\n<p>\u00bfTe interesa? Contacta con nosotros para obtener m\u00e1s informaci\u00f3n o para agendar una visita.<\/p>\n<p> \u00a1No pierdas la oportunidad de vivir en este espectacular piso reci\u00e9n reformado!<\/p>\n<p>AGENTE INMOBILIARIO N.\u00a0\u00ba\u00a06689\u00a0(AICAT)~<\/p>\n","protected":false},"template":"","availability":"Lloguer","property_type":"Altres, Others, Otros","location":"Espanya","parking":"","outside_space":"","price_qualifier":"","furnished":"","marketing_flag":"","property_feature":[],"class_list":["post-40539","type-property","status-publish","availability-let","property_type-other","property_type-other-en","property_type-other-es","location-espanya","ph-cols-3","property","department-residential-lettings","office-2757"],"acf":[],"department":"residential-lettings","reference_number":"V-269.2","address_street":"","address_two":"","address_three":"El Poblenou","address_four":"Barcelona","address_postcode":"08005","address_country":"ES","latitude":"41.3980217469133","longitude":"2.1989158735865098","price_actual":"597.5478558541","price":"690","price_formatted":"690&euro; pcm","rent_frequency":"pcm","currency":"EUR","council_tax_band":"","deposit":"","available_date":"","bedrooms":"4","bathrooms":"2","reception_rooms":"","on_market":"","featured":"","features":[],"description":"","office":{"name":"My Office","address":"","telephone_number":"","email_address":""},"negotiator":{"name":"admin","telephone_number":"","email_address":"roger@demomentsomtres.com"},"images":[],"floorplans":[],"brochures":[],"epcs":[],"virtual_tours":[],"views_total":33248,"views_last_7_days":1723,"views_last_14_days":3298,"views_last_30_days":7051,"_links":{"self":[{"href":"https:\/\/www.llachserra.com\/es\/wp-json\/wp\/v2\/property\/40539","targetHints":{"allow":["GET"]}}],"collection":[{"href":"https:\/\/www.llachserra.com\/es\/wp-json\/wp\/v2\/property"}],"about":[{"href":"https:\/\/www.llachserra.com\/es\/wp-json\/wp\/v2\/types\/property"}],"wp:attachment":[{"href":"https:\/\/www.llachserra.com\/es\/wp-json\/wp\/v2\/media?parent=40539"}],"wp:term":[{"taxonomy":"availability","embeddable":true,"href":"https:\/\/www.llachserra.com\/es\/wp-json\/wp\/v2\/availability?post=40539"},{"taxonomy":"property_type","embeddable":true,"href":"https:\/\/www.llachserra.com\/es\/wp-json\/wp\/v2\/property_type?post=40539"},{"taxonomy":"commercial_property_type","embeddable":true,"href":"https:\/\/www.llachserra.com\/es\/wp-json\/wp\/v2\/commercial_property_type?post=40539"},{"taxonomy":"location","embeddable":true,"href":"https:\/\/www.llachserra.com\/es\/wp-json\/wp\/v2\/location?post=40539"},{"taxonomy":"parking","embeddable":true,"href":"https:\/\/www.llachserra.com\/es\/wp-json\/wp\/v2\/parking?post=40539"},{"taxonomy":"outside_space","embeddable":true,"href":"https:\/\/www.llachserra.com\/es\/wp-json\/wp\/v2\/outside_space?post=40539"},{"taxonomy":"price_qualifier","embeddable":true,"href":"https:\/\/www.llachserra.com\/es\/wp-json\/wp\/v2\/price_qualifier?post=40539"},{"taxonomy":"tenure","embeddable":true,"href":"https:\/\/www.llachserra.com\/es\/wp-json\/wp\/v2\/tenure?post=40539"},{"taxonomy":"commercial_tenure","embeddable":true,"href":"https:\/\/www.llachserra.com\/es\/wp-json\/wp\/v2\/commercial_tenure?post=40539"},{"taxonomy":"sale_by","embeddable":true,"href":"https:\/\/www.llachserra.com\/es\/wp-json\/wp\/v2\/sale_by?post=40539"},{"taxonomy":"furnished","embeddable":true,"href":"https:\/\/www.llachserra.com\/es\/wp-json\/wp\/v2\/furnished?post=40539"},{"taxonomy":"marketing_flag","embeddable":true,"href":"https:\/\/www.llachserra.com\/es\/wp-json\/wp\/v2\/marketing_flag?post=40539"},{"taxonomy":"property_feature","embeddable":true,"href":"https:\/\/www.llachserra.com\/es\/wp-json\/wp\/v2\/property_feature?post=40539"}],"curies":[{"name":"wp","href":"https:\/\/api.w.org\/{rel}","templated":true}]}}

ESTUPENDA HABITACIÓN CON BALCÓN

<p>DISPONIBLE A PARTIR DEL 21 DE DICIEMBRE DE 2025 HASTA EL 31 DE ENERO DE 2026 </p>
<p>¡Estupenda habitación con balcón privado en un piso recién reformado! </p>
<p>Esta habitación es perfecta para quienes buscan un espacio cómodo, moderno y con un extra especial: un balcón privado donde podrás disfrutar del aire fresco y la luz natural cada día. Es la núm. 2 en el plano y está equipada con una cama individual super cómoda, un armario amplio para todas tus pertenencias, un escritorio funcional, ideal para estudiar o trabajar desde casa y aire acondicionado. El diseño de la habitación, con tonos claros y acabados modernos, ofrece un ambiente cálido y acogedor que te hará sentir como en casa desde el primer momento.</p>
<p>SOBRE EL APARTAMENTO: Este espectacular apartamento recién reformado con mucho gusto está ubicado en la cuarta planta de un edificio con ascensor. El piso ha sido diseñado para ofrecer un ambiente cálido, elegante y funcional, ideal para compartir entre compañeros.</p>
<p>Las zonas comunes destacan por su amplitud y diseño moderno:</p>
<p>• Cocina conectada con el salón: Espaciosa y totalmente equipada con microondas, lavavajillas, nevera, horno y una mesa para 4 personas, perfecta para las comidas del día a día.</p>
<p>• Salón acogedor con balcón: Desde el salón se accede a un balcón privado con vistas impresionantes a las Torres Mapfre, ideal para disfrutar de la luz natural y el aire fresco.~  ~• Baño principal: Equipado con ducha, lavabo con cajones y un armario donde se encuentra la lavadora-secadora.</p>
<p>• Aseo adicional: Ideal para mayor comodidad en la convivencia.</p>
<p>El apartamento ha sido reformado con materiales de alta calidad, utilizando tonos cálidos, texturas modernas y un diseño nórdico que aporta estilo y funcionalidad a cada rincón.</p>
<p>SERVICIOS INCLUIDOS:</p>
<p>• Limpieza de las zonas comunes una vez por semana para mantener siempre un espacio impecable.</p>
<p>• Suministros incluidos en la renta (agua, electricidad con un tope de 80 € mensuales e internet). Si se supera este tope, el coste adicional se dividirá entre los inquilinos.</p>
<p>UBICACIÓN: Ubicado en el Poblenou, el barrio más de moda de Barcelona, este apartamento está rodeado de empresas jóvenes y opciones culturales y de ocio. A 10 minutos a pie de la playa, a 15 minutos del centro comercial Diagonal Mar y a solo 7 paradas de metro de Plaza Cataluña, esta ubicación es perfecta para disfrutar de la ciudad.</p>
<p>CONDICIONES:</p>
<p>•Fianza: A consultar.~•Limpieza final: 125 € al finalizar el contrato.~•Mascotas: No se aceptan.~•Fumar: Prohibido en el apartamento.</p>
<p>¿Te interesa? Contacta con nosotros para obtener más información o para agendar una visita.</p>
<p> ¡No pierdas la oportunidad de vivir en este espectacular piso recién reformado!</p>
<p>AGENTE INMOBILIARIO N. º 6689 (AICAT)~</p>
