{"id":40009,"date":"2025-10-10T15:09:12","date_gmt":"2025-10-10T13:09:12","guid":{"rendered":"https:\/\/www.llachserra.com\/property\/alquiler-de-temporada-de-lets-live-barcelona-7\/"},"modified":"2026-03-26T02:19:04","modified_gmt":"2026-03-26T00:19:04","slug":"alquiler-de-temporada-de-lets-live-barcelona-7","status":"publish","type":"property","link":"https:\/\/www.llachserra.com\/es\/property\/alquiler-de-temporada-de-lets-live-barcelona-7\/","title":{"rendered":"ALQUILER DE TEMPORADA de LET&#8217;S LIVE BARCELONA"},"excerpt":{"rendered":"<p>ALQUILER DE TEMPORADA de LET&#8217;S LIVE BARCELONA<\/p>\n<p>DISPONIBLE INMEDIATAMENTE<\/p>\n<p>ALQUILER DE TEMPORADA.  ~Esta vivienda no puede constituir el domicilio habitual y permanente del inquilino. Se requiere declaraci\u00f3n responsable y la justificaci\u00f3n correspondiente en la que el inquilino exponga el motivo o necesidad de la temporalidad, el per\u00edodo de tiempo durante el que lo necesita y cu\u00e1l es su domicilio habitual y permanente. El inquilino utilizar\u00e1 la finca exclusivamente con fines temporales de alojamiento y en ning\u00fan caso ser\u00e1 considerada como vivienda habitual ni permanente del arrendatario ni de ninguno del resto de ocupantes. ~\u2022 Duraci\u00f3n: temporalidad seg\u00fan las necesidades del inquilino~\u2022 Los honorarios de comercializaci\u00f3n van a cargo del inquilino~\u2022 Se requieren dos meses de fianza~\u2022 El Impuesto sobre Transmisiones Patrimoniales (ITP) va a cargo del inquilino<\/p>\n<p>Amplio piso de dos habitaciones ubicado en una de las mejores zonas de Barcelona.<\/p>\n<p>El apartamento  cuenta con todo lo necesario para disfrutar de tu estancia. Encontrar\u00e1s el dormitorio principal equipado con cama de matrimonio y un dormitorio individual.<\/p>\n<p>El resto del apartamento dispone de sal\u00f3n con sof\u00e1, TV de pantalla plana, zona de comedor, conexi\u00f3n Wi-Fi gratuita, aire acondicionado, calefacci\u00f3n y una cocina moderna e integrada que contiene todo el equipamiento necesario para tu estancia (cafetera, tetera, microondas, horno, fogones y m\u00e1s). Adem\u00e1s, dispone de un ba\u00f1o completo con ducha.<\/p>\n<p>Ubicaci\u00f3n:<\/p>\n<p>Galvany, una de las zonas m\u00e1s prestigiosas de Barcelona. Este barrio es conocido por sus elegantes edificios, calles arboladas y una atm\u00f3sfera tranquila y residencial. Ofrece una amplia variedad de servicios, incluyendo boutiques exclusivas, restaurantes de alta calidad y mercados locales, como el Mercat de Galvany. Adem\u00e1s, est\u00e1 bien comunicado con el resto de la ciudad mediante transporte p\u00fablico, facilitando el acceso a otras \u00e1reas de Barcelona.<\/p>\n<p>Condiciones de Alquiler:~- Fianza a consultar.~- ITP del 0,50% de la renta total.~- Honorarios de agencia a consultar.~- Se admiten mascotas.~- En el precio del alquiler se incluyen limpiezas durante la estancia. Consultar detalles.<\/p>\n<p>Para m\u00e1s informaci\u00f3n, contacta con nosotros o visita la web:  https:\/\/letslivebarcelona.com<\/p>\n<p>AGENTE INMOBILIARIO N.\u00a0\u00ba\u00a06689\u00a0(AICAT)~Los gastos y honorarios de gesti\u00f3n van a cargo del arrendador.~<\/p>\n","protected":false},"template":"","availability":"","property_type":"Flat, Pis, Piso","location":"Espanya","parking":"","outside_space":"","price_qualifier":"","furnished":"","marketing_flag":"","property_feature":[],"class_list":["post-40009","type-property","status-publish","property_type-flat-en","property_type-flat","property_type-flat-es","location-espanya","ph-cols-3","property","department-residential-lettings","office-2757"],"acf":[],"department":"residential-lettings","reference_number":"S42","address_street":"","address_two":"","address_three":"Sant Gervasi - Galvany","address_four":"Barcelona","address_postcode":"08006","address_country":"ES","latitude":"41.398791077","longitude":"2.141853132","price_actual":"0","price":"2545","price_formatted":"2.545&euro; pcm","rent_frequency":"pcm","currency":"EUR","council_tax_band":"","deposit":"","available_date":"","bedrooms":"1","bathrooms":"1","reception_rooms":"","on_market":"","featured":"","features":[],"description":"","office":{"name":"My Office","address":"","telephone_number":"","email_address":""},"negotiator":{"name":"admin","telephone_number":"","email_address":"roger@demomentsomtres.com"},"images":[],"floorplans":[],"brochures":[],"epcs":[],"virtual_tours":[],"views_total":12493,"views_last_7_days":114,"views_last_14_days":173,"views_last_30_days":467,"_links":{"self":[{"href":"https:\/\/www.llachserra.com\/es\/wp-json\/wp\/v2\/property\/40009","targetHints":{"allow":["GET"]}}],"collection":[{"href":"https:\/\/www.llachserra.com\/es\/wp-json\/wp\/v2\/property"}],"about":[{"href":"https:\/\/www.llachserra.com\/es\/wp-json\/wp\/v2\/types\/property"}],"wp:attachment":[{"href":"https:\/\/www.llachserra.com\/es\/wp-json\/wp\/v2\/media?parent=40009"}],"wp:term":[{"taxonomy":"availability","embeddable":true,"href":"https:\/\/www.llachserra.com\/es\/wp-json\/wp\/v2\/availability?post=40009"},{"taxonomy":"property_type","embeddable":true,"href":"https:\/\/www.llachserra.com\/es\/wp-json\/wp\/v2\/property_type?post=40009"},{"taxonomy":"commercial_property_type","embeddable":true,"href":"https:\/\/www.llachserra.com\/es\/wp-json\/wp\/v2\/commercial_property_type?post=40009"},{"taxonomy":"location","embeddable":true,"href":"https:\/\/www.llachserra.com\/es\/wp-json\/wp\/v2\/location?post=40009"},{"taxonomy":"parking","embeddable":true,"href":"https:\/\/www.llachserra.com\/es\/wp-json\/wp\/v2\/parking?post=40009"},{"taxonomy":"outside_space","embeddable":true,"href":"https:\/\/www.llachserra.com\/es\/wp-json\/wp\/v2\/outside_space?post=40009"},{"taxonomy":"price_qualifier","embeddable":true,"href":"https:\/\/www.llachserra.com\/es\/wp-json\/wp\/v2\/price_qualifier?post=40009"},{"taxonomy":"tenure","embeddable":true,"href":"https:\/\/www.llachserra.com\/es\/wp-json\/wp\/v2\/tenure?post=40009"},{"taxonomy":"commercial_tenure","embeddable":true,"href":"https:\/\/www.llachserra.com\/es\/wp-json\/wp\/v2\/commercial_tenure?post=40009"},{"taxonomy":"sale_by","embeddable":true,"href":"https:\/\/www.llachserra.com\/es\/wp-json\/wp\/v2\/sale_by?post=40009"},{"taxonomy":"furnished","embeddable":true,"href":"https:\/\/www.llachserra.com\/es\/wp-json\/wp\/v2\/furnished?post=40009"},{"taxonomy":"marketing_flag","embeddable":true,"href":"https:\/\/www.llachserra.com\/es\/wp-json\/wp\/v2\/marketing_flag?post=40009"},{"taxonomy":"property_feature","embeddable":true,"href":"https:\/\/www.llachserra.com\/es\/wp-json\/wp\/v2\/property_feature?post=40009"}],"curies":[{"name":"wp","href":"https:\/\/api.w.org\/{rel}","templated":true}]}}

<p>ALQUILER DE TEMPORADA de LET&#8217;S LIVE BARCELONA</p>
<p>DISPONIBLE INMEDIATAMENTE</p>
<p>ALQUILER DE TEMPORADA.  ~Esta vivienda no puede constituir el domicilio habitual y permanente del inquilino. Se requiere declaración responsable y la justificación correspondiente en la que el inquilino exponga el motivo o necesidad de la temporalidad, el período de tiempo durante el que lo necesita y cuál es su domicilio habitual y permanente. El inquilino utilizará la finca exclusivamente con fines temporales de alojamiento y en ningún caso será considerada como vivienda habitual ni permanente del arrendatario ni de ninguno del resto de ocupantes. ~• Duración: temporalidad según las necesidades del inquilino~• Los honorarios de comercialización van a cargo del inquilino~• Se requieren dos meses de fianza~• El Impuesto sobre Transmisiones Patrimoniales (ITP) va a cargo del inquilino</p>
<p>Amplio piso de dos habitaciones ubicado en una de las mejores zonas de Barcelona.</p>
<p>El apartamento  cuenta con todo lo necesario para disfrutar de tu estancia. Encontrarás el dormitorio principal equipado con cama de matrimonio y un dormitorio individual.</p>
<p>El resto del apartamento dispone de salón con sofá, TV de pantalla plana, zona de comedor, conexión Wi-Fi gratuita, aire acondicionado, calefacción y una cocina moderna e integrada que contiene todo el equipamiento necesario para tu estancia (cafetera, tetera, microondas, horno, fogones y más). Además, dispone de un baño completo con ducha.</p>
<p>Ubicación:</p>
<p>Galvany, una de las zonas más prestigiosas de Barcelona. Este barrio es conocido por sus elegantes edificios, calles arboladas y una atmósfera tranquila y residencial. Ofrece una amplia variedad de servicios, incluyendo boutiques exclusivas, restaurantes de alta calidad y mercados locales, como el Mercat de Galvany. Además, está bien comunicado con el resto de la ciudad mediante transporte público, facilitando el acceso a otras áreas de Barcelona.</p>
<p>Condiciones de Alquiler:~- Fianza a consultar.~- ITP del 0,50% de la renta total.~- Honorarios de agencia a consultar.~- Se admiten mascotas.~- En el precio del alquiler se incluyen limpiezas durante la estancia. Consultar detalles.</p>
<p>Para más información, contacta con nosotros o visita la web:  https://letslivebarcelona.com</p>
<p>AGENTE INMOBILIARIO N. º 6689 (AICAT)~Los gastos y honorarios de gestión van a cargo del arrendador.~</p>
