{"id":39457,"date":"2025-10-10T15:06:35","date_gmt":"2025-10-10T13:06:35","guid":{"rendered":"https:\/\/www.llachserra.com\/property\/alquiler-de-temporada-de-lets-live-barcelona\/"},"modified":"2026-02-26T02:03:52","modified_gmt":"2026-02-26T00:03:52","slug":"alquiler-de-temporada-de-lets-live-barcelona","status":"publish","type":"property","link":"https:\/\/www.llachserra.com\/es\/property\/alquiler-de-temporada-de-lets-live-barcelona\/","title":{"rendered":"ALQUILER DE TEMPORADA de LET&#8217;S LIVE BARCELONA"},"excerpt":{"rendered":"<p>ALQUILER DE TEMPORADA de LET&#8217;S LIVE BARCELONA<\/p>\n<p>DISPONIBLE INMEDIATAMENTE<\/p>\n<p>ALQUILER DE TEMPORADA.  ~Esta vivienda no puede constituir el domicilio habitual y permanente del inquilino. Se requiere declaraci\u00f3n responsable y la justificaci\u00f3n correspondiente en la que el inquilino exponga el motivo o necesidad de la temporalidad, el per\u00edodo de tiempo durante el que lo necesita y cu\u00e1l es su domicilio habitual y permanente. El inquilino utilizar\u00e1 la finca exclusivamente con fines temporales de alojamiento y en ning\u00fan caso ser\u00e1 considerada como vivienda habitual ni permanente del arrendatario ni de ninguno del resto de ocupantes. ~\u2022 Duraci\u00f3n: temporalidad seg\u00fan las necesidades del inquilino~\u2022 Los honorarios de comercializaci\u00f3n van a cargo del inquilino~\u2022 Se requieren dos meses de fianza~\u2022 El Impuesto sobre Transmisiones Patrimoniales (ITP) va a cargo del inquilino<\/p>\n<p>Encantador apartamento ubicado en el hist\u00f3rico Barrio G\u00f3tico de Barcelona. <\/p>\n<p>Este espacio amueblado y exterior ofrece una estancia c\u00f3moda y funcional. El apartamento cuenta con todo lo necesario para disfrutar de tu estancia. Encontrar\u00e1s el dormitorio principal equipado con cama de matrimonio y armario para tu mayor comodidad. El sal\u00f3n est\u00e1 equipado con sof\u00e1, TV de pantalla plana, zona de comedor, conexi\u00f3n Wi-Fi gratuita, aire acondicionado y una cocina moderna e integrada que contiene todo el equipamiento necesario para tu estancia (cafetera, microondas, horno, fogones y m\u00e1s). Adem\u00e1s, dispone de un ba\u00f1o completo con ducha.<\/p>\n<p>Este apartamento totalmente equipado le garantiza el mejor confort con todas las comodidades: ropa de cama, caja fuerte, ba\u00f1o equipado (secador de pelo, toallas), wi-fi, smart TV, contacto de emergencia 24 horas, servicio de limpieza y ascensor.<\/p>\n<p>Ubicaci\u00f3n:<\/p>\n<p>Este apartamento se encuentra en el ic\u00f3nico Barrio G\u00f3tico, el coraz\u00f3n hist\u00f3rico de Barcelona. Rodeado de calles empedradas, plazas encantadoras y monumentos como la Catedral de Barcelona, ofrece una ubicaci\u00f3n inmejorable. La zona cuenta con una amplia oferta de comercios, restaurantes y excelente conexi\u00f3n con el transporte p\u00fablico, ideal para quienes desean vivir el encanto y la energ\u00eda de la ciudad.<\/p>\n<p>Condiciones de Alquiler:~- Fianza a consultar.~- ITP del 0,50% de la renta total.~- Honorarios de agencia a consultar.~- Se admiten mascotas.~- En el precio del alquiler se incluyen limpiezas durante la estancia. Consultar detalles.<\/p>\n<p>Para m\u00e1s informaci\u00f3n, contacta con nosotros o visita la web:  https:\/\/letslivebarcelona.com<\/p>\n<p>AGENTE INMOBILIARIO N.\u00a0\u00ba\u00a06689\u00a0(AICAT)~Los gastos y honorarios de gesti\u00f3n van a cargo del arrendador.~<\/p>\n","protected":false},"template":"","availability":"","property_type":"Flat, Pis, Piso","location":"Espanya","parking":"","outside_space":"","price_qualifier":"","furnished":"","marketing_flag":"","property_feature":[],"class_list":["post-39457","type-property","status-publish","property_type-flat-en","property_type-flat","property_type-flat-es","location-espanya","ph-cols-3","property","department-residential-lettings","office-2757"],"acf":[],"department":"residential-lettings","reference_number":"C1","address_street":"","address_two":"","address_three":"El G\u00f2tic","address_four":"Barcelona","address_postcode":"08002","address_country":"ES","latitude":"41.3817752642823","longitude":"2.1785021202477304","price_actual":"0","price":"1695","price_formatted":"1.695&euro; pcm","rent_frequency":"pcm","currency":"EUR","council_tax_band":"","deposit":"","available_date":"","bedrooms":"0","bathrooms":"1","reception_rooms":"","on_market":"","featured":"","features":[],"description":"","office":{"name":"My Office","address":"","telephone_number":"","email_address":""},"negotiator":{"name":"admin","telephone_number":"","email_address":"roger@demomentsomtres.com"},"images":[],"floorplans":[],"brochures":[],"epcs":[],"virtual_tours":[],"views_total":20836,"views_last_7_days":356,"views_last_14_days":779,"views_last_30_days":1830,"_links":{"self":[{"href":"https:\/\/www.llachserra.com\/es\/wp-json\/wp\/v2\/property\/39457","targetHints":{"allow":["GET"]}}],"collection":[{"href":"https:\/\/www.llachserra.com\/es\/wp-json\/wp\/v2\/property"}],"about":[{"href":"https:\/\/www.llachserra.com\/es\/wp-json\/wp\/v2\/types\/property"}],"wp:attachment":[{"href":"https:\/\/www.llachserra.com\/es\/wp-json\/wp\/v2\/media?parent=39457"}],"wp:term":[{"taxonomy":"availability","embeddable":true,"href":"https:\/\/www.llachserra.com\/es\/wp-json\/wp\/v2\/availability?post=39457"},{"taxonomy":"property_type","embeddable":true,"href":"https:\/\/www.llachserra.com\/es\/wp-json\/wp\/v2\/property_type?post=39457"},{"taxonomy":"commercial_property_type","embeddable":true,"href":"https:\/\/www.llachserra.com\/es\/wp-json\/wp\/v2\/commercial_property_type?post=39457"},{"taxonomy":"location","embeddable":true,"href":"https:\/\/www.llachserra.com\/es\/wp-json\/wp\/v2\/location?post=39457"},{"taxonomy":"parking","embeddable":true,"href":"https:\/\/www.llachserra.com\/es\/wp-json\/wp\/v2\/parking?post=39457"},{"taxonomy":"outside_space","embeddable":true,"href":"https:\/\/www.llachserra.com\/es\/wp-json\/wp\/v2\/outside_space?post=39457"},{"taxonomy":"price_qualifier","embeddable":true,"href":"https:\/\/www.llachserra.com\/es\/wp-json\/wp\/v2\/price_qualifier?post=39457"},{"taxonomy":"tenure","embeddable":true,"href":"https:\/\/www.llachserra.com\/es\/wp-json\/wp\/v2\/tenure?post=39457"},{"taxonomy":"commercial_tenure","embeddable":true,"href":"https:\/\/www.llachserra.com\/es\/wp-json\/wp\/v2\/commercial_tenure?post=39457"},{"taxonomy":"sale_by","embeddable":true,"href":"https:\/\/www.llachserra.com\/es\/wp-json\/wp\/v2\/sale_by?post=39457"},{"taxonomy":"furnished","embeddable":true,"href":"https:\/\/www.llachserra.com\/es\/wp-json\/wp\/v2\/furnished?post=39457"},{"taxonomy":"marketing_flag","embeddable":true,"href":"https:\/\/www.llachserra.com\/es\/wp-json\/wp\/v2\/marketing_flag?post=39457"},{"taxonomy":"property_feature","embeddable":true,"href":"https:\/\/www.llachserra.com\/es\/wp-json\/wp\/v2\/property_feature?post=39457"}],"curies":[{"name":"wp","href":"https:\/\/api.w.org\/{rel}","templated":true}]}}

<p>ALQUILER DE TEMPORADA de LET&#8217;S LIVE BARCELONA</p>
<p>DISPONIBLE INMEDIATAMENTE</p>
<p>ALQUILER DE TEMPORADA.  ~Esta vivienda no puede constituir el domicilio habitual y permanente del inquilino. Se requiere declaración responsable y la justificación correspondiente en la que el inquilino exponga el motivo o necesidad de la temporalidad, el período de tiempo durante el que lo necesita y cuál es su domicilio habitual y permanente. El inquilino utilizará la finca exclusivamente con fines temporales de alojamiento y en ningún caso será considerada como vivienda habitual ni permanente del arrendatario ni de ninguno del resto de ocupantes. ~• Duración: temporalidad según las necesidades del inquilino~• Los honorarios de comercialización van a cargo del inquilino~• Se requieren dos meses de fianza~• El Impuesto sobre Transmisiones Patrimoniales (ITP) va a cargo del inquilino</p>
<p>Encantador apartamento ubicado en el histórico Barrio Gótico de Barcelona. </p>
<p>Este espacio amueblado y exterior ofrece una estancia cómoda y funcional. El apartamento cuenta con todo lo necesario para disfrutar de tu estancia. Encontrarás el dormitorio principal equipado con cama de matrimonio y armario para tu mayor comodidad. El salón está equipado con sofá, TV de pantalla plana, zona de comedor, conexión Wi-Fi gratuita, aire acondicionado y una cocina moderna e integrada que contiene todo el equipamiento necesario para tu estancia (cafetera, microondas, horno, fogones y más). Además, dispone de un baño completo con ducha.</p>
<p>Este apartamento totalmente equipado le garantiza el mejor confort con todas las comodidades: ropa de cama, caja fuerte, baño equipado (secador de pelo, toallas), wi-fi, smart TV, contacto de emergencia 24 horas, servicio de limpieza y ascensor.</p>
<p>Ubicación:</p>
<p>Este apartamento se encuentra en el icónico Barrio Gótico, el corazón histórico de Barcelona. Rodeado de calles empedradas, plazas encantadoras y monumentos como la Catedral de Barcelona, ofrece una ubicación inmejorable. La zona cuenta con una amplia oferta de comercios, restaurantes y excelente conexión con el transporte público, ideal para quienes desean vivir el encanto y la energía de la ciudad.</p>
<p>Condiciones de Alquiler:~- Fianza a consultar.~- ITP del 0,50% de la renta total.~- Honorarios de agencia a consultar.~- Se admiten mascotas.~- En el precio del alquiler se incluyen limpiezas durante la estancia. Consultar detalles.</p>
<p>Para más información, contacta con nosotros o visita la web:  https://letslivebarcelona.com</p>
<p>AGENTE INMOBILIARIO N. º 6689 (AICAT)~Los gastos y honorarios de gestión van a cargo del arrendador.~</p>

El Gòtic
