{"id":39324,"date":"2025-10-10T15:05:58","date_gmt":"2025-10-10T13:05:58","guid":{"rendered":"https:\/\/www.llachserra.com\/property\/atico-duplex-con-terraza\/"},"modified":"2025-11-18T02:15:25","modified_gmt":"2025-11-18T00:15:25","slug":"atico-duplex-con-terraza","status":"publish","type":"property","link":"https:\/\/www.llachserra.com\/es\/property\/atico-duplex-con-terraza\/","title":{"rendered":"\u00c1TICO D\u00daPLEX CON TERRAZA"},"excerpt":{"rendered":"<p>En el barrio del Poble Nou de Vilafranca te espera este espectacular \u00e1tico d\u00faplex que lo tiene todo para hacerte sentir en casa desde el primer momento. Un hogar que respira amplitud, comodidad y ese encanto especial de vivir en lo m\u00e1s alto.<\/p>\n<p>En la primera planta, al entrar, te envuelve un sal\u00f3n comedor muy espacioso, con salida directa al balc\u00f3n: el rinc\u00f3n perfecto para tomar el aire o un caf\u00e9 a primera hora. La cocina independiente, funcional y acogedora, cuenta tambi\u00e9n con un pr\u00e1ctico lavadero. En esta misma planta hay un ba\u00f1o completo con ba\u00f1era y dos habitaciones con armarios empotrados, una de ellas doble, ideales para adaptarlas a tus necesidades: dormitorios, despacho, sala de juegos\u2026<\/p>\n<p>Subes las escaleras y descubres otro dormitorio con armarios empotrados, un ba\u00f1o completo con ducha, una zona tipo buhardilla para almacenamiento y\u2026 lo mejor: una terraza espectacular, muy amplia, con zona de barbacoa y todo lo necesario para disfrutar del buen tiempo, las noches de verano y los domingos de relax.<\/p>\n<p>Adem\u00e1s, la vivienda dispone de calefacci\u00f3n por radiadores de gas natural y bomba de aire fr\u00edo y caliente, para que la temperatura sea siempre la ideal, sea cual sea la estaci\u00f3n.<\/p>\n<p>Un hogar de esos que no solo se ven bonitos, sino que te hacen vivir mejor.~\ud83d\udc49 \u00bfTe gustar\u00eda verlo en persona? Ll\u00e1manos y ven a descubrirlo.<\/p>\n<p>AGENTE INMOBILIARIO N\u00daM. 6689 (AICAT).~Los gastos e impuestos de la compraventa no est\u00e1n incluidos en el precio.<\/p>\n","protected":false},"template":"","availability":"En venda","property_type":"Flat, Pis, Piso","location":"Espanya","parking":"","outside_space":"","price_qualifier":"","tenure":"","sale_by":"","marketing_flag":"","property_feature":[],"class_list":["post-39324","type-property","status-publish","availability-for-sale","property_type-flat-en","property_type-flat","property_type-flat-es","location-espanya","ph-cols-3","property","department-residential-sales","office-2757"],"acf":[],"department":"residential-sales","reference_number":"T-398","address_street":"","address_two":"","address_three":"Poble nou","address_four":"Vilafranca del Penedes","address_postcode":"08720","address_country":"ES","latitude":"41.34114272776554","longitude":"1.6948273380079968","price_actual":"233779.80983697","price":"265000","price_formatted":"265.000&euro;","currency":"EUR","council_tax_band":"","bedrooms":"1","bathrooms":"2","reception_rooms":"","on_market":"","featured":"","features":[],"description":"","office":{"name":"My Office","address":"","telephone_number":"","email_address":""},"negotiator":{"name":"admin","telephone_number":"","email_address":"roger@demomentsomtres.com"},"images":[],"floorplans":[],"brochures":[],"epcs":[],"virtual_tours":[],"views_total":2044,"views_last_7_days":31,"views_last_14_days":58,"views_last_30_days":99,"_links":{"self":[{"href":"https:\/\/www.llachserra.com\/es\/wp-json\/wp\/v2\/property\/39324","targetHints":{"allow":["GET"]}}],"collection":[{"href":"https:\/\/www.llachserra.com\/es\/wp-json\/wp\/v2\/property"}],"about":[{"href":"https:\/\/www.llachserra.com\/es\/wp-json\/wp\/v2\/types\/property"}],"wp:attachment":[{"href":"https:\/\/www.llachserra.com\/es\/wp-json\/wp\/v2\/media?parent=39324"}],"wp:term":[{"taxonomy":"availability","embeddable":true,"href":"https:\/\/www.llachserra.com\/es\/wp-json\/wp\/v2\/availability?post=39324"},{"taxonomy":"property_type","embeddable":true,"href":"https:\/\/www.llachserra.com\/es\/wp-json\/wp\/v2\/property_type?post=39324"},{"taxonomy":"commercial_property_type","embeddable":true,"href":"https:\/\/www.llachserra.com\/es\/wp-json\/wp\/v2\/commercial_property_type?post=39324"},{"taxonomy":"location","embeddable":true,"href":"https:\/\/www.llachserra.com\/es\/wp-json\/wp\/v2\/location?post=39324"},{"taxonomy":"parking","embeddable":true,"href":"https:\/\/www.llachserra.com\/es\/wp-json\/wp\/v2\/parking?post=39324"},{"taxonomy":"outside_space","embeddable":true,"href":"https:\/\/www.llachserra.com\/es\/wp-json\/wp\/v2\/outside_space?post=39324"},{"taxonomy":"price_qualifier","embeddable":true,"href":"https:\/\/www.llachserra.com\/es\/wp-json\/wp\/v2\/price_qualifier?post=39324"},{"taxonomy":"tenure","embeddable":true,"href":"https:\/\/www.llachserra.com\/es\/wp-json\/wp\/v2\/tenure?post=39324"},{"taxonomy":"commercial_tenure","embeddable":true,"href":"https:\/\/www.llachserra.com\/es\/wp-json\/wp\/v2\/commercial_tenure?post=39324"},{"taxonomy":"sale_by","embeddable":true,"href":"https:\/\/www.llachserra.com\/es\/wp-json\/wp\/v2\/sale_by?post=39324"},{"taxonomy":"furnished","embeddable":true,"href":"https:\/\/www.llachserra.com\/es\/wp-json\/wp\/v2\/furnished?post=39324"},{"taxonomy":"marketing_flag","embeddable":true,"href":"https:\/\/www.llachserra.com\/es\/wp-json\/wp\/v2\/marketing_flag?post=39324"},{"taxonomy":"property_feature","embeddable":true,"href":"https:\/\/www.llachserra.com\/es\/wp-json\/wp\/v2\/property_feature?post=39324"}],"curies":[{"name":"wp","href":"https:\/\/api.w.org\/{rel}","templated":true}]}}

ÁTICO DÚPLEX CON TERRAZA

<p>En el barrio del Poble Nou de Vilafranca te espera este espectacular ático dúplex que lo tiene todo para hacerte sentir en casa desde el primer momento. Un hogar que respira amplitud, comodidad y ese encanto especial de vivir en lo más alto.</p>
<p>En la primera planta, al entrar, te envuelve un salón comedor muy espacioso, con salida directa al balcón: el rincón perfecto para tomar el aire o un café a primera hora. La cocina independiente, funcional y acogedora, cuenta también con un práctico lavadero. En esta misma planta hay un baño completo con bañera y dos habitaciones con armarios empotrados, una de ellas doble, ideales para adaptarlas a tus necesidades: dormitorios, despacho, sala de juegos…</p>
<p>Subes las escaleras y descubres otro dormitorio con armarios empotrados, un baño completo con ducha, una zona tipo buhardilla para almacenamiento y… lo mejor: una terraza espectacular, muy amplia, con zona de barbacoa y todo lo necesario para disfrutar del buen tiempo, las noches de verano y los domingos de relax.</p>
<p>Además, la vivienda dispone de calefacción por radiadores de gas natural y bomba de aire frío y caliente, para que la temperatura sea siempre la ideal, sea cual sea la estación.</p>
<p>Un hogar de esos que no solo se ven bonitos, sino que te hacen vivir mejor.~👉 ¿Te gustaría verlo en persona? Llámanos y ven a descubrirlo.</p>
<p>AGENTE INMOBILIARIO NÚM. 6689 (AICAT).~Los gastos e impuestos de la compraventa no están incluidos en el precio.</p>
