{"id":38808,"date":"2025-10-10T15:03:31","date_gmt":"2025-10-10T13:03:31","guid":{"rendered":"https:\/\/www.llachserra.com\/property\/alquiler-de-temporada-en-la-playa-de-st-salvador\/"},"modified":"2025-11-15T02:09:51","modified_gmt":"2025-11-15T00:09:51","slug":"alquiler-de-temporada-en-la-playa-de-st-salvador","status":"publish","type":"property","link":"https:\/\/www.llachserra.com\/es\/property\/alquiler-de-temporada-en-la-playa-de-st-salvador\/","title":{"rendered":"Alquiler de temporada  en la playa de St. Salvador"},"excerpt":{"rendered":"<p>CONTRATO DE TEMPORADA DESDE EL 15 DE SEPTIEMBRE AL 15 DE JUNIO<\/p>\n<p>Esta vivienda no puede constituir el domicilio habitual y permanente del inquilino. Se requiere declaraci\u00f3n responsable y la justificaci\u00f3n correspondiente en la que el inquilino exponga el motivo o necesidad de la temporalidad, el per\u00edodo de tiempo durante el que lo necesita y cu\u00e1l es su domicilio habitual y permanente. El inquilino utilizar\u00e1 la finca exclusivamente con fines temporales de alojamiento y en ning\u00fan caso ser\u00e1 considerada como vivienda habitual ni permanente del arrendatario ni de ninguno del resto de ocupantes.<\/p>\n<p>\u2022 Los honorarios de comercializaci\u00f3n can a cargo del inquilino~\u2022 Se requieren dos meses de fianza.~\u2022 El Impuesto sobre Transmisiones Patrimoniales (ITP) va a cargo del inquilino<\/p>\n<p>Precioso apartamento en un peque\u00f1o grupo residencial de edificios con piscina y zona verde. Ideal para profesores, monitores, trabajos por la zona temporal es donde lo \u00fanico que se ha llevar para vivir es la maleta, ya que est\u00e1 totalmente amueblado y con los utensilios para entrar a vivir.<\/p>\n<p>La vivienda se halla en Sant Salvador, barrio mar\u00edtimo de El Vendrell a escasos 300 metros de la playa, en una zona muy tranquila, cerca del Auditorio y del Museo Pau Casals, a menos de 5 minutos de la autopista C-32 (Pau Casals), la AP-7 y la N-340. Muy cerca de poblaciones como El Vendrell o Calafell, con todo tipo de servicios, mercados y zonas comerciales y a 45 minutos de Barcelona.<\/p>\n<p>Al entrar, despu\u00e9s del recibidor, encontramos un acogedor comedor con un amplio ventanal con acceso a una bonita terraza para tomar el fresco y poder comer o cenar tranquilamente. Al otro lado del recibidor encontramos, primero, la cocina, y despu\u00e9s, un ba\u00f1o con su ducha y mampara. Al fondo hay dos habitaciones. Una de ellas comunica con otra terraza que recibe el sol de ma\u00f1ana. Se trata de una vivienda totalmente exterior con luz natural durante todo el d\u00eda.<\/p>\n<p>El apartamento est\u00e1 en muy buen estado, con suelo de gres r\u00fastico, la carpinter\u00eda interior de pino y la exterior de aluminio con rotura de puente t\u00e9rmico y doble cristal de imitaci\u00f3n madera con sus correspondientes mosquiteras. Dispone de aire acondicionado. El agua caliente es por termo de gas butano. Tambi\u00e9n dispone de alarma.<\/p>\n<p>Los suministros se cobran a parte por un importe de 50\u20ac al mes. <\/p>\n<p>\u00a1Ideal para poder disfrutar durante todo el a\u00f1o de las bonitas playas de la costa Dorada a tres minutos del hogar! \u00a1No dejes pasar esta oportunidad! Pide una visita y ven a ver este magn\u00edfico apartamento.<\/p>\n<p>Se aceptan mascotas peque\u00f1as con seguro de responsabilidad civil y si hay alg\u00fan desperfecto en la vivienda, se har\u00e1 cargo el inquilino.<\/p>\n<p>Este inmueble no se encuentra en una zona de mercado de alquiler tensionado. La propiedad no tiene la consideraci\u00f3n de gran tenedor.<\/p>\n<p>AGENTE INMOBILIARIO N\u00daM. 6689 (AICAT).<\/p>\n","protected":false},"template":"","availability":"","property_type":"Flat, Pis, Piso","location":"Espanya","parking":"","outside_space":"","price_qualifier":"","furnished":"","marketing_flag":"","property_feature":[],"class_list":["post-38808","type-property","status-publish","property_type-flat-en","property_type-flat","property_type-flat-es","location-espanya","ph-cols-3","property","department-residential-lettings","office-2757"],"acf":[],"department":"residential-lettings","reference_number":"V-276","address_street":"","address_two":"","address_three":"Sant salvador","address_four":"El Vendrell","address_postcode":"43880","address_country":"ES","latitude":"41.18657778338596","longitude":"1.5386652147247162","price_actual":"0","price":"700","price_formatted":"700&euro; pcm","rent_frequency":"pcm","currency":"EUR","council_tax_band":"","deposit":"","available_date":"","bedrooms":"2","bathrooms":"1","reception_rooms":"","on_market":"","featured":"","features":[],"description":"","office":{"name":"My Office","address":"","telephone_number":"","email_address":""},"negotiator":{"name":"admin","telephone_number":"","email_address":"roger@demomentsomtres.com"},"images":[],"floorplans":[],"brochures":[],"epcs":[],"virtual_tours":[],"views_total":24478,"views_last_7_days":999,"views_last_14_days":1637,"views_last_30_days":3055,"_links":{"self":[{"href":"https:\/\/www.llachserra.com\/es\/wp-json\/wp\/v2\/property\/38808","targetHints":{"allow":["GET"]}}],"collection":[{"href":"https:\/\/www.llachserra.com\/es\/wp-json\/wp\/v2\/property"}],"about":[{"href":"https:\/\/www.llachserra.com\/es\/wp-json\/wp\/v2\/types\/property"}],"wp:attachment":[{"href":"https:\/\/www.llachserra.com\/es\/wp-json\/wp\/v2\/media?parent=38808"}],"wp:term":[{"taxonomy":"availability","embeddable":true,"href":"https:\/\/www.llachserra.com\/es\/wp-json\/wp\/v2\/availability?post=38808"},{"taxonomy":"property_type","embeddable":true,"href":"https:\/\/www.llachserra.com\/es\/wp-json\/wp\/v2\/property_type?post=38808"},{"taxonomy":"commercial_property_type","embeddable":true,"href":"https:\/\/www.llachserra.com\/es\/wp-json\/wp\/v2\/commercial_property_type?post=38808"},{"taxonomy":"location","embeddable":true,"href":"https:\/\/www.llachserra.com\/es\/wp-json\/wp\/v2\/location?post=38808"},{"taxonomy":"parking","embeddable":true,"href":"https:\/\/www.llachserra.com\/es\/wp-json\/wp\/v2\/parking?post=38808"},{"taxonomy":"outside_space","embeddable":true,"href":"https:\/\/www.llachserra.com\/es\/wp-json\/wp\/v2\/outside_space?post=38808"},{"taxonomy":"price_qualifier","embeddable":true,"href":"https:\/\/www.llachserra.com\/es\/wp-json\/wp\/v2\/price_qualifier?post=38808"},{"taxonomy":"tenure","embeddable":true,"href":"https:\/\/www.llachserra.com\/es\/wp-json\/wp\/v2\/tenure?post=38808"},{"taxonomy":"commercial_tenure","embeddable":true,"href":"https:\/\/www.llachserra.com\/es\/wp-json\/wp\/v2\/commercial_tenure?post=38808"},{"taxonomy":"sale_by","embeddable":true,"href":"https:\/\/www.llachserra.com\/es\/wp-json\/wp\/v2\/sale_by?post=38808"},{"taxonomy":"furnished","embeddable":true,"href":"https:\/\/www.llachserra.com\/es\/wp-json\/wp\/v2\/furnished?post=38808"},{"taxonomy":"marketing_flag","embeddable":true,"href":"https:\/\/www.llachserra.com\/es\/wp-json\/wp\/v2\/marketing_flag?post=38808"},{"taxonomy":"property_feature","embeddable":true,"href":"https:\/\/www.llachserra.com\/es\/wp-json\/wp\/v2\/property_feature?post=38808"}],"curies":[{"name":"wp","href":"https:\/\/api.w.org\/{rel}","templated":true}]}}

<p>CONTRATO DE TEMPORADA DESDE EL 15 DE SEPTIEMBRE AL 15 DE JUNIO</p>
<p>Esta vivienda no puede constituir el domicilio habitual y permanente del inquilino. Se requiere declaración responsable y la justificación correspondiente en la que el inquilino exponga el motivo o necesidad de la temporalidad, el período de tiempo durante el que lo necesita y cuál es su domicilio habitual y permanente. El inquilino utilizará la finca exclusivamente con fines temporales de alojamiento y en ningún caso será considerada como vivienda habitual ni permanente del arrendatario ni de ninguno del resto de ocupantes.</p>
<p>• Los honorarios de comercialización can a cargo del inquilino~• Se requieren dos meses de fianza.~• El Impuesto sobre Transmisiones Patrimoniales (ITP) va a cargo del inquilino</p>
<p>Precioso apartamento en un pequeño grupo residencial de edificios con piscina y zona verde. Ideal para profesores, monitores, trabajos por la zona temporal es donde lo único que se ha llevar para vivir es la maleta, ya que está totalmente amueblado y con los utensilios para entrar a vivir.</p>
<p>La vivienda se halla en Sant Salvador, barrio marítimo de El Vendrell a escasos 300 metros de la playa, en una zona muy tranquila, cerca del Auditorio y del Museo Pau Casals, a menos de 5 minutos de la autopista C-32 (Pau Casals), la AP-7 y la N-340. Muy cerca de poblaciones como El Vendrell o Calafell, con todo tipo de servicios, mercados y zonas comerciales y a 45 minutos de Barcelona.</p>
<p>Al entrar, después del recibidor, encontramos un acogedor comedor con un amplio ventanal con acceso a una bonita terraza para tomar el fresco y poder comer o cenar tranquilamente. Al otro lado del recibidor encontramos, primero, la cocina, y después, un baño con su ducha y mampara. Al fondo hay dos habitaciones. Una de ellas comunica con otra terraza que recibe el sol de mañana. Se trata de una vivienda totalmente exterior con luz natural durante todo el día.</p>
<p>El apartamento está en muy buen estado, con suelo de gres rústico, la carpintería interior de pino y la exterior de aluminio con rotura de puente térmico y doble cristal de imitación madera con sus correspondientes mosquiteras. Dispone de aire acondicionado. El agua caliente es por termo de gas butano. También dispone de alarma.</p>
<p>Los suministros se cobran a parte por un importe de 50€ al mes. </p>
<p>¡Ideal para poder disfrutar durante todo el año de las bonitas playas de la costa Dorada a tres minutos del hogar! ¡No dejes pasar esta oportunidad! Pide una visita y ven a ver este magnífico apartamento.</p>
<p>Se aceptan mascotas pequeñas con seguro de responsabilidad civil y si hay algún desperfecto en la vivienda, se hará cargo el inquilino.</p>
<p>Este inmueble no se encuentra en una zona de mercado de alquiler tensionado. La propiedad no tiene la consideración de gran tenedor.</p>
<p>AGENTE INMOBILIARIO NÚM. 6689 (AICAT).</p>
