{"id":38425,"date":"2025-10-10T15:01:45","date_gmt":"2025-10-10T13:01:45","guid":{"rendered":"https:\/\/www.llachserra.com\/property\/local-en-plaza-boters\/"},"modified":"2026-01-20T02:04:06","modified_gmt":"2026-01-20T00:04:06","slug":"local-en-plaza-boters","status":"publish","type":"property","link":"https:\/\/www.llachserra.com\/es\/property\/local-en-plaza-boters\/","title":{"rendered":"LOCAL EN PLAZA BOTERS"},"excerpt":{"rendered":"<p>\u00bfBuscas un peque\u00f1o espacio comercial estrat\u00e9gicamente ubicado para iniciar o expandir tu negocio? No busques m\u00e1s, este local de 24\u202fm\u00b2 en Poble Nou, Vilafranca del Pened\u00e8s, es la opci\u00f3n ideal para ti.<\/p>\n<p>Situado en una plaza tranquila y con f\u00e1cil acceso en coche, este local se encuentra a tan solo un minuto de la nueva zona comercial de la Avenida Tarragona y a cinco minutos del centro de la vila. Su ubicaci\u00f3n privilegiada lo convierte en el espacio perfecto para una amplia variedad de negocios, desde una oficina y\/o despacho hasta emprendimientos de diversos sectores.<\/p>\n<p>Con una distribuci\u00f3n pr\u00e1cticamente rectangular y con ba\u00f1o propio, este local ofrece una excelente flexibilidad para adaptarse a tus necesidades. Ya sea que busques un espacio para una tienda, un consultorio, un estudio o cualquier otro tipo de negocio, este local en Poble Nou es la oportunidad que has estado esperando.<\/p>\n<p>La tasa de las basuras va a cargo del arrendatario.<\/p>\n<p>No dejes pasar este momento de establecerte en una ubicaci\u00f3n estrat\u00e9gica, cerca de la nueva zona comercial y del centro de Vilafranca del Pened\u00e8s. Contacta ahora y agenda una visita para conocer m\u00e1s sobre este espacio comercial ideal para emprendedores.<\/p>\n<p>~AGENTE INMOBILIARIO N\u00daM. 6689 (AICAT).~<\/p>\n","protected":false},"template":"","availability":"Lloguer","property_type":"Commercial, Local comercial, Local comercial","location":"Espanya","parking":"","outside_space":"","price_qualifier":"","furnished":"","marketing_flag":"","property_feature":[],"class_list":["post-38425","type-property","status-publish","availability-let","property_type-commercial-en","property_type-commercial-es","property_type-commercial","location-espanya","ph-cols-3","property","department-residential-lettings","office-2757"],"acf":[],"department":"residential-lettings","reference_number":"L-320","address_street":"","address_two":"","address_three":"Poble nou","address_four":"Vilafranca del Penedes","address_postcode":"08720","address_country":"ES","latitude":"41.344872679","longitude":"1.699657433","price_actual":"303.82927405993","price":"350","price_formatted":"350&euro; pcm","rent_frequency":"pcm","currency":"EUR","council_tax_band":"","deposit":"","available_date":"","bedrooms":"0","bathrooms":"1","reception_rooms":"","on_market":"","featured":"","features":[],"description":"","office":{"name":"My Office","address":"","telephone_number":"","email_address":""},"negotiator":{"name":"admin","telephone_number":"","email_address":"roger@demomentsomtres.com"},"images":[],"floorplans":[],"brochures":[],"epcs":[],"virtual_tours":[],"views_total":28246,"views_last_7_days":19,"views_last_14_days":29,"views_last_30_days":59,"_links":{"self":[{"href":"https:\/\/www.llachserra.com\/es\/wp-json\/wp\/v2\/property\/38425","targetHints":{"allow":["GET"]}}],"collection":[{"href":"https:\/\/www.llachserra.com\/es\/wp-json\/wp\/v2\/property"}],"about":[{"href":"https:\/\/www.llachserra.com\/es\/wp-json\/wp\/v2\/types\/property"}],"wp:attachment":[{"href":"https:\/\/www.llachserra.com\/es\/wp-json\/wp\/v2\/media?parent=38425"}],"wp:term":[{"taxonomy":"availability","embeddable":true,"href":"https:\/\/www.llachserra.com\/es\/wp-json\/wp\/v2\/availability?post=38425"},{"taxonomy":"property_type","embeddable":true,"href":"https:\/\/www.llachserra.com\/es\/wp-json\/wp\/v2\/property_type?post=38425"},{"taxonomy":"commercial_property_type","embeddable":true,"href":"https:\/\/www.llachserra.com\/es\/wp-json\/wp\/v2\/commercial_property_type?post=38425"},{"taxonomy":"location","embeddable":true,"href":"https:\/\/www.llachserra.com\/es\/wp-json\/wp\/v2\/location?post=38425"},{"taxonomy":"parking","embeddable":true,"href":"https:\/\/www.llachserra.com\/es\/wp-json\/wp\/v2\/parking?post=38425"},{"taxonomy":"outside_space","embeddable":true,"href":"https:\/\/www.llachserra.com\/es\/wp-json\/wp\/v2\/outside_space?post=38425"},{"taxonomy":"price_qualifier","embeddable":true,"href":"https:\/\/www.llachserra.com\/es\/wp-json\/wp\/v2\/price_qualifier?post=38425"},{"taxonomy":"tenure","embeddable":true,"href":"https:\/\/www.llachserra.com\/es\/wp-json\/wp\/v2\/tenure?post=38425"},{"taxonomy":"commercial_tenure","embeddable":true,"href":"https:\/\/www.llachserra.com\/es\/wp-json\/wp\/v2\/commercial_tenure?post=38425"},{"taxonomy":"sale_by","embeddable":true,"href":"https:\/\/www.llachserra.com\/es\/wp-json\/wp\/v2\/sale_by?post=38425"},{"taxonomy":"furnished","embeddable":true,"href":"https:\/\/www.llachserra.com\/es\/wp-json\/wp\/v2\/furnished?post=38425"},{"taxonomy":"marketing_flag","embeddable":true,"href":"https:\/\/www.llachserra.com\/es\/wp-json\/wp\/v2\/marketing_flag?post=38425"},{"taxonomy":"property_feature","embeddable":true,"href":"https:\/\/www.llachserra.com\/es\/wp-json\/wp\/v2\/property_feature?post=38425"}],"curies":[{"name":"wp","href":"https:\/\/api.w.org\/{rel}","templated":true}]}}

<p>¿Buscas un pequeño espacio comercial estratégicamente ubicado para iniciar o expandir tu negocio? No busques más, este local de 24 m² en Poble Nou, Vilafranca del Penedès, es la opción ideal para ti.</p>
<p>Situado en una plaza tranquila y con fácil acceso en coche, este local se encuentra a tan solo un minuto de la nueva zona comercial de la Avenida Tarragona y a cinco minutos del centro de la vila. Su ubicación privilegiada lo convierte en el espacio perfecto para una amplia variedad de negocios, desde una oficina y/o despacho hasta emprendimientos de diversos sectores.</p>
<p>Con una distribución prácticamente rectangular y con baño propio, este local ofrece una excelente flexibilidad para adaptarse a tus necesidades. Ya sea que busques un espacio para una tienda, un consultorio, un estudio o cualquier otro tipo de negocio, este local en Poble Nou es la oportunidad que has estado esperando.</p>
<p>La tasa de las basuras va a cargo del arrendatario.</p>
<p>No dejes pasar este momento de establecerte en una ubicación estratégica, cerca de la nueva zona comercial y del centro de Vilafranca del Penedès. Contacta ahora y agenda una visita para conocer más sobre este espacio comercial ideal para emprendedores.</p>
<p>~AGENTE INMOBILIARIO NÚM. 6689 (AICAT).~</p>
