{"id":753,"date":"2024-07-16T13:21:52","date_gmt":"2024-07-16T11:21:52","guid":{"rendered":"https:\/\/www.llachserra.com\/venta-y-alquiler\/"},"modified":"2024-10-22T10:48:04","modified_gmt":"2024-10-22T08:48:04","slug":"venta-y-alquiler","status":"publish","type":"page","link":"https:\/\/www.llachserra.com\/es\/servicio\/venta-y-alquiler\/","title":{"rendered":"Venta y alquiler"},"content":{"rendered":"<p>[et_pb_section fb_built=\u00bb1&#8243; custom_padding_last_edited=\u00bboff|desktop\u00bb _builder_version=\u00bb4.26.0&#8243; _module_preset=\u00bbdefault\u00bb custom_margin=\u00bb50px||||false|false\u00bb custom_margin_tablet=\u00bb0px||||false|false\u00bb custom_margin_phone=\u00bb0px||||false|false\u00bb custom_margin_last_edited=\u00bbon|phone\u00bb custom_padding=\u00bb||||false|false\u00bb global_colors_info=\u00bb{}\u00bb][et_pb_row column_structure=\u00bb1_2,1_2&#8243; make_equal=\u00bbon\u00bb _builder_version=\u00bb4.26.0&#8243; _module_preset=\u00bbdefault\u00bb custom_padding=\u00bb0px||0px||true|false\u00bb custom_css_main_element=\u00bbalign-items:center;\u00bb global_colors_info=\u00bb{}\u00bb][et_pb_column type=\u00bb1_2&#8243; _builder_version=\u00bb4.26.0&#8243; _module_preset=\u00bbdefault\u00bb global_colors_info=\u00bb{}\u00bb][et_pb_cta title=\u00bbGesti\u00f3n de venta y alquiler\u00bb button_text=\u00bbM\u00e1s informaci\u00f3n\u00bb _builder_version=\u00bb4.27.0&#8243; _module_preset=\u00bbff9b9835-9a2a-43b8-9cf4-976f97bd4cb5&#8243; header_level=\u00bbh1&#8243; text_orientation=\u00bbleft\u00bb background_layout=\u00bblight\u00bb global_colors_info=\u00bb{}\u00bb]<\/p>\n<p><strong><em>Valoraci\u00f3n de la propiedad, asesoramiento y comercializaci\u00f3n.<\/em><\/strong><\/p>\n<p>\u00bfQuieres vender o alquilar tu propiedad? Comercializamos toda clase de inmuebles, tanto en el mercado de <strong>venta<\/strong> como el de <strong>alquiler. <\/strong> <\/p>\n<p>Te ofrecemos la mejor f\u00f3rmula para ubicar tu inmueble en el mercado con la <strong>m\u00e1xima visibilidad<\/strong> , enfocado al <em>target<\/em> m\u00e1s adecuado para vender tu propiedad.<\/p>\n<p>[\/et_pb_cta][\/et_pb_column][et_pb_column type=\u00bb1_2&#8243; _builder_version=\u00bb4.26.0&#8243; _module_preset=\u00bbdefault\u00bb global_colors_info=\u00bb{}\u00bb][et_pb_image src=\u00bbhttps:\/\/www.llachserra.com\/wp-content\/uploads\/2024\/07\/Lloguer-de-pisos-Llach-Serra-e1721369717762.jpg\u00bb alt=\u00bbGesti\u00f3n de comunidades | Llach Serra\u00bb title_text=\u00bbAlquiler de pisos Llach Serra\u00bb align=\u00bbright\u00bb force_fullwidth=\u00bbon\u00bb align_tablet=\u00bbleft\u00bb align_phone=\u00bbleft\u00bb align_last_edited=\u00bbon|desktop\u00bb _builder_version=\u00bb4.26.1&#8243; _module_preset=\u00bbdefault\u00bb global_colors_info=\u00bb{}\u00bb][\/et_pb_image][\/et_pb_column][\/et_pb_row][\/et_pb_section][et_pb_section fb_built=\u00bb1&#8243; _builder_version=\u00bb4.26.1&#8243; _module_preset=\u00bbdefault\u00bb custom_padding=\u00bb||120px||false|false\u00bb global_colors_info=\u00bb{}\u00bb][et_pb_row use_custom_gutter=\u00bbon\u00bb gutter_width=\u00bb2&#8243; custom_padding_last_edited=\u00bbon|phone\u00bb _builder_version=\u00bb4.26.0&#8243; _module_preset=\u00bbdefault\u00bb custom_padding_tablet=\u00bb||0px||false|false\u00bb custom_padding_phone=\u00bb||0px||false|false\u00bb global_colors_info=\u00bb{}\u00bb][et_pb_column type=\u00bb4_4&#8243; _builder_version=\u00bb4.26.0&#8243; _module_preset=\u00bbdefault\u00bb global_colors_info=\u00bb{}\u00bb][et_pb_text _builder_version=\u00bb4.26.1&#8243; _module_preset=\u00bbdefault\u00bb global_colors_info=\u00bb{}\u00bb]<\/p>\n<h2>Servicio de gesti\u00f3n de venta y alquileres<\/h2>\n<p>[\/et_pb_text][\/et_pb_column][\/et_pb_row][et_pb_row column_structure=\u00bb1_2,1_2&#8243; use_custom_gutter=\u00bbon\u00bb gutter_width=\u00bb2&#8243; custom_padding_last_edited=\u00bboff|desktop\u00bb module_class=\u00bbserveis-venda\u00bb _builder_version=\u00bb4.26.1&#8243; _module_preset=\u00bbdefault\u00bb custom_padding=\u00bb||0px||false|false\u00bb custom_padding_tablet=\u00bb||0px||false|false\u00bb global_colors_info=\u00bb{}\u00bb][et_pb_column type=\u00bb1_2&#8243; _builder_version=\u00bb4.26.0&#8243; _module_preset=\u00bbdefault\u00bb global_colors_info=\u00bb{}\u00bb][et_pb_blurb title=\u00bbValoraci\u00f3n de tu inmueble\u00bb use_icon=\u00bbon\u00bb font_icon=\u00bb&#xf51e;||fa||900&#8243; _builder_version=\u00bb4.26.1&#8243; _module_preset=\u00bbe1b44706-200e-4f26-b432-6327f77fb784&#8243; global_colors_info=\u00bb{}\u00bb]<\/p>\n<p>Visitamos tu inmueble para realizar una <strong>valoraci\u00f3n profesional y personalizada<\/strong> teniendo en cuenta los precios de cierre reales de la zona.<\/p>\n<p>[\/et_pb_blurb][\/et_pb_column][et_pb_column type=\u00bb1_2&#8243; _builder_version=\u00bb4.26.0&#8243; _module_preset=\u00bbdefault\u00bb global_colors_info=\u00bb{}\u00bb][et_pb_blurb title=\u00bbPuesta a punto\u00bb use_icon=\u00bbon\u00bb font_icon=\u00bb&#xf03e;||fa||900&#8243; _builder_version=\u00bb4.27.0&#8243; _module_preset=\u00bbe1b44706-200e-4f26-b432-6327f77fb784&#8243; hover_enabled=\u00bb0&#8243; global_colors_info=\u00bb{}\u00bb sticky_enabled=\u00bb0&#8243;]<\/p>\n<p>Te asesoramos para <strong>presentar tu inmueble en el mercado de la mejor manera posible<\/strong> , quiz\u00e1s con un lavado de cara ( <em>relooking<\/em> ) o una propuesta de interiorismo ( <em>home staging<\/em> ) para hacerlo m\u00e1s atractivo. Y todo esto con un <strong>reportaje fotogr\u00e1fico profesional.<\/strong><\/p>\n<p>[\/et_pb_blurb][\/et_pb_column][\/et_pb_row][et_pb_row column_structure=\u00bb1_2,1_2&#8243; use_custom_gutter=\u00bbon\u00bb gutter_width=\u00bb2&#8243; custom_padding_last_edited=\u00bboff|desktop\u00bb module_class=\u00bbserveis-venda\u00bb _builder_version=\u00bb4.26.1&#8243; _module_preset=\u00bbdefault\u00bb custom_padding=\u00bb||0px||false|false\u00bb custom_padding_tablet=\u00bb||0px||false|false\u00bb global_colors_info=\u00bb{}\u00bb][et_pb_column type=\u00bb1_2&#8243; _builder_version=\u00bb4.26.0&#8243; _module_preset=\u00bbdefault\u00bb global_colors_info=\u00bb{}\u00bb][et_pb_blurb title=\u00bbPlan de marketing\u00bb use_icon=\u00bbon\u00bb font_icon=\u00bb&#xf200;||fa||900&#8243; _builder_version=\u00bb4.26.1&#8243; _module_preset=\u00bbe1b44706-200e-4f26-b432-6327f77fb784&#8243; global_colors_info=\u00bb{}\u00bb]<\/p>\n<p>Tenemos <strong>presencia en los principales portales inmobiliarios<\/strong> y una gran <strong>base de datos propia<\/strong> de potenciales interesados.<\/p>\n<p>[\/et_pb_blurb][\/et_pb_column][et_pb_column type=\u00bb1_2&#8243; _builder_version=\u00bb4.26.0&#8243; _module_preset=\u00bbdefault\u00bb global_colors_info=\u00bb{}\u00bb][et_pb_blurb title=\u00bbAsesoramiento\u00bb use_icon=\u00bbon\u00bb font_icon=\u00bb&#xf568;||fa||900&#8243; _builder_version=\u00bb4.26.1&#8243; _module_preset=\u00bbe1b44706-200e-4f26-b432-6327f77fb784&#8243; global_colors_info=\u00bb{}\u00bb]<\/p>\n<p><strong>Nos encargamos de todos los detalles del proceso<\/strong> de venta o alquiler para que solo tengas que ir a firmar. Y te mantenemos informado en todo momento. <\/p>\n<p>[\/et_pb_blurb][\/et_pb_column][\/et_pb_row][\/et_pb_section]<\/p>\n","protected":false},"excerpt":{"rendered":"<p>Valoraci\u00f3n de la propiedad, asesoramiento y comercializaci\u00f3n. \u00bfQuieres vender o alquilar tu propiedad? Comercializamos toda clase de inmuebles, tanto en el mercado de venta como el de alquiler. Te ofrecemos la mejor f\u00f3rmula para ubicar tu inmueble en el mercado con la m\u00e1xima visibilidad , enfocado al target m\u00e1s adecuado para vender tu propiedad.Servicio de [&hellip;]<\/p>\n","protected":false},"author":1,"featured_media":0,"parent":775,"menu_order":0,"comment_status":"closed","ping_status":"closed","template":"","meta":{"_acf_changed":false,"_et_pb_use_builder":"on","_et_pb_old_content":"","_et_gb_content_width":"","footnotes":""},"class_list":["post-753","page","type-page","status-publish","hentry"],"acf":[],"_links":{"self":[{"href":"https:\/\/www.llachserra.com\/es\/wp-json\/wp\/v2\/pages\/753","targetHints":{"allow":["GET"]}}],"collection":[{"href":"https:\/\/www.llachserra.com\/es\/wp-json\/wp\/v2\/pages"}],"about":[{"href":"https:\/\/www.llachserra.com\/es\/wp-json\/wp\/v2\/types\/page"}],"author":[{"embeddable":true,"href":"https:\/\/www.llachserra.com\/es\/wp-json\/wp\/v2\/users\/1"}],"replies":[{"embeddable":true,"href":"https:\/\/www.llachserra.com\/es\/wp-json\/wp\/v2\/comments?post=753"}],"version-history":[{"count":10,"href":"https:\/\/www.llachserra.com\/es\/wp-json\/wp\/v2\/pages\/753\/revisions"}],"predecessor-version":[{"id":1650,"href":"https:\/\/www.llachserra.com\/es\/wp-json\/wp\/v2\/pages\/753\/revisions\/1650"}],"up":[{"embeddable":true,"href":"https:\/\/www.llachserra.com\/es\/wp-json\/wp\/v2\/pages\/775"}],"wp:attachment":[{"href":"https:\/\/www.llachserra.com\/es\/wp-json\/wp\/v2\/media?parent=753"}],"curies":[{"name":"wp","href":"https:\/\/api.w.org\/{rel}","templated":true}]}}

<p>[et_pb_section fb_built=»1&#8243; custom_padding_last_edited=»off|desktop» _builder_version=»4.26.0&#8243; _module_preset=»default» custom_margin=»50px||||false|false» custom_margin_tablet=»0px||||false|false» custom_margin_phone=»0px||||false|false» custom_margin_last_edited=»on|phone» custom_padding=»||||false|false» global_colors_info=»{}»][et_pb_row column_structure=»1_2,1_2&#8243; make_equal=»on» _builder_version=»4.26.0&#8243; _module_preset=»default» custom_padding=»0px||0px||true|false» custom_css_main_element=»align-items:center;» global_colors_info=»{}»][et_pb_column type=»1_2&#8243; _builder_version=»4.26.0&#8243; _module_preset=»default» global_colors_info=»{}»][et_pb_cta title=»Gestión de venta y alquiler» button_text=»Más información» _builder_version=»4.27.0&#8243; _module_preset=»ff9b9835-9a2a-43b8-9cf4-976f97bd4cb5&#8243; header_level=»h1&#8243; text_orientation=»left» background_layout=»light» global_colors_info=»{}»]</p>
<p><strong><em>Valoración de la propiedad, asesoramiento y comercialización.</em></strong></p>
<p>¿Quieres vender o alquilar tu propiedad? Comercializamos toda clase de inmuebles, tanto en el mercado de <strong>venta</strong> como el de <strong>alquiler. </strong> </p>
<p>Te ofrecemos la mejor fórmula para ubicar tu inmueble en el mercado con la <strong>máxima visibilidad</strong> , enfocado al <em>target</em> más adecuado para vender tu propiedad.</p>
<p>[/et_pb_cta][/et_pb_column][et_pb_column type=»1_2&#8243; _builder_version=»4.26.0&#8243; _module_preset=»default» global_colors_info=»{}»][et_pb_image src=»https://www.llachserra.com/wp-content/uploads/2024/07/Lloguer-de-pisos-Llach-Serra-e1721369717762.jpg» alt=»Gestión de comunidades | Llach Serra» title_text=»Alquiler de pisos Llach Serra» align=»right» force_fullwidth=»on» align_tablet=»left» align_phone=»left» align_last_edited=»on|desktop» _builder_version=»4.26.1&#8243; _module_preset=»default» global_colors_info=»{}»][/et_pb_image][/et_pb_column][/et_pb_row][/et_pb_section][et_pb_section fb_built=»1&#8243; _builder_version=»4.26.1&#8243; _module_preset=»default» custom_padding=»||120px||false|false» global_colors_info=»{}»][et_pb_row use_custom_gutter=»on» gutter_width=»2&#8243; custom_padding_last_edited=»on|phone» _builder_version=»4.26.0&#8243; _module_preset=»default» custom_padding_tablet=»||0px||false|false» custom_padding_phone=»||0px||false|false» global_colors_info=»{}»][et_pb_column type=»4_4&#8243; _builder_version=»4.26.0&#8243; _module_preset=»default» global_colors_info=»{}»][et_pb_text _builder_version=»4.26.1&#8243; _module_preset=»default» global_colors_info=»{}»]</p>
<h2>Servicio de gestión de venta y alquileres</h2>
<p>[/et_pb_text][/et_pb_column][/et_pb_row][et_pb_row column_structure=»1_2,1_2&#8243; use_custom_gutter=»on» gutter_width=»2&#8243; custom_padding_last_edited=»off|desktop» module_class=»serveis-venda» _builder_version=»4.26.1&#8243; _module_preset=»default» custom_padding=»||0px||false|false» custom_padding_tablet=»||0px||false|false» global_colors_info=»{}»][et_pb_column type=»1_2&#8243; _builder_version=»4.26.0&#8243; _module_preset=»default» global_colors_info=»{}»][et_pb_blurb title=»Valoración de tu inmueble» use_icon=»on» font_icon=»&#xf51e;||fa||900&#8243; _builder_version=»4.26.1&#8243; _module_preset=»e1b44706-200e-4f26-b432-6327f77fb784&#8243; global_colors_info=»{}»]</p>
<p>Visitamos tu inmueble para realizar una <strong>valoración profesional y personalizada</strong> teniendo en cuenta los precios de cierre reales de la zona.</p>
<p>[/et_pb_blurb][/et_pb_column][et_pb_column type=»1_2&#8243; _builder_version=»4.26.0&#8243; _module_preset=»default» global_colors_info=»{}»][et_pb_blurb title=»Puesta a punto» use_icon=»on» font_icon=»&#xf03e;||fa||900&#8243; _builder_version=»4.27.0&#8243; _module_preset=»e1b44706-200e-4f26-b432-6327f77fb784&#8243; hover_enabled=»0&#8243; global_colors_info=»{}» sticky_enabled=»0&#8243;]</p>
<p>Te asesoramos para <strong>presentar tu inmueble en el mercado de la mejor manera posible</strong> , quizás con un lavado de cara ( <em>relooking</em> ) o una propuesta de interiorismo ( <em>home staging</em> ) para hacerlo más atractivo. Y todo esto con un <strong>reportaje fotográfico profesional.</strong></p>
<p>[/et_pb_blurb][/et_pb_column][/et_pb_row][et_pb_row column_structure=»1_2,1_2&#8243; use_custom_gutter=»on» gutter_width=»2&#8243; custom_padding_last_edited=»off|desktop» module_class=»serveis-venda» _builder_version=»4.26.1&#8243; _module_preset=»default» custom_padding=»||0px||false|false» custom_padding_tablet=»||0px||false|false» global_colors_info=»{}»][et_pb_column type=»1_2&#8243; _builder_version=»4.26.0&#8243; _module_preset=»default» global_colors_info=»{}»][et_pb_blurb title=»Plan de marketing» use_icon=»on» font_icon=»&#xf200;||fa||900&#8243; _builder_version=»4.26.1&#8243; _module_preset=»e1b44706-200e-4f26-b432-6327f77fb784&#8243; global_colors_info=»{}»]</p>
<p>Tenemos <strong>presencia en los principales portales inmobiliarios</strong> y una gran <strong>base de datos propia</strong> de potenciales interesados.</p>
<p>[/et_pb_blurb][/et_pb_column][et_pb_column type=»1_2&#8243; _builder_version=»4.26.0&#8243; _module_preset=»default» global_colors_info=»{}»][et_pb_blurb title=»Asesoramiento» use_icon=»on» font_icon=»&#xf568;||fa||900&#8243; _builder_version=»4.26.1&#8243; _module_preset=»e1b44706-200e-4f26-b432-6327f77fb784&#8243; global_colors_info=»{}»]</p>
<p><strong>Nos encargamos de todos los detalles del proceso</strong> de venta o alquiler para que solo tengas que ir a firmar. Y te mantenemos informado en todo momento. </p>
<p>[/et_pb_blurb][/et_pb_column][/et_pb_row][/et_pb_section]</p>

<p>Valoración de la propiedad, asesoramiento y comercialización. ¿Quieres vender o alquilar tu propiedad? Comercializamos toda clase de inmuebles, tanto en el mercado de venta como el de alquiler. Te ofrecemos la mejor fórmula para ubicar tu inmueble en el mercado con la máxima visibilidad , enfocado al target más adecuado para vender tu propiedad.Servicio de [&hellip;]</p>
