{"id":62315,"date":"2026-03-26T02:39:39","date_gmt":"2026-03-26T00:39:39","guid":{"rendered":"https:\/\/www.llachserra.com\/property\/piso-luminoso-con-vistas-despejadas-en-sant-marti-sarroca\/"},"modified":"2026-04-15T01:07:03","modified_gmt":"2026-04-14T23:07:03","slug":"piso-luminoso-con-vistas-despejadas-en-sant-marti-sarroca","status":"publish","type":"property","link":"https:\/\/www.llachserra.com\/en\/property\/piso-luminoso-con-vistas-despejadas-en-sant-marti-sarroca\/","title":{"rendered":"Piso luminoso con vistas despejadas en Sant Mart\u00ed Sarroca"},"excerpt":{"rendered":"<p>No s&#8217;accepten mascotes. <\/p>\n<p>En un entorn tranquil i natural de Sant Mart\u00ed Sarroca, es troba aquest pis situat en una primera planta, ideal per a qui busca comoditat, llum natural i qualitat de vida en un ambient relaxat.<\/p>\n<p>L\u2019habitatge compta amb una superf\u00edcie aproximada de 72 m\u00b2 i presenta una distribuci\u00f3 funcional i molt ben aprofitada. El sal\u00f3-menjador \u00e9s ampli i molt llumin\u00f3s, gr\u00e0cies a un gran finestral que permet l\u2019entrada d\u2019abundant llum natural i ofereix vistes obertes a l\u2019entorn, pr\u00f2pies d\u2019una zona de mitja muntanya. Des d\u2019aquesta estan\u00e7a s\u2019accedeix directament al balc\u00f3 de l\u2019habitatge, un espai exterior agradable que aporta ventilaci\u00f3 i amplitud visual.<\/p>\n<p>Des del sal\u00f3 tamb\u00e9 s\u2019accedeix a la cuina independent, \u00e0mplia i completament equipada amb tots els electrodom\u00e8stics, que disposa a m\u00e9s d\u2019una finestra amb sortida al mateix balc\u00f3, compartint les mateixes vistes obertes i lluminoses.<\/p>\n<p>Al costat de la zona de dia s\u2019ubica un bany complet amb plat de dutxa, on tamb\u00e9 es troba la rentadora, aportant practicitat al dia a dia.<\/p>\n<p>La zona de nit, a la qual s\u2019accedeix mitjan\u00e7ant un passad\u00eds c\u00f2mode, es compon de tres habitacions:<\/p>\n<p>L\u2019habitaci\u00f3 principal, doble i tipus suite, disposa de bany complet amb plat de dutxa, un gran finestral amb les mateixes vistes obertes que el sal\u00f3 i un petit balc\u00f3 que aporta un toc especial de llum i ventilaci\u00f3.<\/p>\n<p>Les altres dues habitacions individuals compten amb finestra al pati interior, sent espais tranquils i vers\u00e0tils, ideals com a dormitoris addicionals, despatx o zona de treball.<\/p>\n<p>La finca disposa d\u2019ascensor, i el conjunt es troba en una zona molt tranquil\u00b7la, ideal per a qui valora el silenci, la natura i un ritme de vida relaxat, sense renunciar a la funcionalitat d\u2019un habitatge ben distribu\u00eft.<\/p>\n<p>El preu del lloguer inclou una pla\u00e7a de p\u00e0rquing a la mateixa finca.<\/p>\n<p>Una opci\u00f3 ideal per establir una llar c\u00f2moda i lluminosa en un entorn privilegiat.<\/p>\n<p>\ud83d\udcde Contacta amb nosaltres per a m\u00e9s informaci\u00f3 o per concertar una visita.<\/p>\n<p>\u2022 Superf\u00edcie constru\u00efda: 72,00 m2~\u2022 Superf\u00edcie \u00fatil: 71,75 m2~\u2022 Estat de l&#8217;habitatge: En bon estat ~\u2022 L&#8217;\u00edndex estatal de refer\u00e8ncia de lloguer va de 395,23\u20ac a 573,35\u20ac mensuals.~\u2022 Aquest immoble es troba a una zona de mercat de lloguer tensionat.~\u2022 Aquest immoble ha estat arrendat com a habitatge habitual amb un contracte d&#8217;arrendament subjecte a la LAU en els darrers cinc anys, sent la darrera renda de 557,45 \u20ac mensuals.~\u2022 La propietat no t\u00e9 la consideraci\u00f3 de gran tenidor.~\u2022 El lloguer inclou les despeses seg\u00fcents: Comunitat (63,16 \u20ac), IBI (26,45 \u20ac), Taxa Residus (27,94 \u20ac)~\u2022 Aquest habitatge disposa de C\u00e8dula d&#8217;Habitabilitat (CHB) en vigor amb el n\u00fam. CHB00442826001.~\u2022 Aquest immoble disposa de certificat d&#8217;efici\u00e8ncia energ\u00e8tica en vigor amb el n\u00fam. 6K1N2FXF7.~\u2022 Consum d&#8217;energia: lletra E (189 KWh\/m2 any).~\u2022 Emissions: Lletra E (35 kg CO2\/m2 any).<\/p>\n<p>Agent de la Propietat Immobili\u00e0ria n\u00fam. 3874~N\u00famero d&#8217;AICAT n\u00fam. 6689~Els honoraris de comercialitzaci\u00f3 i formalitzaci\u00f3 del contracte d&#8217;arrendament s\u00f3n a c\u00e0rrec de l&#8217;arrendador.~La gesti\u00f3 de l&#8217;impost de transmissions patrimonials (ITP) va a c\u00e0rrec de l&#8217;arrendatari~<\/p>\n","protected":false},"template":"","availability":"Lloguer","property_type":"Pis","location":"Espanya","parking":"","outside_space":"","price_qualifier":"","furnished":"","marketing_flag":"","property_feature":[],"class_list":["post-62315","type-property","status-publish","availability-let","property_type-flat","location-espanya","ph-cols-3","property","department-residential-lettings","office-2757"],"acf":[],"department":"residential-lettings","reference_number":"V-428","address_street":"","address_two":"","address_three":"Sant Mart\u00ed Sarroca","address_four":"Sant Marti Sarroca","address_postcode":"08731","address_country":"ES","latitude":"41.385545724","longitude":"1.611981862","price_actual":"587.74140182872","price":"675","price_formatted":"675&euro; pcm","rent_frequency":"pcm","currency":"EUR","council_tax_band":"","deposit":"","available_date":"","bedrooms":"1","bathrooms":"2","reception_rooms":"","on_market":"","featured":"","features":[],"description":"","office":{"name":"My Office","address":"","telephone_number":"","email_address":""},"negotiator":{"name":"","telephone_number":"","email_address":""},"images":[],"floorplans":[],"brochures":[],"epcs":[],"virtual_tours":[],"views_total":2893,"views_last_7_days":647,"views_last_14_days":1016,"views_last_30_days":2391,"_links":{"self":[{"href":"https:\/\/www.llachserra.com\/en\/wp-json\/wp\/v2\/property\/62315","targetHints":{"allow":["GET"]}}],"collection":[{"href":"https:\/\/www.llachserra.com\/en\/wp-json\/wp\/v2\/property"}],"about":[{"href":"https:\/\/www.llachserra.com\/en\/wp-json\/wp\/v2\/types\/property"}],"wp:attachment":[{"href":"https:\/\/www.llachserra.com\/en\/wp-json\/wp\/v2\/media?parent=62315"}],"wp:term":[{"taxonomy":"availability","embeddable":true,"href":"https:\/\/www.llachserra.com\/en\/wp-json\/wp\/v2\/availability?post=62315"},{"taxonomy":"property_type","embeddable":true,"href":"https:\/\/www.llachserra.com\/en\/wp-json\/wp\/v2\/property_type?post=62315"},{"taxonomy":"commercial_property_type","embeddable":true,"href":"https:\/\/www.llachserra.com\/en\/wp-json\/wp\/v2\/commercial_property_type?post=62315"},{"taxonomy":"location","embeddable":true,"href":"https:\/\/www.llachserra.com\/en\/wp-json\/wp\/v2\/location?post=62315"},{"taxonomy":"parking","embeddable":true,"href":"https:\/\/www.llachserra.com\/en\/wp-json\/wp\/v2\/parking?post=62315"},{"taxonomy":"outside_space","embeddable":true,"href":"https:\/\/www.llachserra.com\/en\/wp-json\/wp\/v2\/outside_space?post=62315"},{"taxonomy":"price_qualifier","embeddable":true,"href":"https:\/\/www.llachserra.com\/en\/wp-json\/wp\/v2\/price_qualifier?post=62315"},{"taxonomy":"tenure","embeddable":true,"href":"https:\/\/www.llachserra.com\/en\/wp-json\/wp\/v2\/tenure?post=62315"},{"taxonomy":"commercial_tenure","embeddable":true,"href":"https:\/\/www.llachserra.com\/en\/wp-json\/wp\/v2\/commercial_tenure?post=62315"},{"taxonomy":"sale_by","embeddable":true,"href":"https:\/\/www.llachserra.com\/en\/wp-json\/wp\/v2\/sale_by?post=62315"},{"taxonomy":"furnished","embeddable":true,"href":"https:\/\/www.llachserra.com\/en\/wp-json\/wp\/v2\/furnished?post=62315"},{"taxonomy":"marketing_flag","embeddable":true,"href":"https:\/\/www.llachserra.com\/en\/wp-json\/wp\/v2\/marketing_flag?post=62315"},{"taxonomy":"property_feature","embeddable":true,"href":"https:\/\/www.llachserra.com\/en\/wp-json\/wp\/v2\/property_feature?post=62315"}],"curies":[{"name":"wp","href":"https:\/\/api.w.org\/{rel}","templated":true}]}}

Piso luminoso con vistas despejadas en Sant Martí Sarroca

<p>No s&#8217;accepten mascotes. </p>
<p>En un entorn tranquil i natural de Sant Martí Sarroca, es troba aquest pis situat en una primera planta, ideal per a qui busca comoditat, llum natural i qualitat de vida en un ambient relaxat.</p>
<p>L’habitatge compta amb una superfície aproximada de 72 m² i presenta una distribució funcional i molt ben aprofitada. El saló-menjador és ampli i molt lluminós, gràcies a un gran finestral que permet l’entrada d’abundant llum natural i ofereix vistes obertes a l’entorn, pròpies d’una zona de mitja muntanya. Des d’aquesta estança s’accedeix directament al balcó de l’habitatge, un espai exterior agradable que aporta ventilació i amplitud visual.</p>
<p>Des del saló també s’accedeix a la cuina independent, àmplia i completament equipada amb tots els electrodomèstics, que disposa a més d’una finestra amb sortida al mateix balcó, compartint les mateixes vistes obertes i lluminoses.</p>
<p>Al costat de la zona de dia s’ubica un bany complet amb plat de dutxa, on també es troba la rentadora, aportant practicitat al dia a dia.</p>
<p>La zona de nit, a la qual s’accedeix mitjançant un passadís còmode, es compon de tres habitacions:</p>
<p>L’habitació principal, doble i tipus suite, disposa de bany complet amb plat de dutxa, un gran finestral amb les mateixes vistes obertes que el saló i un petit balcó que aporta un toc especial de llum i ventilació.</p>
<p>Les altres dues habitacions individuals compten amb finestra al pati interior, sent espais tranquils i versàtils, ideals com a dormitoris addicionals, despatx o zona de treball.</p>
<p>La finca disposa d’ascensor, i el conjunt es troba en una zona molt tranquil·la, ideal per a qui valora el silenci, la natura i un ritme de vida relaxat, sense renunciar a la funcionalitat d’un habitatge ben distribuït.</p>
<p>El preu del lloguer inclou una plaça de pàrquing a la mateixa finca.</p>
<p>Una opció ideal per establir una llar còmoda i lluminosa en un entorn privilegiat.</p>
<p>📞 Contacta amb nosaltres per a més informació o per concertar una visita.</p>
<p>• Superfície construïda: 72,00 m2~• Superfície útil: 71,75 m2~• Estat de l&#8217;habitatge: En bon estat ~• L&#8217;índex estatal de referència de lloguer va de 395,23€ a 573,35€ mensuals.~• Aquest immoble es troba a una zona de mercat de lloguer tensionat.~• Aquest immoble ha estat arrendat com a habitatge habitual amb un contracte d&#8217;arrendament subjecte a la LAU en els darrers cinc anys, sent la darrera renda de 557,45 € mensuals.~• La propietat no té la consideració de gran tenidor.~• El lloguer inclou les despeses següents: Comunitat (63,16 €), IBI (26,45 €), Taxa Residus (27,94 €)~• Aquest habitatge disposa de Cèdula d&#8217;Habitabilitat (CHB) en vigor amb el núm. CHB00442826001.~• Aquest immoble disposa de certificat d&#8217;eficiència energètica en vigor amb el núm. 6K1N2FXF7.~• Consum d&#8217;energia: lletra E (189 KWh/m2 any).~• Emissions: Lletra E (35 kg CO2/m2 any).</p>
<p>Agent de la Propietat Immobiliària núm. 3874~Número d&#8217;AICAT núm. 6689~Els honoraris de comercialització i formalització del contracte d&#8217;arrendament són a càrrec de l&#8217;arrendador.~La gestió de l&#8217;impost de transmissions patrimonials (ITP) va a càrrec de l&#8217;arrendatari~</p>

Sant Martí Sarroca
