{"id":57889,"date":"2026-03-05T02:30:43","date_gmt":"2026-03-05T00:30:43","guid":{"rendered":"https:\/\/www.llachserra.com\/property\/vivienda-de-obra-nueva-con-balcon-parking-y-piscina-comunitaria\/"},"modified":"2026-04-02T01:06:55","modified_gmt":"2026-04-01T23:06:55","slug":"vivienda-de-obra-nueva-con-balcon-parking-y-piscina-comunitaria","status":"publish","type":"property","link":"https:\/\/www.llachserra.com\/en\/property\/vivienda-de-obra-nueva-con-balcon-parking-y-piscina-comunitaria\/","title":{"rendered":"Vivienda de obra nueva con balc\u00f3n, parking y piscina comunitaria"},"excerpt":{"rendered":"<p>Disponible en lloguer d\u2019habitatge habitual, aquest pis d\u2019obra nova que es troba al barri de La Girada, a Vilafranca del Pened\u00e8s, una zona residencial tranquil\u00b7la i ben connectada, amb comer\u00e7os, serveis i espais verds al seu entorn.<\/p>\n<p>L\u2019habitatge compta amb aproximadament 90 m\u00b2 i ofereix una distribuci\u00f3 c\u00f2moda i funcional. La zona de dia est\u00e0 formada per un sal\u00f3-menjador ampli i llumin\u00f3s, presidit per un gran finestral que permet l\u2019entrada d\u2019abundant llum natural i dona acc\u00e9s directe al balc\u00f3 de la vivenda, un espai exterior de bones dimensions.<\/p>\n<p>Des del sal\u00f3 tamb\u00e9 s\u2019accedeix a la cuina independent, moblada i amb sortida al mateix balc\u00f3. La cuina disposa de forn i placa de cocci\u00f3, quedant la resta d\u2019electrodom\u00e8stics a elecci\u00f3 de l\u2019arrendatari.<\/p>\n<p>La zona de nit es compon de tres habitacions. Dues d\u2019elles s\u00f3n individuals, ambdues amb finestra i amb acc\u00e9s proper a un bany complet amb plat de dutxa que els dona servei. L\u2019habitatge disposa tamb\u00e9 d\u2019una habitaci\u00f3 doble tipus suite, molt lluminosa gr\u00e0cies a les seves dues finestres, que compta amb bany complet amb plat de dutxa integrat.<\/p>\n<p>El lloguer inclou una pla\u00e7a d\u2019aparcament a la mateixa finca, amb acc\u00e9s molt c\u00f2mode en trobar-se al costat de la porta d\u2019entrada i sortida del p\u00e0rquing.<\/p>\n<p>La finca disposa tamb\u00e9 de zona comunit\u00e0ria amb piscina, aportant un valor afegit per gaudir de l\u2019exterior durant els mesos m\u00e9s c\u00e0lids.<\/p>\n<p>Un habitatge modern, llumin\u00f3s i funcional, situat en un entorn residencial consolidat de Vilafranca del Pened\u00e8s.<\/p>\n<p>No s&#8217;accepten mascotes de cap tipus. <\/p>\n<p>Contacta amb nosaltres per a m\u00e9s informaci\u00f3 o per concertar una visita.<\/p>\n<p>\u00b7 L&#8217;\u00edndex estatal de refer\u00e8ncia de lloguer no ofereix rang de preus perqu\u00e8 \u00e9s un immoble amb data posterior al 2020.~\u00b7 Aquest immoble es troba en una zona de mercat de lloguer tensionat.~\u00b7 Aquest immoble ha estat arrendat com a habitatge habitual en els darrers cinc anys, sent la darrera renda de 1.100,00 \u20ac mensuals.~\u00b7 La propietat no t\u00e9 la consideraci\u00f3 de gran tenidor.<\/p>\n<p>AGENT IMMOBILIARI: 6689 (AICAT).~Les despeses i honoraris de gesti\u00f3 van a c\u00e0rrec de l\u2019arrendador.~<\/p>\n","protected":false},"template":"","availability":"Lloguer","property_type":"Flat, Pis, Piso","location":"Espanya","parking":"","outside_space":"","price_qualifier":"","furnished":"","marketing_flag":"","property_feature":[],"class_list":["post-57889","type-property","status-publish","availability-let","property_type-flat-en","property_type-flat","property_type-flat-es","location-espanya","ph-cols-3","property","department-residential-lettings","office-2757"],"acf":[],"department":"residential-lettings","reference_number":"V-320","address_street":"","address_two":"","address_three":"La Girada","address_four":"Vilafranca del Penedes","address_postcode":"08720","address_country":"ES","latitude":"41.336559726002","longitude":"1.6983484386847","price_actual":"1013.5632323087","price":"1160","price_formatted":"1.160&euro; pcm","rent_frequency":"pcm","currency":"EUR","council_tax_band":"","deposit":"","available_date":"","bedrooms":"2","bathrooms":"2","reception_rooms":"","on_market":"","featured":"","features":[],"description":"","office":{"name":"My Office","address":"","telephone_number":"","email_address":""},"negotiator":{"name":"","telephone_number":"","email_address":""},"images":[],"floorplans":[],"brochures":[],"epcs":[],"virtual_tours":[],"views_total":11702,"views_last_7_days":1741,"views_last_14_days":2657,"views_last_30_days":5750,"_links":{"self":[{"href":"https:\/\/www.llachserra.com\/en\/wp-json\/wp\/v2\/property\/57889","targetHints":{"allow":["GET"]}}],"collection":[{"href":"https:\/\/www.llachserra.com\/en\/wp-json\/wp\/v2\/property"}],"about":[{"href":"https:\/\/www.llachserra.com\/en\/wp-json\/wp\/v2\/types\/property"}],"wp:attachment":[{"href":"https:\/\/www.llachserra.com\/en\/wp-json\/wp\/v2\/media?parent=57889"}],"wp:term":[{"taxonomy":"availability","embeddable":true,"href":"https:\/\/www.llachserra.com\/en\/wp-json\/wp\/v2\/availability?post=57889"},{"taxonomy":"property_type","embeddable":true,"href":"https:\/\/www.llachserra.com\/en\/wp-json\/wp\/v2\/property_type?post=57889"},{"taxonomy":"commercial_property_type","embeddable":true,"href":"https:\/\/www.llachserra.com\/en\/wp-json\/wp\/v2\/commercial_property_type?post=57889"},{"taxonomy":"location","embeddable":true,"href":"https:\/\/www.llachserra.com\/en\/wp-json\/wp\/v2\/location?post=57889"},{"taxonomy":"parking","embeddable":true,"href":"https:\/\/www.llachserra.com\/en\/wp-json\/wp\/v2\/parking?post=57889"},{"taxonomy":"outside_space","embeddable":true,"href":"https:\/\/www.llachserra.com\/en\/wp-json\/wp\/v2\/outside_space?post=57889"},{"taxonomy":"price_qualifier","embeddable":true,"href":"https:\/\/www.llachserra.com\/en\/wp-json\/wp\/v2\/price_qualifier?post=57889"},{"taxonomy":"tenure","embeddable":true,"href":"https:\/\/www.llachserra.com\/en\/wp-json\/wp\/v2\/tenure?post=57889"},{"taxonomy":"commercial_tenure","embeddable":true,"href":"https:\/\/www.llachserra.com\/en\/wp-json\/wp\/v2\/commercial_tenure?post=57889"},{"taxonomy":"sale_by","embeddable":true,"href":"https:\/\/www.llachserra.com\/en\/wp-json\/wp\/v2\/sale_by?post=57889"},{"taxonomy":"furnished","embeddable":true,"href":"https:\/\/www.llachserra.com\/en\/wp-json\/wp\/v2\/furnished?post=57889"},{"taxonomy":"marketing_flag","embeddable":true,"href":"https:\/\/www.llachserra.com\/en\/wp-json\/wp\/v2\/marketing_flag?post=57889"},{"taxonomy":"property_feature","embeddable":true,"href":"https:\/\/www.llachserra.com\/en\/wp-json\/wp\/v2\/property_feature?post=57889"}],"curies":[{"name":"wp","href":"https:\/\/api.w.org\/{rel}","templated":true}]}}

Vivienda de obra nueva con balcón, parking y piscina comunitaria

<p>Disponible en lloguer d’habitatge habitual, aquest pis d’obra nova que es troba al barri de La Girada, a Vilafranca del Penedès, una zona residencial tranquil·la i ben connectada, amb comerços, serveis i espais verds al seu entorn.</p>
<p>L’habitatge compta amb aproximadament 90 m² i ofereix una distribució còmoda i funcional. La zona de dia està formada per un saló-menjador ampli i lluminós, presidit per un gran finestral que permet l’entrada d’abundant llum natural i dona accés directe al balcó de la vivenda, un espai exterior de bones dimensions.</p>
<p>Des del saló també s’accedeix a la cuina independent, moblada i amb sortida al mateix balcó. La cuina disposa de forn i placa de cocció, quedant la resta d’electrodomèstics a elecció de l’arrendatari.</p>
<p>La zona de nit es compon de tres habitacions. Dues d’elles són individuals, ambdues amb finestra i amb accés proper a un bany complet amb plat de dutxa que els dona servei. L’habitatge disposa també d’una habitació doble tipus suite, molt lluminosa gràcies a les seves dues finestres, que compta amb bany complet amb plat de dutxa integrat.</p>
<p>El lloguer inclou una plaça d’aparcament a la mateixa finca, amb accés molt còmode en trobar-se al costat de la porta d’entrada i sortida del pàrquing.</p>
<p>La finca disposa també de zona comunitària amb piscina, aportant un valor afegit per gaudir de l’exterior durant els mesos més càlids.</p>
<p>Un habitatge modern, lluminós i funcional, situat en un entorn residencial consolidat de Vilafranca del Penedès.</p>
<p>No s&#8217;accepten mascotes de cap tipus. </p>
<p>Contacta amb nosaltres per a més informació o per concertar una visita.</p>
<p>· L&#8217;índex estatal de referència de lloguer no ofereix rang de preus perquè és un immoble amb data posterior al 2020.~· Aquest immoble es troba en una zona de mercat de lloguer tensionat.~· Aquest immoble ha estat arrendat com a habitatge habitual en els darrers cinc anys, sent la darrera renda de 1.100,00 € mensuals.~· La propietat no té la consideració de gran tenidor.</p>
<p>AGENT IMMOBILIARI: 6689 (AICAT).~Les despeses i honoraris de gestió van a càrrec de l’arrendador.~</p>
