{"id":57613,"date":"2026-02-26T02:27:48","date_gmt":"2026-02-26T00:27:48","guid":{"rendered":"https:\/\/www.llachserra.com\/property\/local-comercial-en-el-centro-de-vilafranca\/"},"modified":"2026-04-30T02:06:19","modified_gmt":"2026-04-30T00:06:19","slug":"local-comercial-en-el-centro-de-vilafranca","status":"publish","type":"property","link":"https:\/\/www.llachserra.com\/en\/property\/local-comercial-en-el-centro-de-vilafranca\/","title":{"rendered":"Local comercial en el centro de Vilafranca"},"excerpt":{"rendered":"<p>Es lloga local comercial situat al Carrer de la Palma, a pocs metres del Carrer de la Parellada, el carrer comercial m\u00e9s conegut i transitat de Vilafranca del Pened\u00e8s. Una ubicaci\u00f3 estrat\u00e8gica que garanteix visibilitat i pas constant de vianants.<\/p>\n<p>El local compta amb aproximadament 45 m\u00b2, distribu\u00efts en una planta de forma rectangular que facilita una organitzaci\u00f3 vers\u00e0til i funcional de l\u2019espai, permetent adaptar el negoci segons les necessitats de cada activitat.<\/p>\n<p>Disposa d\u2019aparador i porta a peu de carrer, fet que aporta una excel\u00b7lent pres\u00e8ncia comercial i visibilitat directa des de l\u2019exterior.<\/p>\n<p>A l\u2019interior hi trobem un lavabo i una zona diferenciada de magatzem, optimitzant aix\u00ed l\u2019espai principal d\u2019atenci\u00f3 al p\u00fablic.<\/p>\n<p>L\u2019immoble es troba en perfecte estat de conservaci\u00f3, llest per iniciar l\u2019activitat sense necessitat de reformes pr\u00e8vies.<\/p>\n<p>Una oportunitat interessant per a comer\u00e7 de proximitat, botiga especialitzada, showroom o activitat professional que vulgui posicionar-se a l\u2019eix comercial de Vilafranca.<\/p>\n<p>Contacta amb nosaltres per a m\u00e9s informaci\u00f3 o per concertar una visita.<\/p>\n<p>AGENT IMMOBILIARI: 6689 (AICAT).~Les despeses i honoraris de gesti\u00f3 van a c\u00e0rrec de l&#8217;arrendatari.~<\/p>\n","protected":false},"template":"","availability":"Lloguer","property_type":"Commercial, Local comercial, Local comercial","location":"Espanya","parking":"","outside_space":"","price_qualifier":"","furnished":"","marketing_flag":"","property_feature":[],"class_list":["post-57613","type-property","status-publish","has-post-thumbnail","availability-let","property_type-commercial-en","property_type-commercial-es","property_type-commercial","location-espanya","ph-cols-3","property","department-residential-lettings","office-2757"],"acf":[],"department":"residential-lettings","reference_number":"V-126.2","address_street":"","address_two":"","address_three":"Centre  Vila","address_four":"Vilafranca del Penedes","address_postcode":"08720","address_country":"ES","latitude":"41.345982899","longitude":"1.700079642","price_actual":"628.19292593246","price":"725","price_formatted":"725&euro; pcm","rent_frequency":"pcm","currency":"EUR","council_tax_band":"","deposit":"","available_date":"","bedrooms":"0","bathrooms":"1","reception_rooms":"","on_market":"yes","featured":"","features":[],"description":"","office":{"name":"My Office","address":"","telephone_number":"","email_address":""},"negotiator":{"name":"","telephone_number":"","email_address":""},"images":[{"url":"https:\/\/www.llachserra.com\/wp-content\/uploads\/2026\/02\/3-1-4.jpg","large":"https:\/\/www.llachserra.com\/wp-content\/uploads\/2026\/02\/3-1-4.jpg","medium":"https:\/\/www.llachserra.com\/wp-content\/uploads\/2026\/02\/3-1-4-300x191.jpg","thumbnail":"https:\/\/www.llachserra.com\/wp-content\/uploads\/2026\/02\/3-1-4-150x150.jpg"},{"url":"https:\/\/www.llachserra.com\/wp-content\/uploads\/2026\/02\/3-2-4.jpg","large":"https:\/\/www.llachserra.com\/wp-content\/uploads\/2026\/02\/3-2-4.jpg","medium":"https:\/\/www.llachserra.com\/wp-content\/uploads\/2026\/02\/3-2-4-300x188.jpg","thumbnail":"https:\/\/www.llachserra.com\/wp-content\/uploads\/2026\/02\/3-2-4-150x150.jpg"},{"url":"https:\/\/www.llachserra.com\/wp-content\/uploads\/2026\/02\/3-3-4.jpg","large":"https:\/\/www.llachserra.com\/wp-content\/uploads\/2026\/02\/3-3-4.jpg","medium":"https:\/\/www.llachserra.com\/wp-content\/uploads\/2026\/02\/3-3-4-300x191.jpg","thumbnail":"https:\/\/www.llachserra.com\/wp-content\/uploads\/2026\/02\/3-3-4-150x150.jpg"},{"url":"https:\/\/www.llachserra.com\/wp-content\/uploads\/2026\/02\/3-4-4.jpg","large":"https:\/\/www.llachserra.com\/wp-content\/uploads\/2026\/02\/3-4-4.jpg","medium":"https:\/\/www.llachserra.com\/wp-content\/uploads\/2026\/02\/3-4-4-300x194.jpg","thumbnail":"https:\/\/www.llachserra.com\/wp-content\/uploads\/2026\/02\/3-4-4-150x150.jpg"},{"url":"https:\/\/www.llachserra.com\/wp-content\/uploads\/2026\/02\/3-5-4.jpg","large":"https:\/\/www.llachserra.com\/wp-content\/uploads\/2026\/02\/3-5-4.jpg","medium":"https:\/\/www.llachserra.com\/wp-content\/uploads\/2026\/02\/3-5-4-300x189.jpg","thumbnail":"https:\/\/www.llachserra.com\/wp-content\/uploads\/2026\/02\/3-5-4-150x150.jpg"},{"url":"https:\/\/www.llachserra.com\/wp-content\/uploads\/2026\/02\/3-6-4.jpg","large":"https:\/\/www.llachserra.com\/wp-content\/uploads\/2026\/02\/3-6-4.jpg","medium":"https:\/\/www.llachserra.com\/wp-content\/uploads\/2026\/02\/3-6-4-300x201.jpg","thumbnail":"https:\/\/www.llachserra.com\/wp-content\/uploads\/2026\/02\/3-6-4-150x150.jpg"},{"url":"https:\/\/www.llachserra.com\/wp-content\/uploads\/2026\/02\/3-7-4.jpg","large":"https:\/\/www.llachserra.com\/wp-content\/uploads\/2026\/02\/3-7-4.jpg","medium":"https:\/\/www.llachserra.com\/wp-content\/uploads\/2026\/02\/3-7-4-300x203.jpg","thumbnail":"https:\/\/www.llachserra.com\/wp-content\/uploads\/2026\/02\/3-7-4-150x150.jpg"},{"url":"https:\/\/www.llachserra.com\/wp-content\/uploads\/2026\/02\/3-8-4.jpg","large":"https:\/\/www.llachserra.com\/wp-content\/uploads\/2026\/02\/3-8-4.jpg","medium":"https:\/\/www.llachserra.com\/wp-content\/uploads\/2026\/02\/3-8-4-300x181.jpg","thumbnail":"https:\/\/www.llachserra.com\/wp-content\/uploads\/2026\/02\/3-8-4-150x150.jpg"},{"url":"https:\/\/www.llachserra.com\/wp-content\/uploads\/2026\/02\/3-9-4.jpg","large":"https:\/\/www.llachserra.com\/wp-content\/uploads\/2026\/02\/3-9-4.jpg","medium":"https:\/\/www.llachserra.com\/wp-content\/uploads\/2026\/02\/3-9-4-300x191.jpg","thumbnail":"https:\/\/www.llachserra.com\/wp-content\/uploads\/2026\/02\/3-9-4-150x150.jpg"},{"url":"https:\/\/www.llachserra.com\/wp-content\/uploads\/2026\/02\/3-10-4.jpg","large":"https:\/\/www.llachserra.com\/wp-content\/uploads\/2026\/02\/3-10-4.jpg","medium":"https:\/\/www.llachserra.com\/wp-content\/uploads\/2026\/02\/3-10-4-300x195.jpg","thumbnail":"https:\/\/www.llachserra.com\/wp-content\/uploads\/2026\/02\/3-10-4-150x150.jpg"},{"url":"https:\/\/www.llachserra.com\/wp-content\/uploads\/2026\/02\/3-11-4.jpg","large":"https:\/\/www.llachserra.com\/wp-content\/uploads\/2026\/02\/3-11-4.jpg","medium":"https:\/\/www.llachserra.com\/wp-content\/uploads\/2026\/02\/3-11-4-225x300.jpg","thumbnail":"https:\/\/www.llachserra.com\/wp-content\/uploads\/2026\/02\/3-11-4-150x150.jpg"},{"url":"https:\/\/www.llachserra.com\/wp-content\/uploads\/2026\/02\/3-12-4.jpg","large":"https:\/\/www.llachserra.com\/wp-content\/uploads\/2026\/02\/3-12-4.jpg","medium":"https:\/\/www.llachserra.com\/wp-content\/uploads\/2026\/02\/3-12-4-300x174.jpg","thumbnail":"https:\/\/www.llachserra.com\/wp-content\/uploads\/2026\/02\/3-12-4-150x150.jpg"}],"floorplans":[],"brochures":[],"epcs":[],"virtual_tours":[],"views_total":885,"views_last_7_days":79,"views_last_14_days":129,"views_last_30_days":350,"_links":{"self":[{"href":"https:\/\/www.llachserra.com\/en\/wp-json\/wp\/v2\/property\/57613","targetHints":{"allow":["GET"]}}],"collection":[{"href":"https:\/\/www.llachserra.com\/en\/wp-json\/wp\/v2\/property"}],"about":[{"href":"https:\/\/www.llachserra.com\/en\/wp-json\/wp\/v2\/types\/property"}],"wp:featuredmedia":[{"embeddable":true,"href":"https:\/\/www.llachserra.com\/en\/wp-json\/wp\/v2\/media\/61052"}],"wp:attachment":[{"href":"https:\/\/www.llachserra.com\/en\/wp-json\/wp\/v2\/media?parent=57613"}],"wp:term":[{"taxonomy":"availability","embeddable":true,"href":"https:\/\/www.llachserra.com\/en\/wp-json\/wp\/v2\/availability?post=57613"},{"taxonomy":"property_type","embeddable":true,"href":"https:\/\/www.llachserra.com\/en\/wp-json\/wp\/v2\/property_type?post=57613"},{"taxonomy":"commercial_property_type","embeddable":true,"href":"https:\/\/www.llachserra.com\/en\/wp-json\/wp\/v2\/commercial_property_type?post=57613"},{"taxonomy":"location","embeddable":true,"href":"https:\/\/www.llachserra.com\/en\/wp-json\/wp\/v2\/location?post=57613"},{"taxonomy":"parking","embeddable":true,"href":"https:\/\/www.llachserra.com\/en\/wp-json\/wp\/v2\/parking?post=57613"},{"taxonomy":"outside_space","embeddable":true,"href":"https:\/\/www.llachserra.com\/en\/wp-json\/wp\/v2\/outside_space?post=57613"},{"taxonomy":"price_qualifier","embeddable":true,"href":"https:\/\/www.llachserra.com\/en\/wp-json\/wp\/v2\/price_qualifier?post=57613"},{"taxonomy":"tenure","embeddable":true,"href":"https:\/\/www.llachserra.com\/en\/wp-json\/wp\/v2\/tenure?post=57613"},{"taxonomy":"commercial_tenure","embeddable":true,"href":"https:\/\/www.llachserra.com\/en\/wp-json\/wp\/v2\/commercial_tenure?post=57613"},{"taxonomy":"sale_by","embeddable":true,"href":"https:\/\/www.llachserra.com\/en\/wp-json\/wp\/v2\/sale_by?post=57613"},{"taxonomy":"furnished","embeddable":true,"href":"https:\/\/www.llachserra.com\/en\/wp-json\/wp\/v2\/furnished?post=57613"},{"taxonomy":"marketing_flag","embeddable":true,"href":"https:\/\/www.llachserra.com\/en\/wp-json\/wp\/v2\/marketing_flag?post=57613"},{"taxonomy":"property_feature","embeddable":true,"href":"https:\/\/www.llachserra.com\/en\/wp-json\/wp\/v2\/property_feature?post=57613"}],"curies":[{"name":"wp","href":"https:\/\/api.w.org\/{rel}","templated":true}]}}

<p>Es lloga local comercial situat al Carrer de la Palma, a pocs metres del Carrer de la Parellada, el carrer comercial més conegut i transitat de Vilafranca del Penedès. Una ubicació estratègica que garanteix visibilitat i pas constant de vianants.</p>
<p>El local compta amb aproximadament 45 m², distribuïts en una planta de forma rectangular que facilita una organització versàtil i funcional de l’espai, permetent adaptar el negoci segons les necessitats de cada activitat.</p>
<p>Disposa d’aparador i porta a peu de carrer, fet que aporta una excel·lent presència comercial i visibilitat directa des de l’exterior.</p>
<p>A l’interior hi trobem un lavabo i una zona diferenciada de magatzem, optimitzant així l’espai principal d’atenció al públic.</p>
<p>L’immoble es troba en perfecte estat de conservació, llest per iniciar l’activitat sense necessitat de reformes prèvies.</p>
<p>Una oportunitat interessant per a comerç de proximitat, botiga especialitzada, showroom o activitat professional que vulgui posicionar-se a l’eix comercial de Vilafranca.</p>
<p>Contacta amb nosaltres per a més informació o per concertar una visita.</p>
<p>AGENT IMMOBILIARI: 6689 (AICAT).~Les despeses i honoraris de gestió van a càrrec de l&#8217;arrendatari.~</p>
