{"id":56696,"date":"2026-02-18T02:30:35","date_gmt":"2026-02-18T00:30:35","guid":{"rendered":"https:\/\/www.llachserra.com\/property\/piso-amplio-y-funcional-en-el-centro-de-vilafranca-2\/"},"modified":"2026-04-17T01:03:02","modified_gmt":"2026-04-16T23:03:02","slug":"piso-amplio-y-funcional-en-el-centro-de-vilafranca-2","status":"publish","type":"property","link":"https:\/\/www.llachserra.com\/en\/property\/piso-amplio-y-funcional-en-el-centro-de-vilafranca-2\/","title":{"rendered":"Piso amplio y funcional en el centro de Vilafranca"},"excerpt":{"rendered":"<p>En una zona tranquil\u00b7la i molt ben comunicada de Vilafranca del Pened\u00e8s, es troba aquest pis d&#8217;aproximadament 80 m\u00b2, situat en una tercera planta, ideal per als qui busquen espai i comoditat.<\/p>\n<p>L&#8217;habitatge destaca per la seva amplitud, ja que disposa de cinc habitacions:~- Tres habitacions dobles, exteriors, lluminoses i amb grans finestres que aporten claredat i confort.~- Dues habitacions individuals, orientades al pati interior, perfectes com a dormitoris addicionals, espai d&#8217;estudi o zona de treball.<\/p>\n<p>La cuina independent, completament equipada, ofereix un espai pr\u00e0ctic per al dia a dia i compta amb acc\u00e9s a un petit safareig orientat al pati interior.<\/p>\n<p>El pis disposa de dos banys recentment reformats, tots dos amb plat de dutxa, moderns i funcionals, que aporten comoditat a l&#8217;habitatge.<\/p>\n<p>L&#8217;estat general de l&#8217;immoble \u00e9s bo, la qual cosa el converteix en una opci\u00f3 molt c\u00f2moda per a entrar a viure sense preocupacions.<\/p>\n<p>Un habitatge ampli, ben distribuit i amb m\u00faltiples opcions d&#8217;\u00fas, situada en un entorn amb serveis, comer\u00e7os i una excel\u00b7lent connexi\u00f3 amb el centre de Vilafranca del Pened\u00e8s.<\/p>\n<p>\ud83d\udcde Contacta&#8217;ns per a m\u00e9s informaci\u00f3 o per a concertar una visita.<\/p>\n<p>AGENT IMMOBILIARI: 6689 (AICAT).~Les despeses i impostos derivats de la compravenda no estan inclosos en el preu.~<\/p>\n","protected":false},"template":"","availability":"En venda","property_type":"Flat, Pis, Piso","location":"Espanya","parking":"","outside_space":"","price_qualifier":"","tenure":"","sale_by":"","marketing_flag":"","property_feature":[],"class_list":["post-56696","type-property","status-publish","availability-for-sale","property_type-flat-en","property_type-flat","property_type-flat-es","location-espanya","ph-cols-3","property","department-residential-sales","office-2757"],"acf":[],"department":"residential-sales","reference_number":"T-445V","address_street":"","address_two":"","address_three":"Poble nou","address_four":"Vilafranca del Penedes","address_postcode":"08720","address_country":"ES","latitude":"41.34347582739","longitude":"1.6947175362581","price_actual":"134837.90982623","price":"155000","price_formatted":"155.000&euro;","currency":"EUR","council_tax_band":"","bedrooms":"2","bathrooms":"2","reception_rooms":"","on_market":"","featured":"","features":[],"description":"","office":{"name":"My Office","address":"","telephone_number":"","email_address":""},"negotiator":{"name":"","telephone_number":"","email_address":""},"images":[],"floorplans":[],"brochures":[],"epcs":[],"virtual_tours":[],"views_total":11131,"views_last_7_days":1188,"views_last_14_days":2138,"views_last_30_days":4584,"_links":{"self":[{"href":"https:\/\/www.llachserra.com\/en\/wp-json\/wp\/v2\/property\/56696","targetHints":{"allow":["GET"]}}],"collection":[{"href":"https:\/\/www.llachserra.com\/en\/wp-json\/wp\/v2\/property"}],"about":[{"href":"https:\/\/www.llachserra.com\/en\/wp-json\/wp\/v2\/types\/property"}],"wp:attachment":[{"href":"https:\/\/www.llachserra.com\/en\/wp-json\/wp\/v2\/media?parent=56696"}],"wp:term":[{"taxonomy":"availability","embeddable":true,"href":"https:\/\/www.llachserra.com\/en\/wp-json\/wp\/v2\/availability?post=56696"},{"taxonomy":"property_type","embeddable":true,"href":"https:\/\/www.llachserra.com\/en\/wp-json\/wp\/v2\/property_type?post=56696"},{"taxonomy":"commercial_property_type","embeddable":true,"href":"https:\/\/www.llachserra.com\/en\/wp-json\/wp\/v2\/commercial_property_type?post=56696"},{"taxonomy":"location","embeddable":true,"href":"https:\/\/www.llachserra.com\/en\/wp-json\/wp\/v2\/location?post=56696"},{"taxonomy":"parking","embeddable":true,"href":"https:\/\/www.llachserra.com\/en\/wp-json\/wp\/v2\/parking?post=56696"},{"taxonomy":"outside_space","embeddable":true,"href":"https:\/\/www.llachserra.com\/en\/wp-json\/wp\/v2\/outside_space?post=56696"},{"taxonomy":"price_qualifier","embeddable":true,"href":"https:\/\/www.llachserra.com\/en\/wp-json\/wp\/v2\/price_qualifier?post=56696"},{"taxonomy":"tenure","embeddable":true,"href":"https:\/\/www.llachserra.com\/en\/wp-json\/wp\/v2\/tenure?post=56696"},{"taxonomy":"commercial_tenure","embeddable":true,"href":"https:\/\/www.llachserra.com\/en\/wp-json\/wp\/v2\/commercial_tenure?post=56696"},{"taxonomy":"sale_by","embeddable":true,"href":"https:\/\/www.llachserra.com\/en\/wp-json\/wp\/v2\/sale_by?post=56696"},{"taxonomy":"furnished","embeddable":true,"href":"https:\/\/www.llachserra.com\/en\/wp-json\/wp\/v2\/furnished?post=56696"},{"taxonomy":"marketing_flag","embeddable":true,"href":"https:\/\/www.llachserra.com\/en\/wp-json\/wp\/v2\/marketing_flag?post=56696"},{"taxonomy":"property_feature","embeddable":true,"href":"https:\/\/www.llachserra.com\/en\/wp-json\/wp\/v2\/property_feature?post=56696"}],"curies":[{"name":"wp","href":"https:\/\/api.w.org\/{rel}","templated":true}]}}

<p>En una zona tranquil·la i molt ben comunicada de Vilafranca del Penedès, es troba aquest pis d&#8217;aproximadament 80 m², situat en una tercera planta, ideal per als qui busquen espai i comoditat.</p>
<p>L&#8217;habitatge destaca per la seva amplitud, ja que disposa de cinc habitacions:~- Tres habitacions dobles, exteriors, lluminoses i amb grans finestres que aporten claredat i confort.~- Dues habitacions individuals, orientades al pati interior, perfectes com a dormitoris addicionals, espai d&#8217;estudi o zona de treball.</p>
<p>La cuina independent, completament equipada, ofereix un espai pràctic per al dia a dia i compta amb accés a un petit safareig orientat al pati interior.</p>
<p>El pis disposa de dos banys recentment reformats, tots dos amb plat de dutxa, moderns i funcionals, que aporten comoditat a l&#8217;habitatge.</p>
<p>L&#8217;estat general de l&#8217;immoble és bo, la qual cosa el converteix en una opció molt còmoda per a entrar a viure sense preocupacions.</p>
<p>Un habitatge ampli, ben distribuit i amb múltiples opcions d&#8217;ús, situada en un entorn amb serveis, comerços i una excel·lent connexió amb el centre de Vilafranca del Penedès.</p>
<p>📞 Contacta&#8217;ns per a més informació o per a concertar una visita.</p>
<p>AGENT IMMOBILIARI: 6689 (AICAT).~Les despeses i impostos derivats de la compravenda no estan inclosos en el preu.~</p>
