{"id":43473,"date":"2025-10-11T01:34:56","date_gmt":"2025-10-10T23:34:56","guid":{"rendered":"https:\/\/www.llachserra.com\/property\/alquiler-de-temporada-de-lets-live-barcelona-14\/"},"modified":"2026-03-17T02:13:28","modified_gmt":"2026-03-17T00:13:28","slug":"alquiler-de-temporada-de-lets-live-barcelona-14","status":"publish","type":"property","link":"https:\/\/www.llachserra.com\/en\/property\/alquiler-de-temporada-de-lets-live-barcelona-14\/","title":{"rendered":"ALQUILER DE TEMPORADA de LET&#8217;S LIVE BARCELONA"},"excerpt":{"rendered":"<p>LLOGUER DE TEMPORADA de LET\u2019S LIVE BARCELONA<\/p>\n<p>DISPONIBLE A PARTIR DEL 28 DE MAR\u00c7 DE 2026<\/p>\n<p>LLOGUER DE TEMPORADA~Aquest habitatge no pot constituir el domicili habitual i permanent de l\u2019arrendatari. Es requereix una declaraci\u00f3 responsable i la corresponent justificaci\u00f3 en la qual l\u2019arrendatari exposi el motiu o la necessitat de la temporalitat, el per\u00edode de temps durant el qual la necessita i quin \u00e9s el seu domicili habitual i permanent.~L\u2019arrendatari utilitzar\u00e0 la finca exclusivament amb finalitats temporals d\u2019allotjament i en cap cas ser\u00e0 considerada com a habitatge habitual ni permanent de l\u2019arrendatari ni de cap de la resta d\u2019ocupants.~\u2022 Durada: temporalitat segons les necessitats de l\u2019arrendatari~\u2022 Els honoraris de comercialitzaci\u00f3 van a c\u00e0rrec de l\u2019arrendatari~\u2022 Es requereixen dos mesos de fian\u00e7a~\u2022 L\u2019Impost sobre Transmissions Patrimonials (ITP) va a c\u00e0rrec de l\u2019arrendatari<\/p>\n<p>Ampli pis de tres habitacions situat en una de les millors zones de Barcelona.<\/p>\n<p>L\u2019apartament disposa de tot el necessari per gaudir de la teva estada. Trobar\u00e0s dos dormitoris dobles i un dormitori individual. La resta de l\u2019apartament compta amb sal\u00f3 amb sof\u00e0 i zona de menjador connectats amb la terrassa, TV de pantalla plana, office, connexi\u00f3 Wi-Fi gratu\u00efta, aire condicionat, calefacci\u00f3 i una cuina moderna independent amb tot l\u2019equipament necessari (cafetera, tetera, microones, forn, fogons i m\u00e9s). A m\u00e9s, disposa de dos banys complets, un amb dutxa i l\u2019altre amb banyera.<\/p>\n<p>UBICACI\u00d3<\/p>\n<p>Galvany, una de les zones m\u00e9s prestigioses de Barcelona. Aquest barri \u00e9s conegut pels seus edificis elegants, carrers arbrats i una atmosfera tranquil\u00b7la i residencial. Ofereix una \u00e0mplia varietat de serveis, incloent-hi botigues exclusives, restaurants de gran qualitat i mercats locals com el Mercat de Galvany. A m\u00e9s, est\u00e0 ben comunicat amb la resta de la ciutat mitjan\u00e7ant transport p\u00fablic, facilitant l\u2019acc\u00e9s a altres zones de Barcelona.<\/p>\n<p>CONDICIONS<\/p>\n<p>&#8211; Fian\u00e7a a consultar.~- ITP del 0,50% de la renda total.~- Honoraris d\u2019ag\u00e8ncia a consultar.~- S\u2019admeten mascotes.~- En el preu del lloguer s\u2019inclouen neteges durant l\u2019estada (consultar detalls).<\/p>\n<p>Per a m\u00e9s informaci\u00f3, contacta amb nosaltres o visita la web: https:\/\/letslivebarcelona.com<\/p>\n<p>AGENT IMMOBILIARI N\u00daM. 6689 (AICAT)~<\/p>\n","protected":false},"template":"","availability":"","property_type":"Flat, Pis, Piso","location":"Espanya","parking":"","outside_space":"","price_qualifier":"","furnished":"","marketing_flag":"","property_feature":[],"class_list":["post-43473","type-property","status-publish","property_type-flat-en","property_type-flat","property_type-flat-es","location-espanya","ph-cols-3","property","department-residential-lettings","office-2757"],"acf":[],"department":"residential-lettings","reference_number":"S11","address_street":"","address_two":"","address_three":"Turo Park","address_four":"Barcelona","address_postcode":"08021","address_country":"ES","latitude":"41.3980153625317","longitude":"2.14243186513077","price_actual":"0","price":"3195","price_formatted":"3.195&euro; pcm","rent_frequency":"pcm","currency":"EUR","council_tax_band":"","deposit":"","available_date":"","bedrooms":"1","bathrooms":"2","reception_rooms":"","on_market":"","featured":"","features":[],"description":"","office":{"name":"My Office","address":"","telephone_number":"","email_address":""},"negotiator":{"name":"","telephone_number":"","email_address":""},"images":[],"floorplans":[],"brochures":[],"epcs":[],"virtual_tours":[],"views_total":29186,"views_last_7_days":1465,"views_last_14_days":2693,"views_last_30_days":5622,"_links":{"self":[{"href":"https:\/\/www.llachserra.com\/en\/wp-json\/wp\/v2\/property\/43473","targetHints":{"allow":["GET"]}}],"collection":[{"href":"https:\/\/www.llachserra.com\/en\/wp-json\/wp\/v2\/property"}],"about":[{"href":"https:\/\/www.llachserra.com\/en\/wp-json\/wp\/v2\/types\/property"}],"wp:attachment":[{"href":"https:\/\/www.llachserra.com\/en\/wp-json\/wp\/v2\/media?parent=43473"}],"wp:term":[{"taxonomy":"availability","embeddable":true,"href":"https:\/\/www.llachserra.com\/en\/wp-json\/wp\/v2\/availability?post=43473"},{"taxonomy":"property_type","embeddable":true,"href":"https:\/\/www.llachserra.com\/en\/wp-json\/wp\/v2\/property_type?post=43473"},{"taxonomy":"commercial_property_type","embeddable":true,"href":"https:\/\/www.llachserra.com\/en\/wp-json\/wp\/v2\/commercial_property_type?post=43473"},{"taxonomy":"location","embeddable":true,"href":"https:\/\/www.llachserra.com\/en\/wp-json\/wp\/v2\/location?post=43473"},{"taxonomy":"parking","embeddable":true,"href":"https:\/\/www.llachserra.com\/en\/wp-json\/wp\/v2\/parking?post=43473"},{"taxonomy":"outside_space","embeddable":true,"href":"https:\/\/www.llachserra.com\/en\/wp-json\/wp\/v2\/outside_space?post=43473"},{"taxonomy":"price_qualifier","embeddable":true,"href":"https:\/\/www.llachserra.com\/en\/wp-json\/wp\/v2\/price_qualifier?post=43473"},{"taxonomy":"tenure","embeddable":true,"href":"https:\/\/www.llachserra.com\/en\/wp-json\/wp\/v2\/tenure?post=43473"},{"taxonomy":"commercial_tenure","embeddable":true,"href":"https:\/\/www.llachserra.com\/en\/wp-json\/wp\/v2\/commercial_tenure?post=43473"},{"taxonomy":"sale_by","embeddable":true,"href":"https:\/\/www.llachserra.com\/en\/wp-json\/wp\/v2\/sale_by?post=43473"},{"taxonomy":"furnished","embeddable":true,"href":"https:\/\/www.llachserra.com\/en\/wp-json\/wp\/v2\/furnished?post=43473"},{"taxonomy":"marketing_flag","embeddable":true,"href":"https:\/\/www.llachserra.com\/en\/wp-json\/wp\/v2\/marketing_flag?post=43473"},{"taxonomy":"property_feature","embeddable":true,"href":"https:\/\/www.llachserra.com\/en\/wp-json\/wp\/v2\/property_feature?post=43473"}],"curies":[{"name":"wp","href":"https:\/\/api.w.org\/{rel}","templated":true}]}}

<p>LLOGUER DE TEMPORADA de LET’S LIVE BARCELONA</p>
<p>DISPONIBLE A PARTIR DEL 28 DE MARÇ DE 2026</p>
<p>LLOGUER DE TEMPORADA~Aquest habitatge no pot constituir el domicili habitual i permanent de l’arrendatari. Es requereix una declaració responsable i la corresponent justificació en la qual l’arrendatari exposi el motiu o la necessitat de la temporalitat, el període de temps durant el qual la necessita i quin és el seu domicili habitual i permanent.~L’arrendatari utilitzarà la finca exclusivament amb finalitats temporals d’allotjament i en cap cas serà considerada com a habitatge habitual ni permanent de l’arrendatari ni de cap de la resta d’ocupants.~• Durada: temporalitat segons les necessitats de l’arrendatari~• Els honoraris de comercialització van a càrrec de l’arrendatari~• Es requereixen dos mesos de fiança~• L’Impost sobre Transmissions Patrimonials (ITP) va a càrrec de l’arrendatari</p>
<p>Ampli pis de tres habitacions situat en una de les millors zones de Barcelona.</p>
<p>L’apartament disposa de tot el necessari per gaudir de la teva estada. Trobaràs dos dormitoris dobles i un dormitori individual. La resta de l’apartament compta amb saló amb sofà i zona de menjador connectats amb la terrassa, TV de pantalla plana, office, connexió Wi-Fi gratuïta, aire condicionat, calefacció i una cuina moderna independent amb tot l’equipament necessari (cafetera, tetera, microones, forn, fogons i més). A més, disposa de dos banys complets, un amb dutxa i l’altre amb banyera.</p>
<p>UBICACIÓ</p>
<p>Galvany, una de les zones més prestigioses de Barcelona. Aquest barri és conegut pels seus edificis elegants, carrers arbrats i una atmosfera tranquil·la i residencial. Ofereix una àmplia varietat de serveis, incloent-hi botigues exclusives, restaurants de gran qualitat i mercats locals com el Mercat de Galvany. A més, està ben comunicat amb la resta de la ciutat mitjançant transport públic, facilitant l’accés a altres zones de Barcelona.</p>
<p>CONDICIONS</p>
<p>&#8211; Fiança a consultar.~- ITP del 0,50% de la renda total.~- Honoraris d’agència a consultar.~- S’admeten mascotes.~- En el preu del lloguer s’inclouen neteges durant l’estada (consultar detalls).</p>
<p>Per a més informació, contacta amb nosaltres o visita la web: https://letslivebarcelona.com</p>
<p>AGENT IMMOBILIARI NÚM. 6689 (AICAT)~</p>
