{"id":42739,"date":"2025-10-10T15:22:39","date_gmt":"2025-10-10T13:22:39","guid":{"rendered":"https:\/\/www.llachserra.com\/property\/amplia-plaza-de-parking-junto-a-rambla-catalunya-y-passeig-de-gracia\/"},"modified":"2026-01-23T02:13:34","modified_gmt":"2026-01-23T00:13:34","slug":"amplia-plaza-de-parking-junto-a-rambla-catalunya-y-passeig-de-gracia","status":"publish","type":"property","link":"https:\/\/www.llachserra.com\/en\/property\/amplia-plaza-de-parking-junto-a-rambla-catalunya-y-passeig-de-gracia\/","title":{"rendered":"Amplia plaza de parking junto a Rambla Catalunya y Passeig de Gr\u00e0cia"},"excerpt":{"rendered":"<p>Est\u00e0s cansat de buscar aparcament al centre? Et presentem una pla\u00e7a de p\u00e0rquing de lloguer excepcionalment \u00e0mplia al carrer Mallorca, situada a la planta -2 d\u2019un edifici d\u2019obra nova, a pocs passos de Rambla Catalunya i Passeig de Gr\u00e0cia.<\/p>\n<p>L\u2019acc\u00e9s \u00e9s c\u00f2mode, segur i modern, ideal per a cotxes grans o per a aquells que valoren la facilitat de maniobra en el seu dia a dia. Situada en un dels entorns amb m\u00e9s demanda d\u2019aparcament de la ciutat, aquesta pla\u00e7a \u00e9s una soluci\u00f3 pr\u00e0ctica i exclusiva al cor de l\u2019Eixample barcelon\u00ed.<\/p>\n<p>CONDICIONS:~\u2013 Un mes de fian\u00e7a~\u2013 Honoraris d\u2019ag\u00e8ncia a consultar.<\/p>\n<p>Una oportunitat \u00fanica per gaudir de la comoditat de tenir el teu propi espai en una de les zones m\u00e9s cobejades de Barcelona.<\/p>\n<p>\ud83d\udcde Contacta amb nosaltres per a m\u00e9s informaci\u00f3 o per concertar una visita.<\/p>\n<p>AGENT IMMOBILIARI: 6689 (AICAT)~Despeses de gesti\u00f3 no incloses en el preu.~<\/p>\n","protected":false},"template":"","availability":"Lloguer","property_type":"Garage, Garaje, Garatge","location":"Espanya","parking":"","outside_space":"","price_qualifier":"","furnished":"","marketing_flag":"","property_feature":[],"class_list":["post-42739","type-property","status-publish","availability-let","property_type-garage-en","property_type-garage-es","property_type-garage","location-espanya","ph-cols-3","property","department-residential-lettings","office-2757"],"acf":[],"department":"residential-lettings","reference_number":"L-148","address_street":"","address_two":"","address_three":"Eixample","address_four":"Barcelona","address_postcode":"08036","address_country":"ES","latitude":"41.386418458","longitude":"2.15273173","price_actual":"256.76711471629","price":"295","price_formatted":"295&euro; pcm","rent_frequency":"pcm","currency":"EUR","council_tax_band":"","deposit":"","available_date":"","bedrooms":"0","bathrooms":"","reception_rooms":"","on_market":"","featured":"","features":[],"description":"","office":{"name":"My Office","address":"","telephone_number":"","email_address":""},"negotiator":{"name":"admin","telephone_number":"","email_address":"roger@demomentsomtres.com"},"images":[],"floorplans":[],"brochures":[],"epcs":[],"virtual_tours":[],"views_total":12230,"views_last_7_days":420,"views_last_14_days":689,"views_last_30_days":1436,"_links":{"self":[{"href":"https:\/\/www.llachserra.com\/en\/wp-json\/wp\/v2\/property\/42739","targetHints":{"allow":["GET"]}}],"collection":[{"href":"https:\/\/www.llachserra.com\/en\/wp-json\/wp\/v2\/property"}],"about":[{"href":"https:\/\/www.llachserra.com\/en\/wp-json\/wp\/v2\/types\/property"}],"wp:attachment":[{"href":"https:\/\/www.llachserra.com\/en\/wp-json\/wp\/v2\/media?parent=42739"}],"wp:term":[{"taxonomy":"availability","embeddable":true,"href":"https:\/\/www.llachserra.com\/en\/wp-json\/wp\/v2\/availability?post=42739"},{"taxonomy":"property_type","embeddable":true,"href":"https:\/\/www.llachserra.com\/en\/wp-json\/wp\/v2\/property_type?post=42739"},{"taxonomy":"commercial_property_type","embeddable":true,"href":"https:\/\/www.llachserra.com\/en\/wp-json\/wp\/v2\/commercial_property_type?post=42739"},{"taxonomy":"location","embeddable":true,"href":"https:\/\/www.llachserra.com\/en\/wp-json\/wp\/v2\/location?post=42739"},{"taxonomy":"parking","embeddable":true,"href":"https:\/\/www.llachserra.com\/en\/wp-json\/wp\/v2\/parking?post=42739"},{"taxonomy":"outside_space","embeddable":true,"href":"https:\/\/www.llachserra.com\/en\/wp-json\/wp\/v2\/outside_space?post=42739"},{"taxonomy":"price_qualifier","embeddable":true,"href":"https:\/\/www.llachserra.com\/en\/wp-json\/wp\/v2\/price_qualifier?post=42739"},{"taxonomy":"tenure","embeddable":true,"href":"https:\/\/www.llachserra.com\/en\/wp-json\/wp\/v2\/tenure?post=42739"},{"taxonomy":"commercial_tenure","embeddable":true,"href":"https:\/\/www.llachserra.com\/en\/wp-json\/wp\/v2\/commercial_tenure?post=42739"},{"taxonomy":"sale_by","embeddable":true,"href":"https:\/\/www.llachserra.com\/en\/wp-json\/wp\/v2\/sale_by?post=42739"},{"taxonomy":"furnished","embeddable":true,"href":"https:\/\/www.llachserra.com\/en\/wp-json\/wp\/v2\/furnished?post=42739"},{"taxonomy":"marketing_flag","embeddable":true,"href":"https:\/\/www.llachserra.com\/en\/wp-json\/wp\/v2\/marketing_flag?post=42739"},{"taxonomy":"property_feature","embeddable":true,"href":"https:\/\/www.llachserra.com\/en\/wp-json\/wp\/v2\/property_feature?post=42739"}],"curies":[{"name":"wp","href":"https:\/\/api.w.org\/{rel}","templated":true}]}}

Amplia plaza de parking junto a Rambla Catalunya y Passeig de Gràcia

<p>Estàs cansat de buscar aparcament al centre? Et presentem una plaça de pàrquing de lloguer excepcionalment àmplia al carrer Mallorca, situada a la planta -2 d’un edifici d’obra nova, a pocs passos de Rambla Catalunya i Passeig de Gràcia.</p>
<p>L’accés és còmode, segur i modern, ideal per a cotxes grans o per a aquells que valoren la facilitat de maniobra en el seu dia a dia. Situada en un dels entorns amb més demanda d’aparcament de la ciutat, aquesta plaça és una solució pràctica i exclusiva al cor de l’Eixample barceloní.</p>
<p>CONDICIONS:~– Un mes de fiança~– Honoraris d’agència a consultar.</p>
<p>Una oportunitat única per gaudir de la comoditat de tenir el teu propi espai en una de les zones més cobejades de Barcelona.</p>
<p>📞 Contacta amb nosaltres per a més informació o per concertar una visita.</p>
<p>AGENT IMMOBILIARI: 6689 (AICAT)~Despeses de gestió no incloses en el preu.~</p>
