{"id":41130,"date":"2025-10-10T15:14:41","date_gmt":"2025-10-10T13:14:41","guid":{"rendered":"https:\/\/www.llachserra.com\/property\/habitacion-luminosa-y-funcional-en-calle-valencia\/"},"modified":"2025-11-05T02:04:36","modified_gmt":"2025-11-05T00:04:36","slug":"habitacion-luminosa-y-funcional-en-calle-valencia","status":"publish","type":"property","link":"https:\/\/www.llachserra.com\/en\/property\/habitacion-luminosa-y-funcional-en-calle-valencia\/","title":{"rendered":"Habitaci\u00f3n luminosa y funcional en Calle Valencia"},"excerpt":{"rendered":"<p>DISPONIBLE A PARTIR DE L\u20191 DE GENER DE 2026<\/p>\n<p>SOBRE L\u2019HABITACI\u00d3 (N\u00fam. 2):<\/p>\n<p>Aquesta estan\u00e7a \u00e9s ideal si busques comoditat i ordre. Disposa d\u2019un petit rebedor on es troben l\u2019escriptori i l\u2019armari, separats visualment de la zona de descans.<\/p>\n<p>El bany privat est\u00e0 dins de l\u2019habitaci\u00f3 i la gran finestra amb vistes al carrer li aporta claredat i amplitud. Una habitaci\u00f3 que ofereix independ\u00e8ncia, funcionalitat i una atmosfera molt agradable.<\/p>\n<p>SOBRE EL PIS<\/p>\n<p>El pis ha estat recentment reformat amb molt bon gust i sentit pr\u00e0ctic. Les zones comunes compten amb:~- Cuina oberta totalment equipada (forn, microones, rentavaixelles, nevera, cafetera, etc.).~- Barra perfecta per esmorzar o dinar.~- Sala d\u2019estar amb sof\u00e0 i televisi\u00f3.~- Balconet amb taula exterior i zona de bugaderia (rentadora i assecadora).~\u00c9s un pis pensat per compartir, per\u00f2 tamb\u00e9 perqu\u00e8 cada persona tingui el seu propi espai i intimitat.<\/p>\n<p>\ud83e\udde1 Pis exclusivament per a noies.<\/p>\n<p>Un entorn tranquil, c\u00f2mode i pensat per a una conviv\u00e8ncia femenina respectuosa i cuidada.<\/p>\n<p>UBICACI\u00d3<\/p>\n<p>Ubicat al cor de l\u2019Eixample de Barcelona, en una zona viva, ben comunicada i amb tots els serveis a pocs passos: metro, autobusos, supermercats, cafeteries, gimnasos i zones verdes. Una localitzaci\u00f3 perfecta per a estudiants o joves professionals que volen gaudir d\u2019una ciutat din\u00e0mica i tenir-ho tot a prop.<\/p>\n<p>SERVEIS<\/p>\n<p>&#8211; Subministraments coberts fins a 175 \u20ac\/mes (electricitat, aigua i internet). En cas de superar aquest l\u00edmit, el cost addicional es dividir\u00e0 entre les inquilines.~- Neteja de les zones comunes inclosa.~- Servei i manteniment per garantir la teva comoditat durant tota l\u2019estada.<\/p>\n<p>CONDICIONS<\/p>\n<p>&#8211; Fian\u00e7a: A consultar.~- Neteja final: 125 \u20ac en finalitzar el contracte.~- Durada m\u00ednima del contracte: 3 mesos.~- Honoraris: Segons l\u2019estada.~- Mascotes: No s\u2019accepten.~- Fumar: Prohibit dins l\u2019apartament.<\/p>\n<p>T\u2019interessa? No deixis escapar l\u2019oportunitat de viure en aquest espectacular pis! Contacta amb nosaltres per a m\u00e9s informaci\u00f3 o per agendar una visita.<\/p>\n<p>AGENT IMMOBILIARI N\u00daM. 6689 (AICAT)~<\/p>\n","protected":false},"template":"","availability":"Lloguer","property_type":"Altres, Others, Otros","location":"Espanya","parking":"","outside_space":"","price_qualifier":"","furnished":"","marketing_flag":"","property_feature":[],"class_list":["post-41130","type-property","status-publish","availability-let","property_type-other","property_type-other-en","property_type-other-es","location-espanya","ph-cols-3","property","department-residential-lettings","office-2757"],"acf":[],"department":"residential-lettings","reference_number":"V-399.2","address_street":"","address_two":"","address_three":"LAntiga Esquerra de lEixample","address_four":"Barcelona","address_postcode":"08036","address_country":"ES","latitude":"41.3871958970907","longitude":"2.15554532651033","price_actual":"898.85043168279","price":"1025","price_formatted":"1.025&euro; pcm","rent_frequency":"pcm","currency":"EUR","council_tax_band":"","deposit":"","available_date":"","bedrooms":"5","bathrooms":"5","reception_rooms":"","on_market":"","featured":"","features":[],"description":"","office":{"name":"My Office","address":"","telephone_number":"","email_address":""},"negotiator":{"name":"admin","telephone_number":"","email_address":"roger@demomentsomtres.com"},"images":[],"floorplans":[],"brochures":[],"epcs":[],"virtual_tours":[],"views_total":26313,"views_last_7_days":1174,"views_last_14_days":2201,"views_last_30_days":5209,"_links":{"self":[{"href":"https:\/\/www.llachserra.com\/en\/wp-json\/wp\/v2\/property\/41130","targetHints":{"allow":["GET"]}}],"collection":[{"href":"https:\/\/www.llachserra.com\/en\/wp-json\/wp\/v2\/property"}],"about":[{"href":"https:\/\/www.llachserra.com\/en\/wp-json\/wp\/v2\/types\/property"}],"wp:attachment":[{"href":"https:\/\/www.llachserra.com\/en\/wp-json\/wp\/v2\/media?parent=41130"}],"wp:term":[{"taxonomy":"availability","embeddable":true,"href":"https:\/\/www.llachserra.com\/en\/wp-json\/wp\/v2\/availability?post=41130"},{"taxonomy":"property_type","embeddable":true,"href":"https:\/\/www.llachserra.com\/en\/wp-json\/wp\/v2\/property_type?post=41130"},{"taxonomy":"commercial_property_type","embeddable":true,"href":"https:\/\/www.llachserra.com\/en\/wp-json\/wp\/v2\/commercial_property_type?post=41130"},{"taxonomy":"location","embeddable":true,"href":"https:\/\/www.llachserra.com\/en\/wp-json\/wp\/v2\/location?post=41130"},{"taxonomy":"parking","embeddable":true,"href":"https:\/\/www.llachserra.com\/en\/wp-json\/wp\/v2\/parking?post=41130"},{"taxonomy":"outside_space","embeddable":true,"href":"https:\/\/www.llachserra.com\/en\/wp-json\/wp\/v2\/outside_space?post=41130"},{"taxonomy":"price_qualifier","embeddable":true,"href":"https:\/\/www.llachserra.com\/en\/wp-json\/wp\/v2\/price_qualifier?post=41130"},{"taxonomy":"tenure","embeddable":true,"href":"https:\/\/www.llachserra.com\/en\/wp-json\/wp\/v2\/tenure?post=41130"},{"taxonomy":"commercial_tenure","embeddable":true,"href":"https:\/\/www.llachserra.com\/en\/wp-json\/wp\/v2\/commercial_tenure?post=41130"},{"taxonomy":"sale_by","embeddable":true,"href":"https:\/\/www.llachserra.com\/en\/wp-json\/wp\/v2\/sale_by?post=41130"},{"taxonomy":"furnished","embeddable":true,"href":"https:\/\/www.llachserra.com\/en\/wp-json\/wp\/v2\/furnished?post=41130"},{"taxonomy":"marketing_flag","embeddable":true,"href":"https:\/\/www.llachserra.com\/en\/wp-json\/wp\/v2\/marketing_flag?post=41130"},{"taxonomy":"property_feature","embeddable":true,"href":"https:\/\/www.llachserra.com\/en\/wp-json\/wp\/v2\/property_feature?post=41130"}],"curies":[{"name":"wp","href":"https:\/\/api.w.org\/{rel}","templated":true}]}}

Habitación luminosa y funcional en Calle Valencia

<p>DISPONIBLE A PARTIR DE L’1 DE GENER DE 2026</p>
<p>SOBRE L’HABITACIÓ (Núm. 2):</p>
<p>Aquesta estança és ideal si busques comoditat i ordre. Disposa d’un petit rebedor on es troben l’escriptori i l’armari, separats visualment de la zona de descans.</p>
<p>El bany privat està dins de l’habitació i la gran finestra amb vistes al carrer li aporta claredat i amplitud. Una habitació que ofereix independència, funcionalitat i una atmosfera molt agradable.</p>
<p>SOBRE EL PIS</p>
<p>El pis ha estat recentment reformat amb molt bon gust i sentit pràctic. Les zones comunes compten amb:~- Cuina oberta totalment equipada (forn, microones, rentavaixelles, nevera, cafetera, etc.).~- Barra perfecta per esmorzar o dinar.~- Sala d’estar amb sofà i televisió.~- Balconet amb taula exterior i zona de bugaderia (rentadora i assecadora).~És un pis pensat per compartir, però també perquè cada persona tingui el seu propi espai i intimitat.</p>
<p>🧡 Pis exclusivament per a noies.</p>
<p>Un entorn tranquil, còmode i pensat per a una convivència femenina respectuosa i cuidada.</p>
<p>UBICACIÓ</p>
<p>Ubicat al cor de l’Eixample de Barcelona, en una zona viva, ben comunicada i amb tots els serveis a pocs passos: metro, autobusos, supermercats, cafeteries, gimnasos i zones verdes. Una localització perfecta per a estudiants o joves professionals que volen gaudir d’una ciutat dinàmica i tenir-ho tot a prop.</p>
<p>SERVEIS</p>
<p>&#8211; Subministraments coberts fins a 175 €/mes (electricitat, aigua i internet). En cas de superar aquest límit, el cost addicional es dividirà entre les inquilines.~- Neteja de les zones comunes inclosa.~- Servei i manteniment per garantir la teva comoditat durant tota l’estada.</p>
<p>CONDICIONS</p>
<p>&#8211; Fiança: A consultar.~- Neteja final: 125 € en finalitzar el contracte.~- Durada mínima del contracte: 3 mesos.~- Honoraris: Segons l’estada.~- Mascotes: No s’accepten.~- Fumar: Prohibit dins l’apartament.</p>
<p>T’interessa? No deixis escapar l’oportunitat de viure en aquest espectacular pis! Contacta amb nosaltres per a més informació o per agendar una visita.</p>
<p>AGENT IMMOBILIARI NÚM. 6689 (AICAT)~</p>
