{"id":40539,"date":"2025-10-10T15:11:46","date_gmt":"2025-10-10T13:11:46","guid":{"rendered":"https:\/\/www.llachserra.com\/property\/estupenda-habitacion-con-balcon\/"},"modified":"2026-01-08T02:20:09","modified_gmt":"2026-01-08T00:20:09","slug":"estupenda-habitacion-con-balcon","status":"publish","type":"property","link":"https:\/\/www.llachserra.com\/en\/property\/estupenda-habitacion-con-balcon\/","title":{"rendered":"ESTUPENDA HABITACI\u00d3N CON BALC\u00d3N"},"excerpt":{"rendered":"<p>DISPONIBLE A PARTIR DEL 21 DE DESEMBRE DE 2025 FINS AL 31 DE GENER DE 2026<\/p>\n<p>Estupenda habitaci\u00f3 amb balc\u00f3 privat en un pis recentment reformat!<\/p>\n<p>Aquesta habitaci\u00f3 \u00e9s perfecta per a qui busca un espai c\u00f2mode, modern i amb un extra especial: un balc\u00f3 privat on podr\u00e0s gaudir de l\u2019aire fresc i la llum natural cada dia. \u00c9s la n\u00fam. 2 al pl\u00e0nol i est\u00e0 equipada amb:<\/p>\n<p>&#8211; Llit individual ~- Armari ampli per a totes les teves pertinences~- Escriptori funcional, ideal per estudiar o treballar des de casa~- Aire condicionat<\/p>\n<p>El disseny de l\u2019habitaci\u00f3, amb tons clars i acabats moderns, ofereix un ambient c\u00e0lid i acollidor que et far\u00e0 sentir com a casa des del primer moment.<\/p>\n<p>SOBRE L\u2019APARTAMENT<\/p>\n<p>Aquest espectacular apartament recentment reformat amb molt bon gust est\u00e0 situat a la quarta planta d\u2019un edifici amb ascensor. El pis ha estat dissenyat per oferir un ambient c\u00e0lid, elegant i funcional, ideal per compartir entre companys.<\/p>\n<p>Les zones comunes destaquen per la seva amplitud i disseny modern:~\u2022 Cuina connectada amb el sal\u00f3: Espaiosa i totalment equipada amb microones, rentavaixelles, nevera, forn i una taula per a 4 persones, perfecta per als \u00e0pats del dia a dia.~\u2022 Sal\u00f3 acollidor amb balc\u00f3: Des del sal\u00f3 s\u2019accedeix a un balc\u00f3 privat amb vistes impressionants a les Torres Mapfre, ideal per gaudir de la llum natural i l\u2019aire fresc.~\u2022 Bany principal: Equipat amb dutxa, lavabo amb calaixos i armari amb rentadora-assecadora.~\u2022 Aseig addicional: Ideal per a una conviv\u00e8ncia m\u00e9s c\u00f2moda.<\/p>\n<p>L\u2019apartament ha estat reformat amb materials d\u2019alta qualitat, utilitzant tons c\u00e0lids, textures modernes i un disseny n\u00f2rdic que aporta estil i funcionalitat a cada rac\u00f3.<\/p>\n<p>SERVEIS INCLOSOS~\u2022 Neteja de les zones comunes un cop per setmana per mantenir sempre l\u2019espai impecable.~\u2022 Subministraments inclosos a la renda (aigua, electricitat amb un l\u00edmit de 80 \u20ac mensuals i internet). Si es supera aquest l\u00edmit, el cost addicional es dividir\u00e0 entre els inquilins.<\/p>\n<p>UBICACI\u00d3<\/p>\n<p>Situat al Poblenou, el barri m\u00e9s de moda de Barcelona, aquest apartament est\u00e0 envoltat d\u2019empreses joves i opcions culturals i d\u2019oci.~A 10 minuts a peu de la platja, a 15 minuts del centre comercial Diagonal Mar i a nom\u00e9s 7 parades de metro de Pla\u00e7a Catalunya, aquesta ubicaci\u00f3 \u00e9s perfecta per gaudir de la ciutat.<\/p>\n<p>CONDICIONS<\/p>\n<p>\u2022 Preu: 795 \u20ac\/mes~\u2022 Fian\u00e7a: A consultar~\u2022 Neteja final: 125 \u20ac en finalitzar el contracte~\u2022 Mascotes: No s\u2019accepten~\u2022 Fumar: Prohibit a l\u2019apartament<\/p>\n<p>T\u2019interessa? Contacta amb nosaltres per obtenir m\u00e9s informaci\u00f3 o per agendar una visita.<\/p>\n<p>No deixis escapar l\u2019oportunitat de viure en aquest espectacular pis recentment reformat!<\/p>\n<p>AGENT IMMOBILIARI N\u00daM. 6689 (AICAT)~<\/p>\n","protected":false},"template":"","availability":"Lloguer","property_type":"Altres, Others, Otros","location":"Espanya","parking":"","outside_space":"","price_qualifier":"","furnished":"","marketing_flag":"","property_feature":[],"class_list":["post-40539","type-property","status-publish","availability-let","property_type-other","property_type-other-en","property_type-other-es","location-espanya","ph-cols-3","property","department-residential-lettings","office-2757"],"acf":[],"department":"residential-lettings","reference_number":"V-269.2","address_street":"","address_two":"","address_three":"El Poblenou","address_four":"Barcelona","address_postcode":"08005","address_country":"ES","latitude":"41.3980217469133","longitude":"2.1989158735865098","price_actual":"597.5478558541","price":"690","price_formatted":"690&euro; pcm","rent_frequency":"pcm","currency":"EUR","council_tax_band":"","deposit":"","available_date":"","bedrooms":"4","bathrooms":"2","reception_rooms":"","on_market":"","featured":"","features":[],"description":"","office":{"name":"My Office","address":"","telephone_number":"","email_address":""},"negotiator":{"name":"admin","telephone_number":"","email_address":"roger@demomentsomtres.com"},"images":[],"floorplans":[],"brochures":[],"epcs":[],"virtual_tours":[],"views_total":33262,"views_last_7_days":1737,"views_last_14_days":3312,"views_last_30_days":7065,"_links":{"self":[{"href":"https:\/\/www.llachserra.com\/en\/wp-json\/wp\/v2\/property\/40539","targetHints":{"allow":["GET"]}}],"collection":[{"href":"https:\/\/www.llachserra.com\/en\/wp-json\/wp\/v2\/property"}],"about":[{"href":"https:\/\/www.llachserra.com\/en\/wp-json\/wp\/v2\/types\/property"}],"wp:attachment":[{"href":"https:\/\/www.llachserra.com\/en\/wp-json\/wp\/v2\/media?parent=40539"}],"wp:term":[{"taxonomy":"availability","embeddable":true,"href":"https:\/\/www.llachserra.com\/en\/wp-json\/wp\/v2\/availability?post=40539"},{"taxonomy":"property_type","embeddable":true,"href":"https:\/\/www.llachserra.com\/en\/wp-json\/wp\/v2\/property_type?post=40539"},{"taxonomy":"commercial_property_type","embeddable":true,"href":"https:\/\/www.llachserra.com\/en\/wp-json\/wp\/v2\/commercial_property_type?post=40539"},{"taxonomy":"location","embeddable":true,"href":"https:\/\/www.llachserra.com\/en\/wp-json\/wp\/v2\/location?post=40539"},{"taxonomy":"parking","embeddable":true,"href":"https:\/\/www.llachserra.com\/en\/wp-json\/wp\/v2\/parking?post=40539"},{"taxonomy":"outside_space","embeddable":true,"href":"https:\/\/www.llachserra.com\/en\/wp-json\/wp\/v2\/outside_space?post=40539"},{"taxonomy":"price_qualifier","embeddable":true,"href":"https:\/\/www.llachserra.com\/en\/wp-json\/wp\/v2\/price_qualifier?post=40539"},{"taxonomy":"tenure","embeddable":true,"href":"https:\/\/www.llachserra.com\/en\/wp-json\/wp\/v2\/tenure?post=40539"},{"taxonomy":"commercial_tenure","embeddable":true,"href":"https:\/\/www.llachserra.com\/en\/wp-json\/wp\/v2\/commercial_tenure?post=40539"},{"taxonomy":"sale_by","embeddable":true,"href":"https:\/\/www.llachserra.com\/en\/wp-json\/wp\/v2\/sale_by?post=40539"},{"taxonomy":"furnished","embeddable":true,"href":"https:\/\/www.llachserra.com\/en\/wp-json\/wp\/v2\/furnished?post=40539"},{"taxonomy":"marketing_flag","embeddable":true,"href":"https:\/\/www.llachserra.com\/en\/wp-json\/wp\/v2\/marketing_flag?post=40539"},{"taxonomy":"property_feature","embeddable":true,"href":"https:\/\/www.llachserra.com\/en\/wp-json\/wp\/v2\/property_feature?post=40539"}],"curies":[{"name":"wp","href":"https:\/\/api.w.org\/{rel}","templated":true}]}}

ESTUPENDA HABITACIÓN CON BALCÓN

<p>DISPONIBLE A PARTIR DEL 21 DE DESEMBRE DE 2025 FINS AL 31 DE GENER DE 2026</p>
<p>Estupenda habitació amb balcó privat en un pis recentment reformat!</p>
<p>Aquesta habitació és perfecta per a qui busca un espai còmode, modern i amb un extra especial: un balcó privat on podràs gaudir de l’aire fresc i la llum natural cada dia. És la núm. 2 al plànol i està equipada amb:</p>
<p>&#8211; Llit individual ~- Armari ampli per a totes les teves pertinences~- Escriptori funcional, ideal per estudiar o treballar des de casa~- Aire condicionat</p>
<p>El disseny de l’habitació, amb tons clars i acabats moderns, ofereix un ambient càlid i acollidor que et farà sentir com a casa des del primer moment.</p>
<p>SOBRE L’APARTAMENT</p>
<p>Aquest espectacular apartament recentment reformat amb molt bon gust està situat a la quarta planta d’un edifici amb ascensor. El pis ha estat dissenyat per oferir un ambient càlid, elegant i funcional, ideal per compartir entre companys.</p>
<p>Les zones comunes destaquen per la seva amplitud i disseny modern:~• Cuina connectada amb el saló: Espaiosa i totalment equipada amb microones, rentavaixelles, nevera, forn i una taula per a 4 persones, perfecta per als àpats del dia a dia.~• Saló acollidor amb balcó: Des del saló s’accedeix a un balcó privat amb vistes impressionants a les Torres Mapfre, ideal per gaudir de la llum natural i l’aire fresc.~• Bany principal: Equipat amb dutxa, lavabo amb calaixos i armari amb rentadora-assecadora.~• Aseig addicional: Ideal per a una convivència més còmoda.</p>
<p>L’apartament ha estat reformat amb materials d’alta qualitat, utilitzant tons càlids, textures modernes i un disseny nòrdic que aporta estil i funcionalitat a cada racó.</p>
<p>SERVEIS INCLOSOS~• Neteja de les zones comunes un cop per setmana per mantenir sempre l’espai impecable.~• Subministraments inclosos a la renda (aigua, electricitat amb un límit de 80 € mensuals i internet). Si es supera aquest límit, el cost addicional es dividirà entre els inquilins.</p>
<p>UBICACIÓ</p>
<p>Situat al Poblenou, el barri més de moda de Barcelona, aquest apartament està envoltat d’empreses joves i opcions culturals i d’oci.~A 10 minuts a peu de la platja, a 15 minuts del centre comercial Diagonal Mar i a només 7 parades de metro de Plaça Catalunya, aquesta ubicació és perfecta per gaudir de la ciutat.</p>
<p>CONDICIONS</p>
<p>• Preu: 795 €/mes~• Fiança: A consultar~• Neteja final: 125 € en finalitzar el contracte~• Mascotes: No s’accepten~• Fumar: Prohibit a l’apartament</p>
<p>T’interessa? Contacta amb nosaltres per obtenir més informació o per agendar una visita.</p>
<p>No deixis escapar l’oportunitat de viure en aquest espectacular pis recentment reformat!</p>
<p>AGENT IMMOBILIARI NÚM. 6689 (AICAT)~</p>
