{"id":40442,"date":"2025-10-10T15:11:18","date_gmt":"2025-10-10T13:11:18","guid":{"rendered":"https:\/\/www.llachserra.com\/property\/casa-con-terreno-y-vistas-a-la-montana-en-font-rubi\/"},"modified":"2025-12-02T02:13:34","modified_gmt":"2025-12-02T00:13:34","slug":"casa-con-terreno-y-vistas-a-la-montana-en-font-rubi","status":"publish","type":"property","link":"https:\/\/www.llachserra.com\/en\/property\/casa-con-terreno-y-vistas-a-la-montana-en-font-rubi\/","title":{"rendered":"Casa con terreno y vistas a la monta\u00f1a en Font-rub\u00ed"},"excerpt":{"rendered":"<p>En un entorn natural privilegiat, envoltada de tranquil\u00b7litat i amb vistes meravelloses a la muntanya, aquesta propietat a Font-rub\u00ed ofereix un ampli terreny privat amb hort, pati i piscina, ideal per a qui busca espai exterior i connexi\u00f3 amb la natura.<\/p>\n<p>L\u2019habitatge, acollidor i funcional, necessita una actualitzaci\u00f3 parcial i es distribueix en un pr\u00e0ctic sal\u00f3-menjador amb cuina, una habitaci\u00f3 doble i una segona estan\u00e7a m\u00e9s petita, adaptable com a despatx, vestidor o habitaci\u00f3 auxiliar, totes dues amb acc\u00e9s mitjan\u00e7ant portes corredisses que optimitzen l\u2019espai. Completa la vivenda un bany funcional.<\/p>\n<p>Un espai perfecte per a qui vulgui reformar al seu gust i gaudir d\u2019un ampli terreny en un paratge tranquil, amb l\u2019encant de viure envoltat de natura i amb vistes obertes que conviden al descans.<\/p>\n<p>Una oportunitat per crear el teu refugi personal al cor del Pened\u00e8s.<\/p>\n<p>AGENT IMMOBILIARI: 6689 (AICAT).~Les despeses i impostos derivats de la compravenda no estan inclosos en el preu.~<\/p>\n","protected":false},"template":"","availability":"En venda","property_type":"Casa, Casa, House","location":"Espanya","parking":"","outside_space":"","price_qualifier":"","tenure":"","sale_by":"","marketing_flag":"","property_feature":[],"class_list":["post-40442","type-property","status-publish","availability-for-sale","property_type-house","property_type-house-es","property_type-house-en","location-espanya","ph-cols-3","property","department-residential-sales","office-2757"],"acf":[],"department":"residential-sales","reference_number":"T-399","address_street":"","address_two":"","address_three":"Can castellvi","address_four":"Font - rubi","address_postcode":"08736","address_country":"ES","latitude":"41.4431014364432","longitude":"1.62165291754566","price_actual":"63125.473161587","price":"72000","price_formatted":"72.000&euro;","currency":"EUR","council_tax_band":"","bedrooms":"2","bathrooms":"1","reception_rooms":"","on_market":"","featured":"","features":[],"description":"","office":{"name":"My Office","address":"","telephone_number":"","email_address":""},"negotiator":{"name":"admin","telephone_number":"","email_address":"roger@demomentsomtres.com"},"images":[],"floorplans":[],"brochures":[],"epcs":[],"virtual_tours":[],"views_total":6887,"views_last_7_days":544,"views_last_14_days":912,"views_last_30_days":1861,"_links":{"self":[{"href":"https:\/\/www.llachserra.com\/en\/wp-json\/wp\/v2\/property\/40442","targetHints":{"allow":["GET"]}}],"collection":[{"href":"https:\/\/www.llachserra.com\/en\/wp-json\/wp\/v2\/property"}],"about":[{"href":"https:\/\/www.llachserra.com\/en\/wp-json\/wp\/v2\/types\/property"}],"wp:attachment":[{"href":"https:\/\/www.llachserra.com\/en\/wp-json\/wp\/v2\/media?parent=40442"}],"wp:term":[{"taxonomy":"availability","embeddable":true,"href":"https:\/\/www.llachserra.com\/en\/wp-json\/wp\/v2\/availability?post=40442"},{"taxonomy":"property_type","embeddable":true,"href":"https:\/\/www.llachserra.com\/en\/wp-json\/wp\/v2\/property_type?post=40442"},{"taxonomy":"commercial_property_type","embeddable":true,"href":"https:\/\/www.llachserra.com\/en\/wp-json\/wp\/v2\/commercial_property_type?post=40442"},{"taxonomy":"location","embeddable":true,"href":"https:\/\/www.llachserra.com\/en\/wp-json\/wp\/v2\/location?post=40442"},{"taxonomy":"parking","embeddable":true,"href":"https:\/\/www.llachserra.com\/en\/wp-json\/wp\/v2\/parking?post=40442"},{"taxonomy":"outside_space","embeddable":true,"href":"https:\/\/www.llachserra.com\/en\/wp-json\/wp\/v2\/outside_space?post=40442"},{"taxonomy":"price_qualifier","embeddable":true,"href":"https:\/\/www.llachserra.com\/en\/wp-json\/wp\/v2\/price_qualifier?post=40442"},{"taxonomy":"tenure","embeddable":true,"href":"https:\/\/www.llachserra.com\/en\/wp-json\/wp\/v2\/tenure?post=40442"},{"taxonomy":"commercial_tenure","embeddable":true,"href":"https:\/\/www.llachserra.com\/en\/wp-json\/wp\/v2\/commercial_tenure?post=40442"},{"taxonomy":"sale_by","embeddable":true,"href":"https:\/\/www.llachserra.com\/en\/wp-json\/wp\/v2\/sale_by?post=40442"},{"taxonomy":"furnished","embeddable":true,"href":"https:\/\/www.llachserra.com\/en\/wp-json\/wp\/v2\/furnished?post=40442"},{"taxonomy":"marketing_flag","embeddable":true,"href":"https:\/\/www.llachserra.com\/en\/wp-json\/wp\/v2\/marketing_flag?post=40442"},{"taxonomy":"property_feature","embeddable":true,"href":"https:\/\/www.llachserra.com\/en\/wp-json\/wp\/v2\/property_feature?post=40442"}],"curies":[{"name":"wp","href":"https:\/\/api.w.org\/{rel}","templated":true}]}}

Casa con terreno y vistas a la montaña en Font-rubí

<p>En un entorn natural privilegiat, envoltada de tranquil·litat i amb vistes meravelloses a la muntanya, aquesta propietat a Font-rubí ofereix un ampli terreny privat amb hort, pati i piscina, ideal per a qui busca espai exterior i connexió amb la natura.</p>
<p>L’habitatge, acollidor i funcional, necessita una actualització parcial i es distribueix en un pràctic saló-menjador amb cuina, una habitació doble i una segona estança més petita, adaptable com a despatx, vestidor o habitació auxiliar, totes dues amb accés mitjançant portes corredisses que optimitzen l’espai. Completa la vivenda un bany funcional.</p>
<p>Un espai perfecte per a qui vulgui reformar al seu gust i gaudir d’un ampli terreny en un paratge tranquil, amb l’encant de viure envoltat de natura i amb vistes obertes que conviden al descans.</p>
<p>Una oportunitat per crear el teu refugi personal al cor del Penedès.</p>
<p>AGENT IMMOBILIARI: 6689 (AICAT).~Les despeses i impostos derivats de la compravenda no estan inclosos en el preu.~</p>
