{"id":39324,"date":"2025-10-10T15:05:58","date_gmt":"2025-10-10T13:05:58","guid":{"rendered":"https:\/\/www.llachserra.com\/property\/atico-duplex-con-terraza\/"},"modified":"2025-11-18T02:15:25","modified_gmt":"2025-11-18T00:15:25","slug":"atico-duplex-con-terraza","status":"publish","type":"property","link":"https:\/\/www.llachserra.com\/en\/property\/atico-duplex-con-terraza\/","title":{"rendered":"\u00c1TICO D\u00daPLEX CON TERRAZA"},"excerpt":{"rendered":"<p>Al barri del Poble nou de Vilafranca, t\u2019espera aquest \u00e0tic d\u00faplex que ho t\u00e9 tot per fer-te sentir a casa des del primer moment. Una llar que respira amplitud, comoditat i aquell encant especial de viure a dalt de tot.<\/p>\n<p>A la primera planta, hi entres i t\u2019envolta un sal\u00f3 menjador molt espai\u00f3s, amb sortida directa al balc\u00f3: el rac\u00f3 perfecte per prendre l\u2019aire o un caf\u00e8 a primera hora. La cuina independent, funcional i acollidora, compta tamb\u00e9 amb un pr\u00e0ctic safareig. En aquesta mateixa planta hi ha un bany complet amb banyera i dues habitacions amb armaris encastats, una d\u2019elles doble, ideals per adaptar-les a les teves necessitats: dormitoris, despatx, sala de jocs&#8230;<\/p>\n<p>Puges les escales i descobreixes un altre dormitori amb armaris encastats, un bany complet amb dutxa, una zona tipus golfes per emmagatzemar i&#8230; el millor: una terrassa espectacular, molt \u00e0mplia, amb zona de barbacoa i tot el que cal per gaudir del bon temps, els vespres d\u2019estiu i els diumenges de relax.<\/p>\n<p>A m\u00e9s, el pis disposa de calefacci\u00f3 per radiadors de gas natural i bomba d&#8217;aire fred i calent, perqu\u00e8 la temperatura sigui sempre la ideal, sigui quina sigui l\u2019estaci\u00f3.<\/p>\n<p>Una llar d\u2019aquelles que no nom\u00e9s es veuen boniques, sin\u00f3 que es viuen millor encara.<\/p>\n<p>\ud83d\udc49 Vols descobrir-la en persona? Truca&#8217;ns i vine a veure-la.<\/p>\n<p>AGENT IMMOBILIARI N\u00daM. 6689 (AICAT).  ~Les despeses i els impostos de la compravenda no estan inclosos en el preu.~<\/p>\n","protected":false},"template":"","availability":"En venda","property_type":"Flat, Pis, Piso","location":"Espanya","parking":"","outside_space":"","price_qualifier":"","tenure":"","sale_by":"","marketing_flag":"","property_feature":[],"class_list":["post-39324","type-property","status-publish","availability-for-sale","property_type-flat-en","property_type-flat","property_type-flat-es","location-espanya","ph-cols-3","property","department-residential-sales","office-2757"],"acf":[],"department":"residential-sales","reference_number":"T-398","address_street":"","address_two":"","address_three":"Poble nou","address_four":"Vilafranca del Penedes","address_postcode":"08720","address_country":"ES","latitude":"41.34114272776554","longitude":"1.6948273380079968","price_actual":"233779.80983697","price":"265000","price_formatted":"265.000&euro;","currency":"EUR","council_tax_band":"","bedrooms":"1","bathrooms":"2","reception_rooms":"","on_market":"","featured":"","features":[],"description":"","office":{"name":"My Office","address":"","telephone_number":"","email_address":""},"negotiator":{"name":"admin","telephone_number":"","email_address":"roger@demomentsomtres.com"},"images":[],"floorplans":[],"brochures":[],"epcs":[],"virtual_tours":[],"views_total":2040,"views_last_7_days":27,"views_last_14_days":54,"views_last_30_days":95,"_links":{"self":[{"href":"https:\/\/www.llachserra.com\/en\/wp-json\/wp\/v2\/property\/39324","targetHints":{"allow":["GET"]}}],"collection":[{"href":"https:\/\/www.llachserra.com\/en\/wp-json\/wp\/v2\/property"}],"about":[{"href":"https:\/\/www.llachserra.com\/en\/wp-json\/wp\/v2\/types\/property"}],"wp:attachment":[{"href":"https:\/\/www.llachserra.com\/en\/wp-json\/wp\/v2\/media?parent=39324"}],"wp:term":[{"taxonomy":"availability","embeddable":true,"href":"https:\/\/www.llachserra.com\/en\/wp-json\/wp\/v2\/availability?post=39324"},{"taxonomy":"property_type","embeddable":true,"href":"https:\/\/www.llachserra.com\/en\/wp-json\/wp\/v2\/property_type?post=39324"},{"taxonomy":"commercial_property_type","embeddable":true,"href":"https:\/\/www.llachserra.com\/en\/wp-json\/wp\/v2\/commercial_property_type?post=39324"},{"taxonomy":"location","embeddable":true,"href":"https:\/\/www.llachserra.com\/en\/wp-json\/wp\/v2\/location?post=39324"},{"taxonomy":"parking","embeddable":true,"href":"https:\/\/www.llachserra.com\/en\/wp-json\/wp\/v2\/parking?post=39324"},{"taxonomy":"outside_space","embeddable":true,"href":"https:\/\/www.llachserra.com\/en\/wp-json\/wp\/v2\/outside_space?post=39324"},{"taxonomy":"price_qualifier","embeddable":true,"href":"https:\/\/www.llachserra.com\/en\/wp-json\/wp\/v2\/price_qualifier?post=39324"},{"taxonomy":"tenure","embeddable":true,"href":"https:\/\/www.llachserra.com\/en\/wp-json\/wp\/v2\/tenure?post=39324"},{"taxonomy":"commercial_tenure","embeddable":true,"href":"https:\/\/www.llachserra.com\/en\/wp-json\/wp\/v2\/commercial_tenure?post=39324"},{"taxonomy":"sale_by","embeddable":true,"href":"https:\/\/www.llachserra.com\/en\/wp-json\/wp\/v2\/sale_by?post=39324"},{"taxonomy":"furnished","embeddable":true,"href":"https:\/\/www.llachserra.com\/en\/wp-json\/wp\/v2\/furnished?post=39324"},{"taxonomy":"marketing_flag","embeddable":true,"href":"https:\/\/www.llachserra.com\/en\/wp-json\/wp\/v2\/marketing_flag?post=39324"},{"taxonomy":"property_feature","embeddable":true,"href":"https:\/\/www.llachserra.com\/en\/wp-json\/wp\/v2\/property_feature?post=39324"}],"curies":[{"name":"wp","href":"https:\/\/api.w.org\/{rel}","templated":true}]}}

ÁTICO DÚPLEX CON TERRAZA

<p>Al barri del Poble nou de Vilafranca, t’espera aquest àtic dúplex que ho té tot per fer-te sentir a casa des del primer moment. Una llar que respira amplitud, comoditat i aquell encant especial de viure a dalt de tot.</p>
<p>A la primera planta, hi entres i t’envolta un saló menjador molt espaiós, amb sortida directa al balcó: el racó perfecte per prendre l’aire o un cafè a primera hora. La cuina independent, funcional i acollidora, compta també amb un pràctic safareig. En aquesta mateixa planta hi ha un bany complet amb banyera i dues habitacions amb armaris encastats, una d’elles doble, ideals per adaptar-les a les teves necessitats: dormitoris, despatx, sala de jocs&#8230;</p>
<p>Puges les escales i descobreixes un altre dormitori amb armaris encastats, un bany complet amb dutxa, una zona tipus golfes per emmagatzemar i&#8230; el millor: una terrassa espectacular, molt àmplia, amb zona de barbacoa i tot el que cal per gaudir del bon temps, els vespres d’estiu i els diumenges de relax.</p>
<p>A més, el pis disposa de calefacció per radiadors de gas natural i bomba d&#8217;aire fred i calent, perquè la temperatura sigui sempre la ideal, sigui quina sigui l’estació.</p>
<p>Una llar d’aquelles que no només es veuen boniques, sinó que es viuen millor encara.</p>
<p>👉 Vols descobrir-la en persona? Truca&#8217;ns i vine a veure-la.</p>
<p>AGENT IMMOBILIARI NÚM. 6689 (AICAT).  ~Les despeses i els impostos de la compravenda no estan inclosos en el preu.~</p>
