{"id":38808,"date":"2025-10-10T15:03:31","date_gmt":"2025-10-10T13:03:31","guid":{"rendered":"https:\/\/www.llachserra.com\/property\/alquiler-de-temporada-en-la-playa-de-st-salvador\/"},"modified":"2025-11-15T02:09:51","modified_gmt":"2025-11-15T00:09:51","slug":"alquiler-de-temporada-en-la-playa-de-st-salvador","status":"publish","type":"property","link":"https:\/\/www.llachserra.com\/en\/property\/alquiler-de-temporada-en-la-playa-de-st-salvador\/","title":{"rendered":"Alquiler de temporada  en la playa de St. Salvador"},"excerpt":{"rendered":"<p>CONTRACTE DE TEMPORADA DES DEL 15 DE SETEMBRE AL 15 DE JUNY<\/p>\n<p>Aquest habitatge no pot constituir el domicili habitual i permanent de l&#8217;inquil\u00ed. Es requereix declaraci\u00f3 responsable i la justificaci\u00f3 corresponent en la qual l&#8217;inquil\u00ed exposi el motiu o necessitat de la temporalitat, el per\u00edode de temps durant el qual el necessita i quin \u00e9s el seu domicili habitual i permanent. L&#8217;inquil\u00ed utilitzar\u00e0 la finca exclusivament amb finalitats temporals d&#8217;allotjament i en cap cas ser\u00e0 considerada com a habitatge habitual ni permanent de l&#8217;arrendatari ni de cap de la resta d&#8217;ocupants.<\/p>\n<p>\u2022 Els honoraris de comercialitzaci\u00f3 ca a c\u00e0rrec de l&#8217;inquil\u00ed~\u2022 Es requereixen dos mesos de fian\u00e7a.~\u2022 L&#8217;Impost sobre Transmissions Patrimonials (ITP) va a c\u00e0rrec de l&#8217;inquil\u00ed<\/p>\n<p>Preci\u00f3s apartament en un petit grup residencial d&#8217;edificis amb piscina i zona verda. Ideal per a professors, monitors, treballs per la zona temporal on l&#8217;\u00fanica cosa que s&#8217;ha portar per a viure \u00e9s la maleta, ja que est\u00e0 totalment moblat i amb els utensilis per a entrar a viure.<\/p>\n<p>L&#8217;habitatge es troba en Sant Salvador, barri mar\u00edtim del Vendrell a escassos 300 metres de la platja, en una zona molt tranquil\u00b7la, prop de l&#8217;Auditori i del Museu Pau Casals, a menys de 5 minuts de l&#8217;autopista C-32 (Pau Casals), l&#8217;AP-7 i la N-340. Molt prop de poblacions com El Vendrell o Calafell, amb tota mena de serveis, mercats i zones comercials i a 45 minuts de Barcelona.<\/p>\n<p>En entrar, despr\u00e9s del rebedor, trobem un acollidor menjador amb un ampli finestral amb acc\u00e9s a una bonica terrassa per a prendre el fresc i poder menjar o sopar tranquil\u00b7lament. A l&#8217;altre costat del rebedor trobem, primer, la cuina, i despr\u00e9s, un bany amb la seva dutxa i mampara. Al fons hi ha dues habitacions. Una d&#8217;elles comunica amb una altra terrassa que rep el sol de mat\u00ed. Es tracta d&#8217;un habitatge totalment exterior amb llum natural durant tot el dia.<\/p>\n<p>L&#8217;apartament est\u00e0 en molt bon estat, amb s\u00f2l de gres r\u00fastic, la fusteria interior de pi i l&#8217;exterior d&#8217;alumini amb trencament de pont t\u00e8rmic i doble vidre d&#8217;imitaci\u00f3 fusta amb les seves corresponents mosquiteres. Disposa d&#8217;aire condicionat. L&#8217;aigua calenta \u00e9s per termo de gas but\u00e0. Tamb\u00e9 disposa d&#8217;alarma.<\/p>\n<p>Els subministraments es cobren a part per un import de 50\u20ac al mes.<\/p>\n<p>Ideal per a poder gaudir durant tot l&#8217;any de les boniques platges de la costa Daurada a tres minuts de la llar! No deixis passar aquesta oportunitat! Demana una visita i veuen a veure aquest magn\u00edfic apartament.<\/p>\n<p>S&#8217;accepten mascotes petites amb asseguran\u00e7a de responsabilitat civil i si hi ha algun desperfecte en l&#8217;habitatge, es far\u00e0 c\u00e0rrec l&#8217;inquil\u00ed.<\/p>\n<p>Aquest immoble no es troba en una zona de mercat de lloguer tensionat. La propietat no t\u00e9 la consideraci\u00f3 de gran tenidor.<\/p>\n<p>AGENT IMMOBILIARI N\u00fam. 6689 (AICAT).~<\/p>\n","protected":false},"template":"","availability":"","property_type":"Flat, Pis, Piso","location":"Espanya","parking":"","outside_space":"","price_qualifier":"","furnished":"","marketing_flag":"","property_feature":[],"class_list":["post-38808","type-property","status-publish","property_type-flat-en","property_type-flat","property_type-flat-es","location-espanya","ph-cols-3","property","department-residential-lettings","office-2757"],"acf":[],"department":"residential-lettings","reference_number":"V-276","address_street":"","address_two":"","address_three":"Sant salvador","address_four":"El Vendrell","address_postcode":"43880","address_country":"ES","latitude":"41.18657778338596","longitude":"1.5386652147247162","price_actual":"0","price":"700","price_formatted":"700&euro; pcm","rent_frequency":"pcm","currency":"EUR","council_tax_band":"","deposit":"","available_date":"","bedrooms":"2","bathrooms":"1","reception_rooms":"","on_market":"","featured":"","features":[],"description":"","office":{"name":"My Office","address":"","telephone_number":"","email_address":""},"negotiator":{"name":"admin","telephone_number":"","email_address":"roger@demomentsomtres.com"},"images":[],"floorplans":[],"brochures":[],"epcs":[],"virtual_tours":[],"views_total":24472,"views_last_7_days":993,"views_last_14_days":1631,"views_last_30_days":3049,"_links":{"self":[{"href":"https:\/\/www.llachserra.com\/en\/wp-json\/wp\/v2\/property\/38808","targetHints":{"allow":["GET"]}}],"collection":[{"href":"https:\/\/www.llachserra.com\/en\/wp-json\/wp\/v2\/property"}],"about":[{"href":"https:\/\/www.llachserra.com\/en\/wp-json\/wp\/v2\/types\/property"}],"wp:attachment":[{"href":"https:\/\/www.llachserra.com\/en\/wp-json\/wp\/v2\/media?parent=38808"}],"wp:term":[{"taxonomy":"availability","embeddable":true,"href":"https:\/\/www.llachserra.com\/en\/wp-json\/wp\/v2\/availability?post=38808"},{"taxonomy":"property_type","embeddable":true,"href":"https:\/\/www.llachserra.com\/en\/wp-json\/wp\/v2\/property_type?post=38808"},{"taxonomy":"commercial_property_type","embeddable":true,"href":"https:\/\/www.llachserra.com\/en\/wp-json\/wp\/v2\/commercial_property_type?post=38808"},{"taxonomy":"location","embeddable":true,"href":"https:\/\/www.llachserra.com\/en\/wp-json\/wp\/v2\/location?post=38808"},{"taxonomy":"parking","embeddable":true,"href":"https:\/\/www.llachserra.com\/en\/wp-json\/wp\/v2\/parking?post=38808"},{"taxonomy":"outside_space","embeddable":true,"href":"https:\/\/www.llachserra.com\/en\/wp-json\/wp\/v2\/outside_space?post=38808"},{"taxonomy":"price_qualifier","embeddable":true,"href":"https:\/\/www.llachserra.com\/en\/wp-json\/wp\/v2\/price_qualifier?post=38808"},{"taxonomy":"tenure","embeddable":true,"href":"https:\/\/www.llachserra.com\/en\/wp-json\/wp\/v2\/tenure?post=38808"},{"taxonomy":"commercial_tenure","embeddable":true,"href":"https:\/\/www.llachserra.com\/en\/wp-json\/wp\/v2\/commercial_tenure?post=38808"},{"taxonomy":"sale_by","embeddable":true,"href":"https:\/\/www.llachserra.com\/en\/wp-json\/wp\/v2\/sale_by?post=38808"},{"taxonomy":"furnished","embeddable":true,"href":"https:\/\/www.llachserra.com\/en\/wp-json\/wp\/v2\/furnished?post=38808"},{"taxonomy":"marketing_flag","embeddable":true,"href":"https:\/\/www.llachserra.com\/en\/wp-json\/wp\/v2\/marketing_flag?post=38808"},{"taxonomy":"property_feature","embeddable":true,"href":"https:\/\/www.llachserra.com\/en\/wp-json\/wp\/v2\/property_feature?post=38808"}],"curies":[{"name":"wp","href":"https:\/\/api.w.org\/{rel}","templated":true}]}}

<p>CONTRACTE DE TEMPORADA DES DEL 15 DE SETEMBRE AL 15 DE JUNY</p>
<p>Aquest habitatge no pot constituir el domicili habitual i permanent de l&#8217;inquilí. Es requereix declaració responsable i la justificació corresponent en la qual l&#8217;inquilí exposi el motiu o necessitat de la temporalitat, el període de temps durant el qual el necessita i quin és el seu domicili habitual i permanent. L&#8217;inquilí utilitzarà la finca exclusivament amb finalitats temporals d&#8217;allotjament i en cap cas serà considerada com a habitatge habitual ni permanent de l&#8217;arrendatari ni de cap de la resta d&#8217;ocupants.</p>
<p>• Els honoraris de comercialització ca a càrrec de l&#8217;inquilí~• Es requereixen dos mesos de fiança.~• L&#8217;Impost sobre Transmissions Patrimonials (ITP) va a càrrec de l&#8217;inquilí</p>
<p>Preciós apartament en un petit grup residencial d&#8217;edificis amb piscina i zona verda. Ideal per a professors, monitors, treballs per la zona temporal on l&#8217;única cosa que s&#8217;ha portar per a viure és la maleta, ja que està totalment moblat i amb els utensilis per a entrar a viure.</p>
<p>L&#8217;habitatge es troba en Sant Salvador, barri marítim del Vendrell a escassos 300 metres de la platja, en una zona molt tranquil·la, prop de l&#8217;Auditori i del Museu Pau Casals, a menys de 5 minuts de l&#8217;autopista C-32 (Pau Casals), l&#8217;AP-7 i la N-340. Molt prop de poblacions com El Vendrell o Calafell, amb tota mena de serveis, mercats i zones comercials i a 45 minuts de Barcelona.</p>
<p>En entrar, després del rebedor, trobem un acollidor menjador amb un ampli finestral amb accés a una bonica terrassa per a prendre el fresc i poder menjar o sopar tranquil·lament. A l&#8217;altre costat del rebedor trobem, primer, la cuina, i després, un bany amb la seva dutxa i mampara. Al fons hi ha dues habitacions. Una d&#8217;elles comunica amb una altra terrassa que rep el sol de matí. Es tracta d&#8217;un habitatge totalment exterior amb llum natural durant tot el dia.</p>
<p>L&#8217;apartament està en molt bon estat, amb sòl de gres rústic, la fusteria interior de pi i l&#8217;exterior d&#8217;alumini amb trencament de pont tèrmic i doble vidre d&#8217;imitació fusta amb les seves corresponents mosquiteres. Disposa d&#8217;aire condicionat. L&#8217;aigua calenta és per termo de gas butà. També disposa d&#8217;alarma.</p>
<p>Els subministraments es cobren a part per un import de 50€ al mes.</p>
<p>Ideal per a poder gaudir durant tot l&#8217;any de les boniques platges de la costa Daurada a tres minuts de la llar! No deixis passar aquesta oportunitat! Demana una visita i veuen a veure aquest magnífic apartament.</p>
<p>S&#8217;accepten mascotes petites amb assegurança de responsabilitat civil i si hi ha algun desperfecte en l&#8217;habitatge, es farà càrrec l&#8217;inquilí.</p>
<p>Aquest immoble no es troba en una zona de mercat de lloguer tensionat. La propietat no té la consideració de gran tenidor.</p>
<p>AGENT IMMOBILIARI Núm. 6689 (AICAT).~</p>
