{"id":38425,"date":"2025-10-10T15:01:45","date_gmt":"2025-10-10T13:01:45","guid":{"rendered":"https:\/\/www.llachserra.com\/property\/local-en-plaza-boters\/"},"modified":"2026-01-20T02:04:06","modified_gmt":"2026-01-20T00:04:06","slug":"local-en-plaza-boters","status":"publish","type":"property","link":"https:\/\/www.llachserra.com\/en\/property\/local-en-plaza-boters\/","title":{"rendered":"LOCAL EN PLAZA BOTERS"},"excerpt":{"rendered":"<p>Cerques un petit espai comercial estrat\u00e8gicament situat per a iniciar o expandir el teu negoci? No busquis m\u00e9s, aquest local de 24\u202fm\u00b2 en el Poble Nou, Vilafranca del Pened\u00e8s, \u00e9s l&#8217;opci\u00f3 ideal per a tu.<\/p>\n<p>Situat en una pla\u00e7a tranquil\u00b7la i amb f\u00e0cil acc\u00e9s amb cotxe, aquest local es troba a tan sols un minut de la nova zona comercial de l&#8217;Avinguda Tarragona i a cinc minuts del centre de la vila. La seva ubicaci\u00f3 privilegiada ho converteix en l&#8217;espai perfecte per a una \u00e0mplia varietat de negocis, des d&#8217;una oficina i o despatx fins a emprenedories de diversos sectors.<\/p>\n<p>Amb una distribuci\u00f3 pr\u00e0cticament rectangular i amb bany propi, aquest local ofereix una excel\u00b7lent flexibilitat per a adaptar-se a les teves necessitats. Ja sigui que busquis un espai per a una botiga, un consultori, un estudi o qualsevol altre tipus de negoci, aquest local en Poble Nou \u00e9s l&#8217;oportunitat que has estat esperant.<\/p>\n<p>No deixis passar aquest moment d&#8217;establir-te en una ubicaci\u00f3 estrat\u00e8gica, prop de la nova zona comercial i del centre de Vilafranca del Pened\u00e8s. Contacta ara i agenda una visita per a con\u00e8ixer m\u00e9s sobre aquest espai comercial ideal per a emprenedors.<\/p>\n<p>La taxa de les brosses va a c\u00e0rrec de l&#8217;arrendatari.<\/p>\n<p>AGENT IMMOBILIARI N\u00fam. 6689 (AICAT).~Les despeses i impostos de la compravenda no estan inclosos en el preu.~<\/p>\n","protected":false},"template":"","availability":"Lloguer","property_type":"Commercial, Local comercial, Local comercial","location":"Espanya","parking":"","outside_space":"","price_qualifier":"","furnished":"","marketing_flag":"","property_feature":[],"class_list":["post-38425","type-property","status-publish","availability-let","property_type-commercial-en","property_type-commercial-es","property_type-commercial","location-espanya","ph-cols-3","property","department-residential-lettings","office-2757"],"acf":[],"department":"residential-lettings","reference_number":"L-320","address_street":"","address_two":"","address_three":"Poble nou","address_four":"Vilafranca del Penedes","address_postcode":"08720","address_country":"ES","latitude":"41.344872679","longitude":"1.699657433","price_actual":"303.82927405993","price":"350","price_formatted":"350&euro; pcm","rent_frequency":"pcm","currency":"EUR","council_tax_band":"","deposit":"","available_date":"","bedrooms":"0","bathrooms":"1","reception_rooms":"","on_market":"","featured":"","features":[],"description":"","office":{"name":"My Office","address":"","telephone_number":"","email_address":""},"negotiator":{"name":"admin","telephone_number":"","email_address":"roger@demomentsomtres.com"},"images":[],"floorplans":[],"brochures":[],"epcs":[],"virtual_tours":[],"views_total":28245,"views_last_7_days":19,"views_last_14_days":28,"views_last_30_days":63,"_links":{"self":[{"href":"https:\/\/www.llachserra.com\/en\/wp-json\/wp\/v2\/property\/38425","targetHints":{"allow":["GET"]}}],"collection":[{"href":"https:\/\/www.llachserra.com\/en\/wp-json\/wp\/v2\/property"}],"about":[{"href":"https:\/\/www.llachserra.com\/en\/wp-json\/wp\/v2\/types\/property"}],"wp:attachment":[{"href":"https:\/\/www.llachserra.com\/en\/wp-json\/wp\/v2\/media?parent=38425"}],"wp:term":[{"taxonomy":"availability","embeddable":true,"href":"https:\/\/www.llachserra.com\/en\/wp-json\/wp\/v2\/availability?post=38425"},{"taxonomy":"property_type","embeddable":true,"href":"https:\/\/www.llachserra.com\/en\/wp-json\/wp\/v2\/property_type?post=38425"},{"taxonomy":"commercial_property_type","embeddable":true,"href":"https:\/\/www.llachserra.com\/en\/wp-json\/wp\/v2\/commercial_property_type?post=38425"},{"taxonomy":"location","embeddable":true,"href":"https:\/\/www.llachserra.com\/en\/wp-json\/wp\/v2\/location?post=38425"},{"taxonomy":"parking","embeddable":true,"href":"https:\/\/www.llachserra.com\/en\/wp-json\/wp\/v2\/parking?post=38425"},{"taxonomy":"outside_space","embeddable":true,"href":"https:\/\/www.llachserra.com\/en\/wp-json\/wp\/v2\/outside_space?post=38425"},{"taxonomy":"price_qualifier","embeddable":true,"href":"https:\/\/www.llachserra.com\/en\/wp-json\/wp\/v2\/price_qualifier?post=38425"},{"taxonomy":"tenure","embeddable":true,"href":"https:\/\/www.llachserra.com\/en\/wp-json\/wp\/v2\/tenure?post=38425"},{"taxonomy":"commercial_tenure","embeddable":true,"href":"https:\/\/www.llachserra.com\/en\/wp-json\/wp\/v2\/commercial_tenure?post=38425"},{"taxonomy":"sale_by","embeddable":true,"href":"https:\/\/www.llachserra.com\/en\/wp-json\/wp\/v2\/sale_by?post=38425"},{"taxonomy":"furnished","embeddable":true,"href":"https:\/\/www.llachserra.com\/en\/wp-json\/wp\/v2\/furnished?post=38425"},{"taxonomy":"marketing_flag","embeddable":true,"href":"https:\/\/www.llachserra.com\/en\/wp-json\/wp\/v2\/marketing_flag?post=38425"},{"taxonomy":"property_feature","embeddable":true,"href":"https:\/\/www.llachserra.com\/en\/wp-json\/wp\/v2\/property_feature?post=38425"}],"curies":[{"name":"wp","href":"https:\/\/api.w.org\/{rel}","templated":true}]}}

<p>Cerques un petit espai comercial estratègicament situat per a iniciar o expandir el teu negoci? No busquis més, aquest local de 24 m² en el Poble Nou, Vilafranca del Penedès, és l&#8217;opció ideal per a tu.</p>
<p>Situat en una plaça tranquil·la i amb fàcil accés amb cotxe, aquest local es troba a tan sols un minut de la nova zona comercial de l&#8217;Avinguda Tarragona i a cinc minuts del centre de la vila. La seva ubicació privilegiada ho converteix en l&#8217;espai perfecte per a una àmplia varietat de negocis, des d&#8217;una oficina i o despatx fins a emprenedories de diversos sectors.</p>
<p>Amb una distribució pràcticament rectangular i amb bany propi, aquest local ofereix una excel·lent flexibilitat per a adaptar-se a les teves necessitats. Ja sigui que busquis un espai per a una botiga, un consultori, un estudi o qualsevol altre tipus de negoci, aquest local en Poble Nou és l&#8217;oportunitat que has estat esperant.</p>
<p>No deixis passar aquest moment d&#8217;establir-te en una ubicació estratègica, prop de la nova zona comercial i del centre de Vilafranca del Penedès. Contacta ara i agenda una visita per a conèixer més sobre aquest espai comercial ideal per a emprenedors.</p>
<p>La taxa de les brosses va a càrrec de l&#8217;arrendatari.</p>
<p>AGENT IMMOBILIARI Núm. 6689 (AICAT).~Les despeses i impostos de la compravenda no estan inclosos en el preu.~</p>
